206.74.73.63 - - [01/Mar/2007:17:29:22 -0800] "GET /images/rooms.png HTTP/1.1" 200 447 "http://www.casitamontana.com/rooms.html" "Mozilla/4.0 (compatible; MSIE 7.0; Windows NT 5.1; .NET CLR 1.0.3705)"
206.74.73.63 - - [01/Mar/2007:17:29:26 -0800] "GET /images/testimonials.png HTTP/1.1" 200 6611 "http://www.casitamontana.com/rooms.html" "Mozilla/4.0 (compatible; MSIE 7.0; Windows NT 5.1; .NET CLR 1.0.3705)"
206.74.73.63 - - [01/Mar/2007:17:29:27 -0800] "GET /images/reservations.png HTTP/1.1" 200 520 "http://www.casitamontana.com/rooms.html" "Mozilla/4.0 (compatible; MSIE 7.0; Windows NT 5.1; .NET CLR 1.0.3705)"
206.74.73.63 - - [01/Mar/2007:17:29:28 -0800] "GET /images/maps.png HTTP/1.1" 200 439 "http://www.casitamontana.com/rooms.html" "Mozilla/4.0 (compatible; MSIE 7.0; Windows NT 5.1; .NET CLR 1.0.3705)"
206.74.73.63 - - [01/Mar/2007:17:29:29 -0800] "GET /images/contact.png HTTP/1.1" 200 493 "http://www.casitamontana.com/rooms.html" "Mozilla/4.0 (compatible; MSIE 7.0; Windows NT 5.1; .NET CLR 1.0.3705)"
206.74.73.63 - - [01/Mar/2007:17:29:30 -0800] "GET /images/about.png HTTP/1.1" 200 471 "http://www.casitamontana.com/rooms.html" "Mozilla/4.0 (compatible; MSIE 7.0; Windows NT 5.1; .NET CLR 1.0.3705)"
206.74.73.63 - - [01/Mar/2007:17:29:30 -0800] "GET /images/privacy.png HTTP/1.1" 200 457 "http://www.casitamontana.com/rooms.html" "Mozilla/4.0 (compatible; MSIE 7.0; Windows NT 5.1; .NET CLR 1.0.3705)"
206.74.73.63 - - [01/Mar/2007:17:29:30 -0800] "GET /images/buffet.jpg HTTP/1.1" 200 44272 "http://www.casitamontana.com/rooms.html" "Mozilla/4.0 (compatible; MSIE 7.0; Windows NT 5.1; .NET CLR 1.0.3705)"
206.74.73.63 - - [01/Mar/2007:17:29:30 -0800] "GET /images/breakfastroom.jpg HTTP/1.1" 200 59357 "http://www.casitamontana.com/rooms.html" "Mozilla/4.0 (compatible; MSIE 7.0; Windows NT 5.1; .NET CLR 1.0.3705)"
206.74.73.63 - - [01/Mar/2007:17:29:36 -0800] "GET /images/fireplace.jpg HTTP/1.1" 200 27997 "http://www.casitamontana.com/rooms.html" "Mozilla/4.0 (compatible; MSIE 7.0; Windows NT 5.1; .NET CLR 1.0.3705)"
206.74.73.63 - - [01/Mar/2007:17:29:36 -0800] "GET /images/livingroom.jpg HTTP/1.1" 200 46925 "http://www.casitamontana.com/rooms.html" "Mozilla/4.0 (compatible; MSIE 7.0; Windows NT 5.1; .NET CLR 1.0.3705)"
206.74.73.63 - - [01/Mar/2007:17:29:39 -0800] "GET /images/diningroom.jpg HTTP/1.1" 200 33898 "http://www.casitamontana.com/rooms.html" "Mozilla/4.0 (compatible; MSIE 7.0; Windows NT 5.1; .NET CLR 1.0.3705)"
206.74.73.63 - - [01/Mar/2007:17:29:43 -0800] "GET /images/bedroom1.jpg HTTP/1.1" 200 48743 "http://www.casitamontana.com/rooms.html" "Mozilla/4.0 (compatible; MSIE 7.0; Windows NT 5.1; .NET CLR 1.0.3705)"
206.74.73.63 - - [01/Mar/2007:17:29:43 -0800] "GET /images/bedroom2.jpg HTTP/1.1" 200 36177 "http://www.casitamontana.com/rooms.html" "Mozilla/4.0 (compatible; MSIE 7.0; Windows NT 5.1; .NET CLR 1.0.3705)"
206.74.73.63 - - [01/Mar/2007:17:29:48 -0800] "GET /images/bedroom3.jpg HTTP/1.1" 200 46384 "http://www.casitamontana.com/rooms.html" "Mozilla/4.0 (compatible; MSIE 7.0; Windows NT 5.1; .NET CLR 1.0.3705)"
206.74.73.63 - - [01/Mar/2007:17:29:55 -0800] "GET /favicon.ico HTTP/1.1" 404 275 "-" "Mozilla/4.0 (compatible; MSIE 7.0; Windows NT 5.1; .NET CLR 1.0.3705)"
65.30.130.153 - - [01/Mar/2007:17:37:32 -0800] "GET /rooms.html HTTP/1.0" 200 4005 "http://mexconnected.com/amex/PlazaMontanaBBindex_files/PlazaMontanaBBindex.htm" "Mozilla/4.0 (compatible; MSIE 7.0; Windows NT 5.1; .NET CLR 1.1.4322)"
65.30.130.153 - - [01/Mar/2007:17:37:32 -0800] "GET /css/style.css HTTP/1.0" 200 515 "http://www.casitamontana.com/rooms.html" "Mozilla/4.0 (compatible; MSIE 7.0; Windows NT 5.1; .NET CLR 1.1.4322)"
65.30.130.153 - - [01/Mar/2007:17:37:32 -0800] "GET /images/header.jpg HTTP/1.0" 200 126755 "http://www.casitamontana.com/rooms.html" "Mozilla/4.0 (compatible; MSIE 7.0; Windows NT 5.1; .NET CLR 1.1.4322)"
65.30.130.153 - - [01/Mar/2007:17:37:33 -0800] "GET /images/home.png HTTP/1.0" 200 428 "http://www.casitamontana.com/rooms.html" "Mozilla/4.0 (compatible; MSIE 7.0; Windows NT 5.1; .NET CLR 1.1.4322)"
65.30.130.153 - - [01/Mar/2007:17:37:33 -0800] "GET /images/rooms.png HTTP/1.0" 200 447 "http://www.casitamontana.com/rooms.html" "Mozilla/4.0 (compatible; MSIE 7.0; Windows NT 5.1; .NET CLR 1.1.4322)"
65.30.130.153 - - [01/Mar/2007:17:37:33 -0800] "GET /images/testimonials.png HTTP/1.0" 200 6611 "http://www.casitamontana.com/rooms.html" "Mozilla/4.0 (compatible; MSIE 7.0; Windows NT 5.1; .NET CLR 1.1.4322)"
65.30.130.153 - - [01/Mar/2007:17:37:33 -0800] "GET /images/reservations.png HTTP/1.0" 200 520 "http://www.casitamontana.com/rooms.html" "Mozilla/4.0 (compatible; MSIE 7.0; Windows NT 5.1; .NET CLR 1.1.4322)"
65.30.130.153 - - [01/Mar/2007:17:37:33 -0800] "GET /images/maps.png HTTP/1.0" 200 439 "http://www.casitamontana.com/rooms.html" "Mozilla/4.0 (compatible; MSIE 7.0; Windows NT 5.1; .NET CLR 1.1.4322)"
65.30.130.153 - - [01/Mar/2007:17:37:33 -0800] "GET /images/contact.png HTTP/1.0" 200 493 "http://www.casitamontana.com/rooms.html" "Mozilla/4.0 (compatible; MSIE 7.0; Windows NT 5.1; .NET CLR 1.1.4322)"
65.30.130.153 - - [01/Mar/2007:17:37:33 -0800] "GET /images/about.png HTTP/1.0" 200 471 "http://www.casitamontana.com/rooms.html" "Mozilla/4.0 (compatible; MSIE 7.0; Windows NT 5.1; .NET CLR 1.1.4322)"
65.30.130.153 - - [01/Mar/2007:17:37:33 -0800] "GET /images/privacy.png HTTP/1.0" 200 457 "http://www.casitamontana.com/rooms.html" "Mozilla/4.0 (compatible; MSIE 7.0; Windows NT 5.1; .NET CLR 1.1.4322)"
65.30.130.153 - - [01/Mar/2007:17:37:33 -0800] "GET /images/buffet.jpg HTTP/1.0" 200 44272 "http://www.casitamontana.com/rooms.html" "Mozilla/4.0 (compatible; MSIE 7.0; Windows NT 5.1; .NET CLR 1.1.4322)"
65.30.130.153 - - [01/Mar/2007:17:37:33 -0800] "GET /images/breakfastroom.jpg HTTP/1.0" 200 59357 "http://www.casitamontana.com/rooms.html" "Mozilla/4.0 (compatible; MSIE 7.0; Windows NT 5.1; .NET CLR 1.1.4322)"
65.30.130.153 - - [01/Mar/2007:17:37:34 -0800] "GET /images/fireplace.jpg HTTP/1.0" 200 27997 "http://www.casitamontana.com/rooms.html" "Mozilla/4.0 (compatible; MSIE 7.0; Windows NT 5.1; .NET CLR 1.1.4322)"
65.30.130.153 - - [01/Mar/2007:17:37:34 -0800] "GET /images/livingroom.jpg HTTP/1.0" 200 46925 "http://www.casitamontana.com/rooms.html" "Mozilla/4.0 (compatible; MSIE 7.0; Windows NT 5.1; .NET CLR 1.1.4322)"
65.30.130.153 - - [01/Mar/2007:17:37:34 -0800] "GET /images/diningroom.jpg HTTP/1.0" 200 33898 "http://www.casitamontana.com/rooms.html" "Mozilla/4.0 (compatible; MSIE 7.0; Windows NT 5.1; .NET CLR 1.1.4322)"
65.30.130.153 - - [01/Mar/2007:17:37:34 -0800] "GET /images/bedroom1.jpg HTTP/1.0" 200 48743 "http://www.casitamontana.com/rooms.html" "Mozilla/4.0 (compatible; MSIE 7.0; Windows NT 5.1; .NET CLR 1.1.4322)"
65.30.130.153 - - [01/Mar/2007:17:37:34 -0800] "GET /images/bedroom2.jpg HTTP/1.0" 200 36177 "http://www.casitamontana.com/rooms.html" "Mozilla/4.0 (compatible; MSIE 7.0; Windows NT 5.1; .NET CLR 1.1.4322)"
65.30.130.153 - - [01/Mar/2007:17:37:34 -0800] "GET /images/bedroom3.jpg HTTP/1.0" 200 46384 "http://www.casitamontana.com/rooms.html" "Mozilla/4.0 (compatible; MSIE 7.0; Windows NT 5.1; .NET CLR 1.1.4322)"
65.30.130.153 - - [01/Mar/2007:17:37:35 -0800] "GET /favicon.ico HTTP/1.0" 404 275 "-" "Mozilla/4.0 (compatible; MSIE 7.0; Windows NT 5.1; .NET CLR 1.1.4322)"
205.188.117.68 - - [01/Mar/2007:17:50:59 -0800] "GET / HTTP/1.1" 200 3915 "http://www.mexconnect.com/mex_/lkchapacc.html" "Mozilla/4.0 (compatible; MSIE 5.5; AOL 9.0; Windows 98; Win 9x 4.90; Q312461; .NET CLR 2.0.50727)"
205.188.116.13 - - [01/Mar/2007:17:51:00 -0800] "HEAD /images/contact.png HTTP/1.1" 200 0 "-" "-"
205.188.116.136 - - [01/Mar/2007:17:50:59 -0800] "HEAD /images/privacy.png HTTP/1.1" 200 0 "-" "-"
205.188.116.202 - - [01/Mar/2007:17:51:00 -0800] "HEAD /images/reservations.png HTTP/1.1" 200 0 "-" "-"
205.188.117.10 - - [01/Mar/2007:17:52:31 -0800] "HEAD /images/home.png HTTP/1.1" 200 0 "-" "-"
205.188.117.7 - - [01/Mar/2007:17:50:58 -0800] "HEAD /images/testimonials.png HTTP/1.1" 200 0 "-" "-"
205.188.117.10 - - [01/Mar/2007:17:51:13 -0800] "HEAD /images/header.jpg HTTP/1.1" 200 0 "-" "-"
205.188.116.204 - - [01/Mar/2007:17:51:10 -0800] "HEAD /images/about.png HTTP/1.1" 200 0 "-" "-"
205.188.117.9 - - [01/Mar/2007:17:50:58 -0800] "HEAD /images/maps.png HTTP/1.1" 200 0 "-" "-"
205.188.116.5 - - [01/Mar/2007:17:50:59 -0800] "HEAD /images/rooms.png HTTP/1.1" 200 0 "-" "-"
205.188.116.133 - - [01/Mar/2007:17:50:59 -0800] "GET /css/style.css HTTP/1.1" 200 515 "http://www.casitamontana.com/" "Mozilla/4.0 (compatible; MSIE 5.5; AOL 9.0; Windows 98; Win 9x 4.90; Q312461; .NET CLR 2.0.50727)"
205.188.116.5 - - [01/Mar/2007:17:51:00 -0800] "GET /images/rooms.png HTTP/1.1" 200 447 "http://www.casitamontana.com/" "Mozilla/4.0 (compatible; MSIE 5.5; AOL 9.0; Windows 98; Win 9x 4.90; Q312461; .NET CLR 2.0.50727)"
205.188.117.7 - - [01/Mar/2007:17:50:59 -0800] "GET /images/testimonials.png HTTP/1.1" 200 6611 "http://www.casitamontana.com/" "Mozilla/4.0 (compatible; MSIE 5.5; AOL 9.0; Windows 98; Win 9x 4.90; Q312461; .NET CLR 2.0.50727)"
205.188.117.10 - - [01/Mar/2007:17:50:59 -0800] "GET /images/header.jpg HTTP/1.1" 200 126755 "http://www.casitamontana.com/" "Mozilla/4.0 (compatible; MSIE 5.5; AOL 9.0; Windows 98; Win 9x 4.90; Q312461; .NET CLR 2.0.50727)"
205.188.117.9 - - [01/Mar/2007:17:50:57 -0800] "GET /images/maps.png HTTP/1.1" 200 439 "http://www.casitamontana.com/" "Mozilla/4.0 (compatible; MSIE 5.5; AOL 9.0; Windows 98; Win 9x 4.90; Q312461; .NET CLR 2.0.50727)"
205.188.116.202 - - [01/Mar/2007:17:50:59 -0800] "GET /images/reservations.png HTTP/1.1" 200 520 "http://www.casitamontana.com/" "Mozilla/4.0 (compatible; MSIE 5.5; AOL 9.0; Windows 98; Win 9x 4.90; Q312461; .NET CLR 2.0.50727)"
205.188.116.13 - - [01/Mar/2007:17:50:57 -0800] "GET /images/contact.png HTTP/1.1" 200 493 "http://www.casitamontana.com/" "Mozilla/4.0 (compatible; MSIE 5.5; AOL 9.0; Windows 98; Win 9x 4.90; Q312461; .NET CLR 2.0.50727)"
205.188.116.204 - - [01/Mar/2007:17:51:01 -0800] "GET /images/about.png HTTP/1.1" 200 471 "http://www.casitamontana.com/" "Mozilla/4.0 (compatible; MSIE 5.5; AOL 9.0; Windows 98; Win 9x 4.90; Q312461; .NET CLR 2.0.50727)"
205.188.116.136 - - [01/Mar/2007:17:50:57 -0800] "GET /images/privacy.png HTTP/1.1" 200 457 "http://www.casitamontana.com/" "Mozilla/4.0 (compatible; MSIE 5.5; AOL 9.0; Windows 98; Win 9x 4.90; Q312461; .NET CLR 2.0.50727)"
205.188.117.10 - - [01/Mar/2007:17:50:57 -0800] "GET /images/home.png HTTP/1.1" 200 428 "http://www.casitamontana.com/" "Mozilla/4.0 (compatible; MSIE 5.5; AOL 9.0; Windows 98; Win 9x 4.90; Q312461; .NET CLR 2.0.50727)"
205.188.117.10 - - [01/Mar/2007:17:51:21 -0800] "GET /rooms.html HTTP/1.1" 200 4005 "http://www.casitamontana.com/" "Mozilla/4.0 (compatible; MSIE 5.5; AOL 9.0; Windows 98; Win 9x 4.90; Q312461; .NET CLR 2.0.50727)"
205.188.116.204 - - [01/Mar/2007:17:52:42 -0800] "HEAD /images/about.png HTTP/1.1" 200 0 "-" "-"
205.188.116.13 - - [01/Mar/2007:17:52:42 -0800] "HEAD /images/contact.png HTTP/1.1" 200 0 "-" "-"
205.188.117.10 - - [01/Mar/2007:17:51:10 -0800] "HEAD /images/header.jpg HTTP/1.1" 200 0 "-" "-"
205.188.117.66 - - [01/Mar/2007:17:52:42 -0800] "HEAD /images/bedroom3.jpg HTTP/1.1" 200 0 "-" "-"
205.188.117.13 - - [01/Mar/2007:17:51:09 -0800] "HEAD /images/breakfastroom.jpg HTTP/1.1" 200 0 "-" "-"
205.188.117.65 - - [01/Mar/2007:17:51:09 -0800] "HEAD /images/livingroom.jpg HTTP/1.1" 200 0 "-" "-"
205.188.117.65 - - [01/Mar/2007:17:51:09 -0800] "HEAD /images/bedroom2.jpg HTTP/1.1" 200 0 "-" "-"
205.188.116.136 - - [01/Mar/2007:17:52:42 -0800] "HEAD /images/privacy.png HTTP/1.1" 200 0 "-" "-"
205.188.117.7 - - [01/Mar/2007:17:51:10 -0800] "HEAD /images/testimonials.png HTTP/1.1" 200 0 "-" "-"
205.188.117.14 - - [01/Mar/2007:17:52:42 -0800] "HEAD /images/bedroom1.jpg HTTP/1.1" 200 0 "-" "-"
205.188.116.5 - - [01/Mar/2007:17:51:07 -0800] "HEAD /images/rooms.png HTTP/1.1" 200 0 "-" "-"
205.188.117.9 - - [01/Mar/2007:17:51:09 -0800] "HEAD /images/maps.png HTTP/1.1" 200 0 "-" "-"
205.188.116.202 - - [01/Mar/2007:17:51:09 -0800] "HEAD /images/reservations.png HTTP/1.1" 200 0 "-" "-"
205.188.117.10 - - [01/Mar/2007:17:51:09 -0800] "HEAD /images/home.png HTTP/1.1" 200 0 "-" "-"
205.188.116.199 - - [01/Mar/2007:17:51:10 -0800] "HEAD /images/diningroom.jpg HTTP/1.1" 200 0 "-" "-"
205.188.116.70 - - [01/Mar/2007:17:51:10 -0800] "HEAD /images/fireplace.jpg HTTP/1.1" 200 0 "-" "-"
205.188.116.67 - - [01/Mar/2007:17:52:42 -0800] "HEAD /images/buffet.jpg HTTP/1.1" 200 0 "-" "-"
205.188.116.133 - - [01/Mar/2007:17:51:10 -0800] "GET /css/style.css HTTP/1.1" 200 515 "http://www.casitamontana.com/rooms.html" "Mozilla/4.0 (compatible; MSIE 5.5; AOL 9.0; Windows 98; Win 9x 4.90; Q312461; .NET CLR 2.0.50727)"
205.188.116.5 - - [01/Mar/2007:17:51:22 -0800] "GET /images/rooms.png HTTP/1.1" 200 447 "http://www.casitamontana.com/rooms.html" "Mozilla/4.0 (compatible; MSIE 5.5; AOL 9.0; Windows 98; Win 9x 4.90; Q312461; .NET CLR 2.0.50727)"
205.188.117.10 - - [01/Mar/2007:17:52:42 -0800] "GET /images/home.png HTTP/1.1" 200 428 "http://www.casitamontana.com/rooms.html" "Mozilla/4.0 (compatible; MSIE 5.5; AOL 9.0; Windows 98; Win 9x 4.90; Q312461; .NET CLR 2.0.50727)"
205.188.117.10 - - [01/Mar/2007:17:51:10 -0800] "GET /images/header.jpg HTTP/1.1" 200 126755 "http://www.casitamontana.com/rooms.html" "Mozilla/4.0 (compatible; MSIE 5.5; AOL 9.0; Windows 98; Win 9x 4.90; Q312461; .NET CLR 2.0.50727)"
205.188.117.9 - - [01/Mar/2007:17:52:43 -0800] "GET /images/maps.png HTTP/1.1" 200 439 "http://www.casitamontana.com/rooms.html" "Mozilla/4.0 (compatible; MSIE 5.5; AOL 9.0; Windows 98; Win 9x 4.90; Q312461; .NET CLR 2.0.50727)"
205.188.116.13 - - [01/Mar/2007:17:51:11 -0800] "GET /images/contact.png HTTP/1.1" 200 493 "http://www.casitamontana.com/rooms.html" "Mozilla/4.0 (compatible; MSIE 5.5; AOL 9.0; Windows 98; Win 9x 4.90; Q312461; .NET CLR 2.0.50727)"
205.188.117.7 - - [01/Mar/2007:17:51:11 -0800] "GET /images/testimonials.png HTTP/1.1" 200 6611 "http://www.casitamontana.com/rooms.html" "Mozilla/4.0 (compatible; MSIE 5.5; AOL 9.0; Windows 98; Win 9x 4.90; Q312461; .NET CLR 2.0.50727)"
205.188.116.202 - - [01/Mar/2007:17:51:10 -0800] "GET /images/reservations.png HTTP/1.1" 200 520 "http://www.casitamontana.com/rooms.html" "Mozilla/4.0 (compatible; MSIE 5.5; AOL 9.0; Windows 98; Win 9x 4.90; Q312461; .NET CLR 2.0.50727)"
205.188.116.204 - - [01/Mar/2007:17:51:10 -0800] "GET /images/about.png HTTP/1.1" 200 471 "http://www.casitamontana.com/rooms.html" "Mozilla/4.0 (compatible; MSIE 5.5; AOL 9.0; Windows 98; Win 9x 4.90; Q312461; .NET CLR 2.0.50727)"
205.188.116.136 - - [01/Mar/2007:17:51:10 -0800] "GET /images/privacy.png HTTP/1.1" 200 457 "http://www.casitamontana.com/rooms.html" "Mozilla/4.0 (compatible; MSIE 5.5; AOL 9.0; Windows 98; Win 9x 4.90; Q312461; .NET CLR 2.0.50727)"
205.188.116.70 - - [01/Mar/2007:17:51:10 -0800] "GET /images/fireplace.jpg HTTP/1.1" 200 27997 "http://www.casitamontana.com/rooms.html" "Mozilla/4.0 (compatible; MSIE 5.5; AOL 9.0; Windows 98; Win 9x 4.90; Q312461; .NET CLR 2.0.50727)"
205.188.116.199 - - [01/Mar/2007:17:51:12 -0800] "GET /images/diningroom.jpg HTTP/1.1" 200 33898 "http://www.casitamontana.com/rooms.html" "Mozilla/4.0 (compatible; MSIE 5.5; AOL 9.0; Windows 98; Win 9x 4.90; Q312461; .NET CLR 2.0.50727)"
205.188.117.65 - - [01/Mar/2007:17:51:11 -0800] "GET /images/livingroom.jpg HTTP/1.1" 200 46925 "http://www.casitamontana.com/rooms.html" "Mozilla/4.0 (compatible; MSIE 5.5; AOL 9.0; Windows 98; Win 9x 4.90; Q312461; .NET CLR 2.0.50727)"
205.188.117.14 - - [01/Mar/2007:17:51:25 -0800] "GET /images/bedroom1.jpg HTTP/1.1" 200 48743 "http://www.casitamontana.com/rooms.html" "Mozilla/4.0 (compatible; MSIE 5.5; AOL 9.0; Windows 98; Win 9x 4.90; Q312461; .NET CLR 2.0.50727)"
205.188.117.65 - - [01/Mar/2007:17:51:23 -0800] "GET /images/bedroom2.jpg HTTP/1.1" 200 36177 "http://www.casitamontana.com/rooms.html" "Mozilla/4.0 (compatible; MSIE 5.5; AOL 9.0; Windows 98; Win 9x 4.90; Q312461; .NET CLR 2.0.50727)"
205.188.116.67 - - [01/Mar/2007:17:51:12 -0800] "GET /images/buffet.jpg HTTP/1.1" 200 44272 "http://www.casitamontana.com/rooms.html" "Mozilla/4.0 (compatible; MSIE 5.5; AOL 9.0; Windows 98; Win 9x 4.90; Q312461; .NET CLR 2.0.50727)"
205.188.117.13 - - [01/Mar/2007:17:51:12 -0800] "GET /images/breakfastroom.jpg HTTP/1.1" 200 59357 "http://www.casitamontana.com/rooms.html" "Mozilla/4.0 (compatible; MSIE 5.5; AOL 9.0; Windows 98; Win 9x 4.90; Q312461; .NET CLR 2.0.50727)"
205.188.117.66 - - [01/Mar/2007:17:51:10 -0800] "GET /images/bedroom3.jpg HTTP/1.1" 200 46384 "http://www.casitamontana.com/rooms.html" "Mozilla/4.0 (compatible; MSIE 5.5; AOL 9.0; Windows 98; Win 9x 4.90; Q312461; .NET CLR 2.0.50727)"
205.188.117.10 - - [01/Mar/2007:17:51:53 -0800] "GET /rooms.html HTTP/1.1" 200 4005 "http://www.casitamontana.com/" "Mozilla/4.0 (compatible; MSIE 5.5; AOL 9.0; Windows 98; Win 9x 4.90; Q312461; .NET CLR 2.0.50727)"
205.188.116.199 - - [01/Mar/2007:17:51:37 -0800] "HEAD /images/diningroom.jpg HTTP/1.1" 200 0 "-" "-"
205.188.116.5 - - [01/Mar/2007:17:51:39 -0800] "HEAD /images/rooms.png HTTP/1.1" 200 0 "-" "-"
205.188.116.202 - - [01/Mar/2007:17:51:39 -0800] "HEAD /images/reservations.png HTTP/1.1" 200 0 "-" "-"
205.188.116.204 - - [01/Mar/2007:17:51:39 -0800] "HEAD /images/about.png HTTP/1.1" 200 0 "-" "-"
205.188.117.9 - - [01/Mar/2007:17:51:39 -0800] "HEAD /images/maps.png HTTP/1.1" 200 0 "-" "-"
205.188.116.136 - - [01/Mar/2007:17:51:40 -0800] "HEAD /images/privacy.png HTTP/1.1" 200 0 "-" "-"
205.188.117.66 - - [01/Mar/2007:17:51:40 -0800] "HEAD /images/bedroom3.jpg HTTP/1.1" 200 0 "-" "-"
205.188.117.7 - - [01/Mar/2007:17:51:51 -0800] "HEAD /images/testimonials.png HTTP/1.1" 200 0 "-" "-"
205.188.117.10 - - [01/Mar/2007:17:51:37 -0800] "HEAD /images/home.png HTTP/1.1" 200 0 "-" "-"
205.188.117.10 - - [01/Mar/2007:17:51:39 -0800] "HEAD /images/header.jpg HTTP/1.1" 200 0 "-" "-"
205.188.117.65 - - [01/Mar/2007:17:51:39 -0800] "HEAD /images/livingroom.jpg HTTP/1.1" 200 0 "-" "-"
205.188.117.65 - - [01/Mar/2007:17:51:37 -0800] "HEAD /images/bedroom2.jpg HTTP/1.1" 200 0 "-" "-"
205.188.116.67 - - [01/Mar/2007:17:51:39 -0800] "HEAD /images/buffet.jpg HTTP/1.1" 200 0 "-" "-"
205.188.117.14 - - [01/Mar/2007:17:51:40 -0800] "HEAD /images/bedroom1.jpg HTTP/1.1" 200 0 "-" "-"
205.188.117.13 - - [01/Mar/2007:17:51:39 -0800] "HEAD /images/breakfastroom.jpg HTTP/1.1" 200 0 "-" "-"
205.188.116.70 - - [01/Mar/2007:17:51:51 -0800] "HEAD /images/fireplace.jpg HTTP/1.1" 200 0 "-" "-"
205.188.116.13 - - [01/Mar/2007:17:51:39 -0800] "HEAD /images/contact.png HTTP/1.1" 200 0 "-" "-"
205.188.117.7 - - [01/Mar/2007:17:51:37 -0800] "GET /images/testimonials.png HTTP/1.1" 200 6611 "http://www.casitamontana.com/rooms.html" "Mozilla/4.0 (compatible; MSIE 5.5; AOL 9.0; Windows 98; Win 9x 4.90; Q312461; .NET CLR 2.0.50727)"
205.188.116.133 - - [01/Mar/2007:17:51:38 -0800] "GET /css/style.css HTTP/1.1" 200 515 "http://www.casitamontana.com/rooms.html" "Mozilla/4.0 (compatible; MSIE 5.5; AOL 9.0; Windows 98; Win 9x 4.90; Q312461; .NET CLR 2.0.50727)"
205.188.117.10 - - [01/Mar/2007:17:51:52 -0800] "GET /images/home.png HTTP/1.1" 200 428 "http://www.casitamontana.com/rooms.html" "Mozilla/4.0 (compatible; MSIE 5.5; AOL 9.0; Windows 98; Win 9x 4.90; Q312461; .NET CLR 2.0.50727)"
205.188.117.10 - - [01/Mar/2007:17:51:40 -0800] "GET /images/header.jpg HTTP/1.1" 200 126755 "http://www.casitamontana.com/rooms.html" "Mozilla/4.0 (compatible; MSIE 5.5; AOL 9.0; Windows 98; Win 9x 4.90; Q312461; .NET CLR 2.0.50727)"
205.188.116.202 - - [01/Mar/2007:17:51:41 -0800] "GET /images/reservations.png HTTP/1.1" 200 520 "http://www.casitamontana.com/rooms.html" "Mozilla/4.0 (compatible; MSIE 5.5; AOL 9.0; Windows 98; Win 9x 4.90; Q312461; .NET CLR 2.0.50727)"
205.188.116.204 - - [01/Mar/2007:17:51:40 -0800] "GET /images/about.png HTTP/1.1" 200 471 "http://www.casitamontana.com/rooms.html" "Mozilla/4.0 (compatible; MSIE 5.5; AOL 9.0; Windows 98; Win 9x 4.90; Q312461; .NET CLR 2.0.50727)"
205.188.116.5 - - [01/Mar/2007:17:51:40 -0800] "GET /images/rooms.png HTTP/1.1" 200 447 "http://www.casitamontana.com/rooms.html" "Mozilla/4.0 (compatible; MSIE 5.5; AOL 9.0; Windows 98; Win 9x 4.90; Q312461; .NET CLR 2.0.50727)"
205.188.116.136 - - [01/Mar/2007:17:51:40 -0800] "GET /images/privacy.png HTTP/1.1" 200 457 "http://www.casitamontana.com/rooms.html" "Mozilla/4.0 (compatible; MSIE 5.5; AOL 9.0; Windows 98; Win 9x 4.90; Q312461; .NET CLR 2.0.50727)"
205.188.116.67 - - [01/Mar/2007:17:51:42 -0800] "GET /images/buffet.jpg HTTP/1.1" 200 44272 "http://www.casitamontana.com/rooms.html" "Mozilla/4.0 (compatible; MSIE 5.5; AOL 9.0; Windows 98; Win 9x 4.90; Q312461; .NET CLR 2.0.50727)"
205.188.117.13 - - [01/Mar/2007:17:51:38 -0800] "GET /images/breakfastroom.jpg HTTP/1.1" 200 59357 "http://www.casitamontana.com/rooms.html" "Mozilla/4.0 (compatible; MSIE 5.5; AOL 9.0; Windows 98; Win 9x 4.90; Q312461; .NET CLR 2.0.50727)"
205.188.117.9 - - [01/Mar/2007:17:51:52 -0800] "GET /images/maps.png HTTP/1.1" 200 439 "http://www.casitamontana.com/rooms.html" "Mozilla/4.0 (compatible; MSIE 5.5; AOL 9.0; Windows 98; Win 9x 4.90; Q312461; .NET CLR 2.0.50727)"
205.188.116.70 - - [01/Mar/2007:17:53:13 -0800] "GET /images/fireplace.jpg HTTP/1.1" 200 27997 "http://www.casitamontana.com/rooms.html" "Mozilla/4.0 (compatible; MSIE 5.5; AOL 9.0; Windows 98; Win 9x 4.90; Q312461; .NET CLR 2.0.50727)"
205.188.116.13 - - [01/Mar/2007:17:51:41 -0800] "GET /images/contact.png HTTP/1.1" 200 493 "http://www.casitamontana.com/rooms.html" "Mozilla/4.0 (compatible; MSIE 5.5; AOL 9.0; Windows 98; Win 9x 4.90; Q312461; .NET CLR 2.0.50727)"
205.188.117.65 - - [01/Mar/2007:17:51:42 -0800] "GET /images/livingroom.jpg HTTP/1.1" 200 46925 "http://www.casitamontana.com/rooms.html" "Mozilla/4.0 (compatible; MSIE 5.5; AOL 9.0; Windows 98; Win 9x 4.90; Q312461; .NET CLR 2.0.50727)"
205.188.117.66 - - [01/Mar/2007:17:51:41 -0800] "GET /images/bedroom3.jpg HTTP/1.1" 200 46384 "http://www.casitamontana.com/rooms.html" "Mozilla/4.0 (compatible; MSIE 5.5; AOL 9.0; Windows 98; Win 9x 4.90; Q312461; .NET CLR 2.0.50727)"
205.188.117.65 - - [01/Mar/2007:17:51:56 -0800] "GET /images/bedroom2.jpg HTTP/1.1" 200 36177 "http://www.casitamontana.com/rooms.html" "Mozilla/4.0 (compatible; MSIE 5.5; AOL 9.0; Windows 98; Win 9x 4.90; Q312461; .NET CLR 2.0.50727)"
205.188.117.14 - - [01/Mar/2007:17:51:42 -0800] "GET /images/bedroom1.jpg HTTP/1.1" 200 48743 "http://www.casitamontana.com/rooms.html" "Mozilla/4.0 (compatible; MSIE 5.5; AOL 9.0; Windows 98; Win 9x 4.90; Q312461; .NET CLR 2.0.50727)"
205.188.116.199 - - [01/Mar/2007:17:51:42 -0800] "GET /images/diningroom.jpg HTTP/1.1" 200 33898 "http://www.casitamontana.com/rooms.html" "Mozilla/4.0 (compatible; MSIE 5.5; AOL 9.0; Windows 98; Win 9x 4.90; Q312461; .NET CLR 2.0.50727)"
68.229.39.47 - - [01/Mar/2007:19:22:21 -0800] "GET / HTTP/1.1" 200 3915 "-" "Mozilla/4.0 (compatible; MSIE 6.0; Windows NT 5.1; .NET CLR 1.0.3705)"
68.229.39.47 - - [01/Mar/2007:19:22:22 -0800] "GET /css/style.css HTTP/1.1" 200 515 "http://www.casitamontana.com/" "Mozilla/4.0 (compatible; MSIE 6.0; Windows NT 5.1; .NET CLR 1.0.3705)"
68.229.39.47 - - [01/Mar/2007:19:22:22 -0800] "GET /images/header.jpg HTTP/1.1" 200 126755 "http://www.casitamontana.com/" "Mozilla/4.0 (compatible; MSIE 6.0; Windows NT 5.1; .NET CLR 1.0.3705)"
68.229.39.47 - - [01/Mar/2007:19:22:22 -0800] "GET /images/home.png HTTP/1.1" 200 428 "http://www.casitamontana.com/" "Mozilla/4.0 (compatible; MSIE 6.0; Windows NT 5.1; .NET CLR 1.0.3705)"
68.229.39.47 - - [01/Mar/2007:19:22:22 -0800] "GET /images/reservations.png HTTP/1.1" 200 520 "http://www.casitamontana.com/" "Mozilla/4.0 (compatible; MSIE 6.0; Windows NT 5.1; .NET CLR 1.0.3705)"
68.229.39.47 - - [01/Mar/2007:19:22:23 -0800] "GET /images/testimonials.png HTTP/1.1" 200 6611 "http://www.casitamontana.com/" "Mozilla/4.0 (compatible; MSIE 6.0; Windows NT 5.1; .NET CLR 1.0.3705)"
68.229.39.47 - - [01/Mar/2007:19:22:23 -0800] "GET /images/rooms.png HTTP/1.1" 200 447 "http://www.casitamontana.com/" "Mozilla/4.0 (compatible; MSIE 6.0; Windows NT 5.1; .NET CLR 1.0.3705)"
68.229.39.47 - - [01/Mar/2007:19:22:23 -0800] "GET /images/contact.png HTTP/1.1" 200 493 "http://www.casitamontana.com/" "Mozilla/4.0 (compatible; MSIE 6.0; Windows NT 5.1; .NET CLR 1.0.3705)"
68.229.39.47 - - [01/Mar/2007:19:22:23 -0800] "GET /images/maps.png HTTP/1.1" 200 439 "http://www.casitamontana.com/" "Mozilla/4.0 (compatible; MSIE 6.0; Windows NT 5.1; .NET CLR 1.0.3705)"
68.229.39.47 - - [01/Mar/2007:19:22:23 -0800] "GET /images/privacy.png HTTP/1.1" 200 457 "http://www.casitamontana.com/" "Mozilla/4.0 (compatible; MSIE 6.0; Windows NT 5.1; .NET CLR 1.0.3705)"
68.229.39.47 - - [01/Mar/2007:19:22:23 -0800] "GET /images/about.png HTTP/1.1" 200 471 "http://www.casitamontana.com/" "Mozilla/4.0 (compatible; MSIE 6.0; Windows NT 5.1; .NET CLR 1.0.3705)"
68.229.39.47 - - [01/Mar/2007:19:22:34 -0800] "GET /rooms.html HTTP/1.1" 200 4005 "http://www.casitamontana.com/" "Mozilla/4.0 (compatible; MSIE 6.0; Windows NT 5.1; .NET CLR 1.0.3705)"
68.229.39.47 - - [01/Mar/2007:19:22:35 -0800] "GET /images/breakfastroom.jpg HTTP/1.1" 200 59357 "http://www.casitamontana.com/rooms.html" "Mozilla/4.0 (compatible; MSIE 6.0; Windows NT 5.1; .NET CLR 1.0.3705)"
68.229.39.47 - - [01/Mar/2007:19:22:35 -0800] "GET /images/buffet.jpg HTTP/1.1" 200 44272 "http://www.casitamontana.com/rooms.html" "Mozilla/4.0 (compatible; MSIE 6.0; Windows NT 5.1; .NET CLR 1.0.3705)"
68.229.39.47 - - [01/Mar/2007:19:22:35 -0800] "GET /images/fireplace.jpg HTTP/1.1" 200 27997 "http://www.casitamontana.com/rooms.html" "Mozilla/4.0 (compatible; MSIE 6.0; Windows NT 5.1; .NET CLR 1.0.3705)"
68.229.39.47 - - [01/Mar/2007:19:22:35 -0800] "GET /images/diningroom.jpg HTTP/1.1" 200 33898 "http://www.casitamontana.com/rooms.html" "Mozilla/4.0 (compatible; MSIE 6.0; Windows NT 5.1; .NET CLR 1.0.3705)"
68.229.39.47 - - [01/Mar/2007:19:22:36 -0800] "GET /images/livingroom.jpg HTTP/1.1" 200 46925 "http://www.casitamontana.com/rooms.html" "Mozilla/4.0 (compatible; MSIE 6.0; Windows NT 5.1; .NET CLR 1.0.3705)"
68.229.39.47 - - [01/Mar/2007:19:22:36 -0800] "GET /images/bedroom1.jpg HTTP/1.1" 200 48743 "http://www.casitamontana.com/rooms.html" "Mozilla/4.0 (compatible; MSIE 6.0; Windows NT 5.1; .NET CLR 1.0.3705)"
68.229.39.47 - - [01/Mar/2007:19:22:36 -0800] "GET /images/bedroom2.jpg HTTP/1.1" 200 36177 "http://www.casitamontana.com/rooms.html" "Mozilla/4.0 (compatible; MSIE 6.0; Windows NT 5.1; .NET CLR 1.0.3705)"
68.229.39.47 - - [01/Mar/2007:19:22:36 -0800] "GET /images/bedroom3.jpg HTTP/1.1" 200 46384 "http://www.casitamontana.com/rooms.html" "Mozilla/4.0 (compatible; MSIE 6.0; Windows NT 5.1; .NET CLR 1.0.3705)"
75.51.175.157 - - [01/Mar/2007:20:32:05 -0800] "GET / HTTP/1.1" 200 3915 "http://search.yahoo.com/bin/search?fr=ybr_sbc&p=%20guadalajara%20satelite%20chapala%20lake" "Mozilla/4.0 (compatible; MSIE 6.0; Windows NT 5.1; SV1; yplus 5.1.04b)"
75.51.175.157 - - [01/Mar/2007:20:32:09 -0800] "GET / HTTP/1.1" 200 3915 "http://search.yahoo.com/bin/search?fr=ybr_sbc&p=%20guadalajara%20satelite%20chapala%20lake" "Mozilla/4.0 (compatible; MSIE 6.0; Windows NT 5.1; SV1; yplus 5.1.04b)"
75.51.175.157 - - [01/Mar/2007:20:32:10 -0800] "GET /css/style.css HTTP/1.1" 200 515 "http://www.casitamontana.com/" "Mozilla/4.0 (compatible; MSIE 6.0; Windows NT 5.1; SV1; yplus 5.1.04b)"
75.51.175.157 - - [01/Mar/2007:20:32:10 -0800] "GET /images/header.jpg HTTP/1.1" 200 126755 "http://www.casitamontana.com/" "Mozilla/4.0 (compatible; MSIE 6.0; Windows NT 5.1; SV1; yplus 5.1.04b)"
75.51.175.157 - - [01/Mar/2007:20:32:10 -0800] "GET /images/home.png HTTP/1.1" 200 428 "http://www.casitamontana.com/" "Mozilla/4.0 (compatible; MSIE 6.0; Windows NT 5.1; SV1; yplus 5.1.04b)"
75.51.175.157 - - [01/Mar/2007:20:32:10 -0800] "GET /images/rooms.png HTTP/1.1" 200 447 "http://www.casitamontana.com/" "Mozilla/4.0 (compatible; MSIE 6.0; Windows NT 5.1; SV1; yplus 5.1.04b)"
75.51.175.157 - - [01/Mar/2007:20:32:11 -0800] "GET /images/testimonials.png HTTP/1.1" 200 6611 "http://www.casitamontana.com/" "Mozilla/4.0 (compatible; MSIE 6.0; Windows NT 5.1; SV1; yplus 5.1.04b)"
75.51.175.157 - - [01/Mar/2007:20:32:13 -0800] "GET /images/reservations.png HTTP/1.1" 200 520 "http://www.casitamontana.com/" "Mozilla/4.0 (compatible; MSIE 6.0; Windows NT 5.1; SV1; yplus 5.1.04b)"
75.51.175.157 - - [01/Mar/2007:20:32:13 -0800] "GET /images/maps.png HTTP/1.1" 200 439 "http://www.casitamontana.com/" "Mozilla/4.0 (compatible; MSIE 6.0; Windows NT 5.1; SV1; yplus 5.1.04b)"
75.51.175.157 - - [01/Mar/2007:20:32:14 -0800] "GET /images/contact.png HTTP/1.1" 200 493 "http://www.casitamontana.com/" "Mozilla/4.0 (compatible; MSIE 6.0; Windows NT 5.1; SV1; yplus 5.1.04b)"
75.51.175.157 - - [01/Mar/2007:20:32:14 -0800] "GET /images/about.png HTTP/1.1" 200 471 "http://www.casitamontana.com/" "Mozilla/4.0 (compatible; MSIE 6.0; Windows NT 5.1; SV1; yplus 5.1.04b)"
75.51.175.157 - - [01/Mar/2007:20:32:14 -0800] "GET /images/privacy.png HTTP/1.1" 200 457 "http://www.casitamontana.com/" "Mozilla/4.0 (compatible; MSIE 6.0; Windows NT 5.1; SV1; yplus 5.1.04b)"
75.51.175.157 - - [01/Mar/2007:20:32:38 -0800] "GET /index.html HTTP/1.1" 200 3915 "http://www.casitamontana.com/" "Mozilla/4.0 (compatible; MSIE 6.0; Windows NT 5.1; SV1; yplus 5.1.04b)"
75.51.175.157 - - [01/Mar/2007:20:33:13 -0800] "GET /contact.html HTTP/1.1" 200 3389 "http://www.casitamontana.com/index.html" "Mozilla/4.0 (compatible; MSIE 6.0; Windows NT 5.1; SV1; yplus 5.1.04b)"
189.163.36.193 - - [01/Mar/2007:20:46:39 -0800] "GET / HTTP/1.1" 200 3915 "-" "Mozilla/4.0 (compatible; MSIE 6.0; Windows NT 5.1; SV1; .NET CLR 1.1.4322)"
189.163.36.193 - - [01/Mar/2007:20:46:39 -0800] "GET /images/header.jpg HTTP/1.1" 200 126755 "-" "Mozilla/4.0 (compatible; MSIE 6.0; Windows NT 5.1; SV1; .NET CLR 1.1.4322)"
189.163.36.193 - - [01/Mar/2007:20:46:40 -0800] "GET /css/style.css HTTP/1.1" 200 515 "-" "Mozilla/4.0 (compatible; MSIE 6.0; Windows NT 5.1; SV1; .NET CLR 1.1.4322)"
189.163.36.193 - - [01/Mar/2007:20:46:40 -0800] "GET /images/home.png HTTP/1.1" 200 428 "-" "Mozilla/4.0 (compatible; MSIE 6.0; Windows NT 5.1; SV1; .NET CLR 1.1.4322)"
189.163.36.193 - - [01/Mar/2007:20:46:41 -0800] "GET /images/rooms.png HTTP/1.1" 200 447 "-" "Mozilla/4.0 (compatible; MSIE 6.0; Windows NT 5.1; SV1; .NET CLR 1.1.4322)"
189.163.36.193 - - [01/Mar/2007:20:46:44 -0800] "GET /images/testimonials.png HTTP/1.1" 200 6611 "-" "Mozilla/4.0 (compatible; MSIE 6.0; Windows NT 5.1; SV1; .NET CLR 1.1.4322)"
189.163.36.193 - - [01/Mar/2007:20:46:45 -0800] "GET /images/reservations.png HTTP/1.1" 200 520 "-" "Mozilla/4.0 (compatible; MSIE 6.0; Windows NT 5.1; SV1; .NET CLR 1.1.4322)"
189.163.36.193 - - [01/Mar/2007:20:46:45 -0800] "GET /images/maps.png HTTP/1.1" 200 439 "-" "Mozilla/4.0