69.230.129.107 - - [01/Apr/2007:16:03:54 -0700] "GET /images/reservations.png HTTP/1.1" 200 520 "http://www.casitamontana.com/" "Mozilla/4.0 (compatible; MSIE 6.0; Windows NT 5.1; SV1; .NET CLR 2.0.50727)"
69.230.129.107 - - [01/Apr/2007:16:03:54 -0700] "GET /images/contact.png HTTP/1.1" 200 493 "http://www.casitamontana.com/" "Mozilla/4.0 (compatible; MSIE 6.0; Windows NT 5.1; SV1; .NET CLR 2.0.50727)"
69.230.129.107 - - [01/Apr/2007:16:03:54 -0700] "GET /images/about.png HTTP/1.1" 200 471 "http://www.casitamontana.com/" "Mozilla/4.0 (compatible; MSIE 6.0; Windows NT 5.1; SV1; .NET CLR 2.0.50727)"
69.230.129.107 - - [01/Apr/2007:16:03:54 -0700] "GET /images/privacy.png HTTP/1.1" 200 457 "http://www.casitamontana.com/" "Mozilla/4.0 (compatible; MSIE 6.0; Windows NT 5.1; SV1; .NET CLR 2.0.50727)"
69.230.129.107 - - [01/Apr/2007:16:03:56 -0700] "GET /rooms.html HTTP/1.1" 200 4005 "http://www.casitamontana.com/" "Mozilla/4.0 (compatible; MSIE 6.0; Windows NT 5.1; SV1; .NET CLR 2.0.50727)"
69.230.129.107 - - [01/Apr/2007:16:03:56 -0700] "GET /images/buffet.jpg HTTP/1.1" 200 44272 "http://www.casitamontana.com/rooms.html" "Mozilla/4.0 (compatible; MSIE 6.0; Windows NT 5.1; SV1; .NET CLR 2.0.50727)"
69.230.129.107 - - [01/Apr/2007:16:03:56 -0700] "GET /images/fireplace.jpg HTTP/1.1" 200 27997 "http://www.casitamontana.com/rooms.html" "Mozilla/4.0 (compatible; MSIE 6.0; Windows NT 5.1; SV1; .NET CLR 2.0.50727)"
69.230.129.107 - - [01/Apr/2007:16:03:57 -0700] "GET /images/breakfastroom.jpg HTTP/1.1" 200 59357 "http://www.casitamontana.com/rooms.html" "Mozilla/4.0 (compatible; MSIE 6.0; Windows NT 5.1; SV1; .NET CLR 2.0.50727)"
69.230.129.107 - - [01/Apr/2007:16:03:58 -0700] "GET /images/livingroom.jpg HTTP/1.1" 200 46925 "http://www.casitamontana.com/rooms.html" "Mozilla/4.0 (compatible; MSIE 6.0; Windows NT 5.1; SV1; .NET CLR 2.0.50727)"
69.230.129.107 - - [01/Apr/2007:16:03:58 -0700] "GET /images/diningroom.jpg HTTP/1.1" 200 33898 "http://www.casitamontana.com/rooms.html" "Mozilla/4.0 (compatible; MSIE 6.0; Windows NT 5.1; SV1; .NET CLR 2.0.50727)"
69.230.129.107 - - [01/Apr/2007:16:03:59 -0700] "GET /images/bedroom1.jpg HTTP/1.1" 200 48743 "http://www.casitamontana.com/rooms.html" "Mozilla/4.0 (compatible; MSIE 6.0; Windows NT 5.1; SV1; .NET CLR 2.0.50727)"
69.230.129.107 - - [01/Apr/2007:16:03:59 -0700] "GET /images/bedroom2.jpg HTTP/1.1" 200 36177 "http://www.casitamontana.com/rooms.html" "Mozilla/4.0 (compatible; MSIE 6.0; Windows NT 5.1; SV1; .NET CLR 2.0.50727)"
69.230.129.107 - - [01/Apr/2007:16:04:00 -0700] "GET /images/bedroom3.jpg HTTP/1.1" 200 46384 "http://www.casitamontana.com/rooms.html" "Mozilla/4.0 (compatible; MSIE 6.0; Windows NT 5.1; SV1; .NET CLR 2.0.50727)"
69.230.129.107 - - [01/Apr/2007:16:04:11 -0700] "GET /maps.html HTTP/1.1" 200 2601 "http://www.casitamontana.com/rooms.html" "Mozilla/4.0 (compatible; MSIE 6.0; Windows NT 5.1; SV1; .NET CLR 2.0.50727)"
69.230.129.107 - - [01/Apr/2007:16:04:11 -0700] "GET /images/ajijic_map.jpg HTTP/1.1" 200 223169 "http://www.casitamontana.com/maps.html" "Mozilla/4.0 (compatible; MSIE 6.0; Windows NT 5.1; SV1; .NET CLR 2.0.50727)"
69.230.129.107 - - [01/Apr/2007:16:04:16 -0700] "GET /reservations.html HTTP/1.1" 200 5944 "http://www.casitamontana.com/maps.html" "Mozilla/4.0 (compatible; MSIE 6.0; Windows NT 5.1; SV1; .NET CLR 2.0.50727)"
69.230.129.107 - - [01/Apr/2007:16:04:17 -0700] "GET /images/paypal.gif HTTP/1.1" 200 2373 "http://www.casitamontana.com/reservations.html" "Mozilla/4.0 (compatible; MSIE 6.0; Windows NT 5.1; SV1; .NET CLR 2.0.50727)"
69.230.129.107 - - [01/Apr/2007:16:04:21 -0700] "GET /contact.html HTTP/1.1" 200 3389 "http://www.casitamontana.com/reservations.html" "Mozilla/4.0 (compatible; MSIE 6.0; Windows NT 5.1; SV1; .NET CLR 2.0.50727)"
207.0.77.173 - - [01/Apr/2007:16:22:03 -0700] "GET / HTTP/1.1" 200 3915 "http://search.yahoo.com/search?ei=utf-8&fr=slv1-&p=ajijic+jalisco+mexico+castle" "Mozilla/4.0 (compatible; MSIE 7.0; Windows NT 5.1)"
207.0.77.173 - - [01/Apr/2007:16:22:04 -0700] "GET /css/style.css HTTP/1.1" 200 515 "http://www.casitamontana.com/" "Mozilla/4.0 (compatible; MSIE 7.0; Windows NT 5.1)"
207.0.77.173 - - [01/Apr/2007:16:22:04 -0700] "GET /images/header.jpg HTTP/1.1" 200 126755 "http://www.casitamontana.com/" "Mozilla/4.0 (compatible; MSIE 7.0; Windows NT 5.1)"
207.0.77.173 - - [01/Apr/2007:16:22:04 -0700] "GET /images/home.png HTTP/1.1" 200 428 "http://www.casitamontana.com/" "Mozilla/4.0 (compatible; MSIE 7.0; Windows NT 5.1)"
207.0.77.173 - - [01/Apr/2007:16:22:07 -0700] "GET /images/testimonials.png HTTP/1.1" 200 6611 "http://www.casitamontana.com/" "Mozilla/4.0 (compatible; MSIE 7.0; Windows NT 5.1)"
207.0.77.173 - - [01/Apr/2007:16:22:07 -0700] "GET /images/reservations.png HTTP/1.1" 200 520 "http://www.casitamontana.com/" "Mozilla/4.0 (compatible; MSIE 7.0; Windows NT 5.1)"
207.0.77.173 - - [01/Apr/2007:16:22:07 -0700] "GET /images/maps.png HTTP/1.1" 200 439 "http://www.casitamontana.com/" "Mozilla/4.0 (compatible; MSIE 7.0; Windows NT 5.1)"
207.0.77.173 - - [01/Apr/2007:16:22:07 -0700] "GET /images/rooms.png HTTP/1.1" 200 447 "http://www.casitamontana.com/" "Mozilla/4.0 (compatible; MSIE 7.0; Windows NT 5.1)"
207.0.77.173 - - [01/Apr/2007:16:22:08 -0700] "GET /images/contact.png HTTP/1.1" 200 493 "http://www.casitamontana.com/" "Mozilla/4.0 (compatible; MSIE 7.0; Windows NT 5.1)"
207.0.77.173 - - [01/Apr/2007:16:22:08 -0700] "GET /images/about.png HTTP/1.1" 200 471 "http://www.casitamontana.com/" "Mozilla/4.0 (compatible; MSIE 7.0; Windows NT 5.1)"
207.0.77.173 - - [01/Apr/2007:16:22:08 -0700] "GET /images/privacy.png HTTP/1.1" 200 457 "http://www.casitamontana.com/" "Mozilla/4.0 (compatible; MSIE 7.0; Windows NT 5.1)"
207.0.77.173 - - [01/Apr/2007:16:22:08 -0700] "GET /favicon.ico HTTP/1.1" 404 275 "-" "Mozilla/4.0 (compatible; MSIE 7.0; Windows NT 5.1)"
207.0.77.173 - - [01/Apr/2007:16:22:29 -0700] "GET /rooms.html HTTP/1.1" 200 4005 "http://www.casitamontana.com/" "Mozilla/4.0 (compatible; MSIE 7.0; Windows NT 5.1)"
207.0.77.173 - - [01/Apr/2007:16:22:29 -0700] "GET /images/buffet.jpg HTTP/1.1" 200 44272 "http://www.casitamontana.com/rooms.html" "Mozilla/4.0 (compatible; MSIE 7.0; Windows NT 5.1)"
207.0.77.173 - - [01/Apr/2007:16:22:29 -0700] "GET /images/breakfastroom.jpg HTTP/1.1" 200 59357 "http://www.casitamontana.com/rooms.html" "Mozilla/4.0 (compatible; MSIE 7.0; Windows NT 5.1)"
207.0.77.173 - - [01/Apr/2007:16:22:32 -0700] "GET /images/fireplace.jpg HTTP/1.1" 200 27997 "http://www.casitamontana.com/rooms.html" "Mozilla/4.0 (compatible; MSIE 7.0; Windows NT 5.1)"
207.0.77.173 - - [01/Apr/2007:16:22:32 -0700] "GET /images/livingroom.jpg HTTP/1.1" 200 46925 "http://www.casitamontana.com/rooms.html" "Mozilla/4.0 (compatible; MSIE 7.0; Windows NT 5.1)"
207.0.77.173 - - [01/Apr/2007:16:22:32 -0700] "GET /images/diningroom.jpg HTTP/1.1" 200 33898 "http://www.casitamontana.com/rooms.html" "Mozilla/4.0 (compatible; MSIE 7.0; Windows NT 5.1)"
207.0.77.173 - - [01/Apr/2007:16:22:35 -0700] "GET /images/bedroom1.jpg HTTP/1.1" 200 48743 "http://www.casitamontana.com/rooms.html" "Mozilla/4.0 (compatible; MSIE 7.0; Windows NT 5.1)"
207.0.77.173 - - [01/Apr/2007:16:22:35 -0700] "GET /images/bedroom2.jpg HTTP/1.1" 200 36177 "http://www.casitamontana.com/rooms.html" "Mozilla/4.0 (compatible; MSIE 7.0; Windows NT 5.1)"
207.0.77.173 - - [01/Apr/2007:16:22:37 -0700] "GET /images/bedroom3.jpg HTTP/1.1" 200 46384 "http://www.casitamontana.com/rooms.html" "Mozilla/4.0 (compatible; MSIE 7.0; Windows NT 5.1)"
64.53.147.214 - - [01/Apr/2007:16:34:34 -0700] "GET / HTTP/1.1" 200 3915 "-" "Mozilla/4.0 (compatible; MSIE 7.0; Windows NT 5.1; .NET CLR 1.1.4322)"
64.53.147.214 - - [01/Apr/2007:16:34:35 -0700] "GET /css/style.css HTTP/1.1" 200 515 "http://www.casitamontana.com/" "Mozilla/4.0 (compatible; MSIE 7.0; Windows NT 5.1; .NET CLR 1.1.4322)"
64.53.147.214 - - [01/Apr/2007:16:34:35 -0700] "GET /images/header.jpg HTTP/1.1" 200 126755 "http://www.casitamontana.com/" "Mozilla/4.0 (compatible; MSIE 7.0; Windows NT 5.1; .NET CLR 1.1.4322)"
64.53.147.214 - - [01/Apr/2007:16:34:35 -0700] "GET /images/home.png HTTP/1.1" 200 428 "http://www.casitamontana.com/" "Mozilla/4.0 (compatible; MSIE 7.0; Windows NT 5.1; .NET CLR 1.1.4322)"
64.53.147.214 - - [01/Apr/2007:16:34:35 -0700] "GET /images/rooms.png HTTP/1.1" 200 447 "http://www.casitamontana.com/" "Mozilla/4.0 (compatible; MSIE 7.0; Windows NT 5.1; .NET CLR 1.1.4322)"
64.53.147.214 - - [01/Apr/2007:16:34:35 -0700] "GET /images/testimonials.png HTTP/1.1" 200 6611 "http://www.casitamontana.com/" "Mozilla/4.0 (compatible; MSIE 7.0; Windows NT 5.1; .NET CLR 1.1.4322)"
64.53.147.214 - - [01/Apr/2007:16:34:35 -0700] "GET /images/reservations.png HTTP/1.1" 200 520 "http://www.casitamontana.com/" "Mozilla/4.0 (compatible; MSIE 7.0; Windows NT 5.1; .NET CLR 1.1.4322)"
64.53.147.214 - - [01/Apr/2007:16:34:35 -0700] "GET /images/maps.png HTTP/1.1" 200 439 "http://www.casitamontana.com/" "Mozilla/4.0 (compatible; MSIE 7.0; Windows NT 5.1; .NET CLR 1.1.4322)"
64.53.147.214 - - [01/Apr/2007:16:34:37 -0700] "GET /images/contact.png HTTP/1.1" 200 493 "http://www.casitamontana.com/" "Mozilla/4.0 (compatible; MSIE 7.0; Windows NT 5.1; .NET CLR 1.1.4322)"
64.53.147.214 - - [01/Apr/2007:16:34:37 -0700] "GET /images/about.png HTTP/1.1" 200 471 "http://www.casitamontana.com/" "Mozilla/4.0 (compatible; MSIE 7.0; Windows NT 5.1; .NET CLR 1.1.4322)"
64.53.147.214 - - [01/Apr/2007:16:34:37 -0700] "GET /images/privacy.png HTTP/1.1" 200 457 "http://www.casitamontana.com/" "Mozilla/4.0 (compatible; MSIE 7.0; Windows NT 5.1; .NET CLR 1.1.4322)"
64.53.147.214 - - [01/Apr/2007:16:34:38 -0700] "GET /favicon.ico HTTP/1.1" 404 275 "-" "Mozilla/4.0 (compatible; MSIE 7.0; Windows NT 5.1; .NET CLR 1.1.4322)"
64.53.147.214 - - [01/Apr/2007:16:34:52 -0700] "GET /rooms.html HTTP/1.1" 200 4005 "http://www.casitamontana.com/" "Mozilla/4.0 (compatible; MSIE 7.0; Windows NT 5.1; .NET CLR 1.1.4322)"
64.53.147.214 - - [01/Apr/2007:16:34:52 -0700] "GET /images/breakfastroom.jpg HTTP/1.1" 200 59357 "http://www.casitamontana.com/rooms.html" "Mozilla/4.0 (compatible; MSIE 7.0; Windows NT 5.1; .NET CLR 1.1.4322)"
64.53.147.214 - - [01/Apr/2007:16:34:52 -0700] "GET /images/buffet.jpg HTTP/1.1" 200 44272 "http://www.casitamontana.com/rooms.html" "Mozilla/4.0 (compatible; MSIE 7.0; Windows NT 5.1; .NET CLR 1.1.4322)"
64.53.147.214 - - [01/Apr/2007:16:34:53 -0700] "GET /images/livingroom.jpg HTTP/1.1" 200 46925 "http://www.casitamontana.com/rooms.html" "Mozilla/4.0 (compatible; MSIE 7.0; Windows NT 5.1; .NET CLR 1.1.4322)"
64.53.147.214 - - [01/Apr/2007:16:34:53 -0700] "GET /images/fireplace.jpg HTTP/1.1" 200 27997 "http://www.casitamontana.com/rooms.html" "Mozilla/4.0 (compatible; MSIE 7.0; Windows NT 5.1; .NET CLR 1.1.4322)"
64.53.147.214 - - [01/Apr/2007:16:34:55 -0700] "GET /images/diningroom.jpg HTTP/1.1" 200 33898 "http://www.casitamontana.com/rooms.html" "Mozilla/4.0 (compatible; MSIE 7.0; Windows NT 5.1; .NET CLR 1.1.4322)"
64.53.147.214 - - [01/Apr/2007:16:34:55 -0700] "GET /images/bedroom1.jpg HTTP/1.1" 200 48743 "http://www.casitamontana.com/rooms.html" "Mozilla/4.0 (compatible; MSIE 7.0; Windows NT 5.1; .NET CLR 1.1.4322)"
64.53.147.214 - - [01/Apr/2007:16:34:55 -0700] "GET /images/bedroom2.jpg HTTP/1.1" 200 36177 "http://www.casitamontana.com/rooms.html" "Mozilla/4.0 (compatible; MSIE 7.0; Windows NT 5.1; .NET CLR 1.1.4322)"
64.53.147.214 - - [01/Apr/2007:16:34:55 -0700] "GET /images/bedroom3.jpg HTTP/1.1" 200 46384 "http://www.casitamontana.com/rooms.html" "Mozilla/4.0 (compatible; MSIE 7.0; Windows NT 5.1; .NET CLR 1.1.4322)"
64.53.147.214 - - [01/Apr/2007:16:35:39 -0700] "GET /testimonials.html HTTP/1.1" 200 4247 "http://www.casitamontana.com/rooms.html" "Mozilla/4.0 (compatible; MSIE 7.0; Windows NT 5.1; .NET CLR 1.1.4322)"
64.53.147.214 - - [01/Apr/2007:16:36:25 -0700] "GET /maps.html HTTP/1.1" 200 2601 "http://www.casitamontana.com/testimonials.html" "Mozilla/4.0 (compatible; MSIE 7.0; Windows NT 5.1; .NET CLR 1.1.4322)"
64.53.147.214 - - [01/Apr/2007:16:36:25 -0700] "GET /images/ajijic_map.jpg HTTP/1.1" 200 223169 "http://www.casitamontana.com/maps.html" "Mozilla/4.0 (compatible; MSIE 7.0; Windows NT 5.1; .NET CLR 1.1.4322)"
67.187.132.64 - - [01/Apr/2007:17:39:51 -0700] "GET / HTTP/1.1" 200 3915 "http://www.mexconnect.com/mex_/chreares.html" "Mozilla/4.0 (compatible; MSIE 6.0; Windows NT 5.1; SV1; .NET CLR 2.0.50727)"
67.187.132.64 - - [01/Apr/2007:17:39:51 -0700] "GET /css/style.css HTTP/1.1" 200 515 "http://www.casitamontana.com/" "Mozilla/4.0 (compatible; MSIE 6.0; Windows NT 5.1; SV1; .NET CLR 2.0.50727)"
67.187.132.64 - - [01/Apr/2007:17:39:52 -0700] "GET /images/header.jpg HTTP/1.1" 200 126755 "http://www.casitamontana.com/" "Mozilla/4.0 (compatible; MSIE 6.0; Windows NT 5.1; SV1; .NET CLR 2.0.50727)"
67.187.132.64 - - [01/Apr/2007:17:39:52 -0700] "GET /images/home.png HTTP/1.1" 200 428 "http://www.casitamontana.com/" "Mozilla/4.0 (compatible; MSIE 6.0; Windows NT 5.1; SV1; .NET CLR 2.0.50727)"
67.187.132.64 - - [01/Apr/2007:17:39:52 -0700] "GET /images/rooms.png HTTP/1.1" 200 447 "http://www.casitamontana.com/" "Mozilla/4.0 (compatible; MSIE 6.0; Windows NT 5.1; SV1; .NET CLR 2.0.50727)"
67.187.132.64 - - [01/Apr/2007:17:39:52 -0700] "GET /images/testimonials.png HTTP/1.1" 200 6611 "http://www.casitamontana.com/" "Mozilla/4.0 (compatible; MSIE 6.0; Windows NT 5.1; SV1; .NET CLR 2.0.50727)"
67.187.132.64 - - [01/Apr/2007:17:39:52 -0700] "GET /images/reservations.png HTTP/1.1" 200 520 "http://www.casitamontana.com/" "Mozilla/4.0 (compatible; MSIE 6.0; Windows NT 5.1; SV1; .NET CLR 2.0.50727)"
67.187.132.64 - - [01/Apr/2007:17:39:52 -0700] "GET /images/maps.png HTTP/1.1" 200 439 "http://www.casitamontana.com/" "Mozilla/4.0 (compatible; MSIE 6.0; Windows NT 5.1; SV1; .NET CLR 2.0.50727)"
67.187.132.64 - - [01/Apr/2007:17:39:53 -0700] "GET /images/contact.png HTTP/1.1" 200 493 "http://www.casitamontana.com/" "Mozilla/4.0 (compatible; MSIE 6.0; Windows NT 5.1; SV1; .NET CLR 2.0.50727)"
67.187.132.64 - - [01/Apr/2007:17:39:53 -0700] "GET /images/about.png HTTP/1.1" 200 471 "http://www.casitamontana.com/" "Mozilla/4.0 (compatible; MSIE 6.0; Windows NT 5.1; SV1; .NET CLR 2.0.50727)"
67.187.132.64 - - [01/Apr/2007:17:39:53 -0700] "GET /images/privacy.png HTTP/1.1" 200 457 "http://www.casitamontana.com/" "Mozilla/4.0 (compatible; MSIE 6.0; Windows NT 5.1; SV1; .NET CLR 2.0.50727)"
24.183.51.171 - - [01/Apr/2007:18:28:44 -0700] "GET /favicon.ico HTTP/1.1" 404 275 "-" "Mozilla/4.0 (compatible; MSIE 7.0; Windows NT 5.1)"
24.183.51.171 - - [01/Apr/2007:18:28:44 -0700] "GET / HTTP/1.1" 200 3915 "http://www.ajijic.hotelsbedbreakfast.inn26.com/" "Mozilla/4.0 (compatible; MSIE 7.0; Windows NT 5.1)"
24.183.51.171 - - [01/Apr/2007:18:28:44 -0700] "GET /css/style.css HTTP/1.1" 200 515 "http://www.casitamontana.com/" "Mozilla/4.0 (compatible; MSIE 7.0; Windows NT 5.1)"
24.183.51.171 - - [01/Apr/2007:18:28:44 -0700] "GET /images/header.jpg HTTP/1.1" 200 126755 "http://www.casitamontana.com/" "Mozilla/4.0 (compatible; MSIE 7.0; Windows NT 5.1)"
24.183.51.171 - - [01/Apr/2007:18:28:44 -0700] "GET /images/home.png HTTP/1.1" 200 428 "http://www.casitamontana.com/" "Mozilla/4.0 (compatible; MSIE 7.0; Windows NT 5.1)"
24.183.51.171 - - [01/Apr/2007:18:28:44 -0700] "GET /images/rooms.png HTTP/1.1" 200 447 "http://www.casitamontana.com/" "Mozilla/4.0 (compatible; MSIE 7.0; Windows NT 5.1)"
24.183.51.171 - - [01/Apr/2007:18:28:44 -0700] "GET /images/testimonials.png HTTP/1.1" 200 6611 "http://www.casitamontana.com/" "Mozilla/4.0 (compatible; MSIE 7.0; Windows NT 5.1)"
24.183.51.171 - - [01/Apr/2007:18:28:44 -0700] "GET /images/reservations.png HTTP/1.1" 200 520 "http://www.casitamontana.com/" "Mozilla/4.0 (compatible; MSIE 7.0; Windows NT 5.1)"
24.183.51.171 - - [01/Apr/2007:18:28:44 -0700] "GET /images/contact.png HTTP/1.1" 200 493 "http://www.casitamontana.com/" "Mozilla/4.0 (compatible; MSIE 7.0; Windows NT 5.1)"
24.183.51.171 - - [01/Apr/2007:18:28:44 -0700] "GET /images/maps.png HTTP/1.1" 200 439 "http://www.casitamontana.com/" "Mozilla/4.0 (compatible; MSIE 7.0; Windows NT 5.1)"
24.183.51.171 - - [01/Apr/2007:18:28:44 -0700] "GET /images/about.png HTTP/1.1" 200 471 "http://www.casitamontana.com/" "Mozilla/4.0 (compatible; MSIE 7.0; Windows NT 5.1)"
24.183.51.171 - - [01/Apr/2007:18:28:45 -0700] "GET /images/privacy.png HTTP/1.1" 200 457 "http://www.casitamontana.com/" "Mozilla/4.0 (compatible; MSIE 7.0; Windows NT 5.1)"
24.183.51.171 - - [01/Apr/2007:18:29:10 -0700] "GET /rooms.html HTTP/1.1" 200 4005 "http://www.casitamontana.com/" "Mozilla/4.0 (compatible; MSIE 7.0; Windows NT 5.1)"
24.183.51.171 - - [01/Apr/2007:18:29:10 -0700] "GET /images/buffet.jpg HTTP/1.1" 200 44272 "http://www.casitamontana.com/rooms.html" "Mozilla/4.0 (compatible; MSIE 7.0; Windows NT 5.1)"
24.183.51.171 - - [01/Apr/2007:18:29:10 -0700] "GET /images/breakfastroom.jpg HTTP/1.1" 200 59357 "http://www.casitamontana.com/rooms.html" "Mozilla/4.0 (compatible; MSIE 7.0; Windows NT 5.1)"
24.183.51.171 - - [01/Apr/2007:18:29:11 -0700] "GET /images/fireplace.jpg HTTP/1.1" 200 27997 "http://www.casitamontana.com/rooms.html" "Mozilla/4.0 (compatible; MSIE 7.0; Windows NT 5.1)"
24.183.51.171 - - [01/Apr/2007:18:29:11 -0700] "GET /images/livingroom.jpg HTTP/1.1" 200 46925 "http://www.casitamontana.com/rooms.html" "Mozilla/4.0 (compatible; MSIE 7.0; Windows NT 5.1)"
24.183.51.171 - - [01/Apr/2007:18:29:11 -0700] "GET /images/diningroom.jpg HTTP/1.1" 200 33898 "http://www.casitamontana.com/rooms.html" "Mozilla/4.0 (compatible; MSIE 7.0; Windows NT 5.1)"
24.183.51.171 - - [01/Apr/2007:18:29:11 -0700] "GET /images/bedroom1.jpg HTTP/1.1" 200 48743 "http://www.casitamontana.com/rooms.html" "Mozilla/4.0 (compatible; MSIE 7.0; Windows NT 5.1)"
24.183.51.171 - - [01/Apr/2007:18:29:11 -0700] "GET /images/bedroom2.jpg HTTP/1.1" 200 36177 "http://www.casitamontana.com/rooms.html" "Mozilla/4.0 (compatible; MSIE 7.0; Windows NT 5.1)"
24.183.51.171 - - [01/Apr/2007:18:29:11 -0700] "GET /images/bedroom3.jpg HTTP/1.1" 200 46384 "http://www.casitamontana.com/rooms.html" "Mozilla/4.0 (compatible; MSIE 7.0; Windows NT 5.1)"
24.183.51.171 - - [01/Apr/2007:18:29:41 -0700] "GET /reservations.html HTTP/1.1" 200 5944 "http://www.casitamontana.com/rooms.html" "Mozilla/4.0 (compatible; MSIE 7.0; Windows NT 5.1)"
24.183.51.171 - - [01/Apr/2007:18:29:41 -0700] "GET /images/paypal.gif HTTP/1.1" 200 2373 "http://www.casitamontana.com/reservations.html" "Mozilla/4.0 (compatible; MSIE 7.0; Windows NT 5.1)"
72.30.177.76 - - [02/Apr/2007:01:05:07 -0700] "GET /robots.txt HTTP/1.0" 404 275 "-" "Mozilla/5.0 (compatible; Yahoo! Slurp; http://help.yahoo.com/help/us/ysearch/slurp)"
74.6.74.157 - - [02/Apr/2007:01:05:10 -0700] "GET /index.html HTTP/1.0" 200 3915 "-" "Mozilla/5.0 (compatible; Yahoo! Slurp; http://help.yahoo.com/help/us/ysearch/slurp)"
65.55.208.66 - - [02/Apr/2007:02:34:07 -0700] "GET /robots.txt HTTP/1.0" 404 275 "-" "msnbot/1.0 (+http://search.msn.com/msnbot.htm)"
65.55.208.66 - - [02/Apr/2007:02:34:07 -0700] "GET /contact.html HTTP/1.0" 200 3389 "-" "msnbot/1.0 (+http://search.msn.com/msnbot.htm)"
74.6.87.40 - - [02/Apr/2007:03:25:48 -0700] "GET /robots.txt HTTP/1.0" 404 275 "-" "Mozilla/5.0 (compatible; Yahoo! Slurp; http://help.yahoo.com/help/us/ysearch/slurp)"
74.6.87.123 - - [02/Apr/2007:03:25:53 -0700] "GET /contact.html HTTP/1.0" 200 3389 "-" "Mozilla/5.0 (compatible; Yahoo! Slurp; http://help.yahoo.com/help/us/ysearch/slurp)"
72.36.146.50 - - [02/Apr/2007:03:29:57 -0700] "GET /reservations.html HTTP/1.1" 200 5944 "-" "User-Agent: Mozilla/4.0 (compatible; MSIE 6.0; Windows NT 5.1)"
64.34.145.198 - - [02/Apr/2007:05:54:06 -0700] "GET /robots.txt HTTP/1.0" 404 275 "-" "SBIder/SBIder-0.8.2-dev (http://www.sitesell.com/sbider.html)"
64.34.145.198 - - [02/Apr/2007:05:54:06 -0700] "GET /reservations.html HTTP/1.0" 200 5944 "-" "SBIder/SBIder-0.8.2-dev (http://www.sitesell.com/sbider.html)"
74.6.75.17 - - [02/Apr/2007:07:35:23 -0700] "GET /robots.txt HTTP/1.0" 404 275 "-" "Mozilla/5.0 (compatible; Yahoo! Slurp; http://help.yahoo.com/help/us/ysearch/slurp)"
74.6.74.51 - - [02/Apr/2007:07:35:27 -0700] "GET / HTTP/1.0" 200 3915 "-" "Mozilla/5.0 (compatible; Yahoo! Slurp; http://help.yahoo.com/help/us/ysearch/slurp)"
205.188.116.131 - - [02/Apr/2007:08:41:01 -0700] "GET / HTTP/1.1" 200 3915 "http://aolsearch.aol.com/aol/search?invocationType=topsearchbox.webhome&query=casita+montana+ajijic" "Mozilla/4.0 (compatible; MSIE 6.0; AOL 9.0; Windows NT 5.1; SV1)"
205.188.116.18 - - [02/Apr/2007:08:41:01 -0700] "HEAD /images/header.jpg HTTP/1.1" 200 0 "-" "Mozilla/4.0 (compatible; MSIE 6.0; AOL 9.0; Windows NT 5.1; SV1)"
205.188.116.18 - - [02/Apr/2007:08:41:04 -0700] "GET /images/header.jpg HTTP/1.1" 200 65536 "-" "Mozilla/4.0 (compatible; MSIE 6.0; AOL 9.0; Windows NT 5.1; SV1)"
205.188.116.17 - - [02/Apr/2007:08:40:59 -0700] "GET /css/style.css HTTP/1.1" 200 515 "http://www.casitamontana.com/" "Mozilla/4.0 (compatible; MSIE 6.0; AOL 9.0; Windows NT 5.1; SV1)"
205.188.116.18 - - [02/Apr/2007:08:41:00 -0700] "GET /images/header.jpg HTTP/1.1" 200 126755 "http://www.casitamontana.com/" "Mozilla/4.0 (compatible; MSIE 6.0; AOL 9.0; Windows NT 5.1; SV1)"
205.188.117.5 - - [02/Apr/2007:08:40:59 -0700] "GET /images/testimonials.png HTTP/1.1" 200 6611 "http://www.casitamontana.com/" "Mozilla/4.0 (compatible; MSIE 6.0; AOL 9.0; Windows NT 5.1; SV1)"
205.188.116.138 - - [02/Apr/2007:08:41:00 -0700] "GET /images/rooms.png HTTP/1.1" 200 447 "http://www.casitamontana.com/" "Mozilla/4.0 (compatible; MSIE 6.0; AOL 9.0; Windows NT 5.1; SV1)"
205.188.117.6 - - [02/Apr/2007:08:41:00 -0700] "GET /images/home.png HTTP/1.1" 200 428 "http://www.casitamontana.com/" "Mozilla/4.0 (compatible; MSIE 6.0; AOL 9.0; Windows NT 5.1; SV1)"
205.188.117.14 - - [02/Apr/2007:08:41:02 -0700] "GET /images/maps.png HTTP/1.1" 200 439 "http://www.casitamontana.com/" "Mozilla/4.0 (compatible; MSIE 6.0; AOL 9.0; Windows NT 5.1; SV1)"
205.188.116.137 - - [02/Apr/2007:08:41:00 -0700] "GET /images/reservations.png HTTP/1.1" 200 520 "http://www.casitamontana.com/" "Mozilla/4.0 (compatible; MSIE 6.0; AOL 9.0; Windows NT 5.1; SV1)"
205.188.116.11 - - [02/Apr/2007:08:41:01 -0700] "GET /images/privacy.png HTTP/1.1" 200 457 "http://www.casitamontana.com/" "Mozilla/4.0 (compatible; MSIE 6.0; AOL 9.0; Windows NT 5.1; SV1)"
205.188.117.9 - - [02/Apr/2007:08:41:00 -0700] "GET /images/contact.png HTTP/1.1" 200 493 "http://www.casitamontana.com/" "Mozilla/4.0 (compatible; MSIE 6.0; AOL 9.0; Windows NT 5.1; SV1)"
205.188.116.68 - - [02/Apr/2007:08:41:01 -0700] "GET /images/about.png HTTP/1.1" 200 471 "http://www.casitamontana.com/" "Mozilla/4.0 (compatible; MSIE 6.0; AOL 9.0; Windows NT 5.1; SV1)"
205.188.116.18 - - [02/Apr/2007:08:41:06 -0700] "GET /images/header.jpg HTTP/1.1" 200 126755 "-" "Mozilla/4.0 (compatible; MSIE 6.0; AOL 9.0; Windows NT 5.1; SV1)"
205.188.116.137 - - [02/Apr/2007:08:41:09 -0700] "HEAD /images/reservations.png HTTP/1.1" 200 0 "-" "Mozilla/4.0 (compatible; MSIE 6.0; AOL 9.0; Windows NT 5.1; SV1)"
205.188.116.17 - - [02/Apr/2007:08:41:03 -0700] "HEAD /css/style.css HTTP/1.1" 200 0 "-" "Mozilla/4.0 (compatible; MSIE 6.0; AOL 9.0; Windows NT 5.1; SV1)"
205.188.117.8 - - [02/Apr/2007:08:41:09 -0700] "HEAD /images/bedroom2.jpg HTTP/1.1" 200 0 "-" "Mozilla/4.0 (compatible; MSIE 6.0; AOL 9.0; Windows NT 5.1; SV1)"
205.188.116.80 - - [02/Apr/2007:08:41:13 -0700] "HEAD /images/bedroom3.jpg HTTP/1.1" 200 0 "-" "Mozilla/4.0 (compatible; MSIE 6.0; AOL 9.0; Windows NT 5.1; SV1)"
205.188.116.138 - - [02/Apr/2007:08:41:09 -0700] "HEAD /images/rooms.png HTTP/1.1" 200 0 "-" "Mozilla/4.0 (compatible; MSIE 6.0; AOL 9.0; Windows NT 5.1; SV1)"
205.188.116.11 - - [02/Apr/2007:08:41:13 -0700] "HEAD /images/privacy.png HTTP/1.1" 200 0 "-" "Mozilla/4.0 (compatible; MSIE 6.0; AOL 9.0; Windows NT 5.1; SV1)"
205.188.117.6 - - [02/Apr/2007:08:41:13 -0700] "HEAD /images/home.png HTTP/1.1" 200 0 "-" "Mozilla/4.0 (compatible; MSIE 6.0; AOL 9.0; Windows NT 5.1; SV1)"
205.188.117.13 - - [02/Apr/2007:08:41:10 -0700] "HEAD /images/diningroom.jpg HTTP/1.1" 200 0 "-" "Mozilla/4.0 (compatible; MSIE 6.0; AOL 9.0; Windows NT 5.1; SV1)"
205.188.117.14 - - [02/Apr/2007:08:41:09 -0700] "HEAD /images/maps.png HTTP/1.1" 200 0 "-" "Mozilla/4.0 (compatible; MSIE 6.0; AOL 9.0; Windows NT 5.1; SV1)"
205.188.117.6 - - [02/Apr/2007:08:41:03 -0700] "GET /images/home.png HTTP/1.1" 200 428 "-" "Mozilla/4.0 (compatible; MSIE 6.0; AOL 9.0; Windows NT 5.1; SV1)"
205.188.117.14 - - [02/Apr/2007:08:41:08 -0700] "GET /images/maps.png HTTP/1.1" 200 439 "-" "Mozilla/4.0 (compatible; MSIE 6.0; AOL 9.0; Windows NT 5.1; SV1)"
205.188.116.15 - - [02/Apr/2007:08:41:08 -0700] "HEAD /images/livingroom.jpg HTTP/1.1" 200 0 "-" "Mozilla/4.0 (compatible; MSIE 6.0; AOL 9.0; Windows NT 5.1; SV1)"
205.188.117.18 - - [02/Apr/2007:08:41:03 -0700] "GET /rooms.html HTTP/1.1" 200 4005 "http://www.casitamontana.com/" "Mozilla/4.0 (compatible; MSIE 6.0; AOL 9.0; Windows NT 5.1; SV1)"
205.188.117.9 - - [02/Apr/2007:08:41:08 -0700] "HEAD /images/contact.png HTTP/1.1" 200 0 "-" "Mozilla/4.0 (compatible; MSIE 6.0; AOL 9.0; Windows NT 5.1; SV1)"
205.188.116.71 - - [02/Apr/2007:08:41:11 -0700] "HEAD /images/buffet.jpg HTTP/1.1" 200 0 "-" "Mozilla/4.0 (compatible; MSIE 6.0; AOL 9.0; Windows NT 5.1; SV1)"
205.188.117.5 - - [02/Apr/2007:08:41:08 -0700] "HEAD /images/testimonials.png HTTP/1.1" 200 0 "-" "Mozilla/4.0 (compatible; MSIE 6.0; AOL 9.0; Windows NT 5.1; SV1)"
205.188.116.78 - - [02/Apr/2007:08:41:09 -0700] "HEAD /images/bedroom1.jpg HTTP/1.1" 200 0 "-" "Mozilla/4.0 (compatible; MSIE 6.0; AOL 9.0; Windows NT 5.1; SV1)"
205.188.116.68 - - [02/Apr/2007:08:41:09 -0700] "HEAD /images/about.png HTTP/1.1" 200 0 "-" "Mozilla/4.0 (compatible; MSIE 6.0; AOL 9.0; Windows NT 5.1; SV1)"
205.188.116.18 - - [02/Apr/2007:08:41:09 -0700] "HEAD /images/header.jpg HTTP/1.1" 200 0 "-" "Mozilla/4.0 (compatible; MSIE 6.0; AOL 9.0; Windows NT 5.1; SV1)"
205.188.116.17 - - [02/Apr/2007:08:41:11 -0700] "GET /css/style.css HTTP/1.1" 200 515 "-" "Mozilla/4.0 (compatible; MSIE 6.0; AOL 9.0; Windows NT 5.1; SV1)"
205.188.116.20 - - [02/Apr/2007:08:41:09 -0700] "HEAD /images/fireplace.jpg HTTP/1.1" 200 0 "-" "Mozilla/4.0 (compatible; MSIE 6.0; AOL 9.0; Windows NT 5.1; SV1)"
205.188.116.68 - - [02/Apr/2007:08:41:03 -0700] "GET /images/about.png HTTP/1.1" 200 471 "-" "Mozilla/4.0 (compatible; MSIE 6.0; AOL 9.0; Windows NT 5.1; SV1)"
205.188.117.5 - - [02/Apr/2007:08:41:09 -0700] "GET /images/testimonials.png HTTP/1.1" 200 6611 "-" "Mozilla/4.0 (compatible; MSIE 6.0; AOL 9.0; Windows NT 5.1; SV1)"
205.188.117.9 - - [02/Apr/2007:08:41:09 -0700] "GET /images/contact.png HTTP/1.1" 200 493 "-" "Mozilla/4.0 (compatible; MSIE 6.0; AOL 9.0; Windows NT 5.1; SV1)"
205.188.116.137 - - [02/Apr/2007:08:41:09 -0700] "GET /images/reservations.png HTTP/1.1" 200 520 "-" "Mozilla/4.0 (compatible; MSIE 6.0; AOL 9.0; Windows NT 5.1; SV1)"
205.188.117.13 - - [02/Apr/2007:08:41:09 -0700] "GET /images/diningroom.jpg HTTP/1.1" 200 33898 "-" "Mozilla/4.0 (compatible; MSIE 6.0; AOL 9.0; Windows NT 5.1; SV1)"
205.188.117.8 - - [02/Apr/2007:08:41:03 -0700] "GET /images/bedroom2.jpg HTTP/1.1" 200 36177 "-" "Mozilla/4.0 (compatible; MSIE 6.0; AOL 9.0; Windows NT 5.1; SV1)"
205.188.116.15 - - [02/Apr/2007:08:41:09 -0700] "GET /images/livingroom.jpg HTTP/1.1" 200 46925 "-" "Mozilla/4.0 (compatible; MSIE 6.0; AOL 9.0; Windows NT 5.1; SV1)"
205.188.116.71 - - [02/Apr/2007:08:41:09 -0700] "GET /images/buffet.jpg HTTP/1.1" 200 44272 "-" "Mozilla/4.0 (compatible; MSIE 6.0; AOL 9.0; Windows NT 5.1; SV1)"
205.188.116.18 - - [02/Apr/2007:08:41:09 -0700] "GET /images/header.jpg HTTP/1.1" 200 65536 "-" "Mozilla/4.0 (compatible; MSIE 6.0; AOL 9.0; Windows NT 5.1; SV1)"
205.188.116.80 - - [02/Apr/2007:08:41:09 -0700] "GET /images/bedroom3.jpg HTTP/1.1" 200 46384 "-" "Mozilla/4.0 (compatible; MSIE 6.0; AOL 9.0; Windows NT 5.1; SV1)"
205.188.116.78 - - [02/Apr/2007:08:41:08 -0700] "GET /images/bedroom1.jpg HTTP/1.1" 200 48743 "-" "Mozilla/4.0 (compatible; MSIE 6.0; AOL 9.0; Windows NT 5.1; SV1)"
205.188.116.20 - - [02/Apr/2007:08:41:13 -0700] "GET /images/fireplace.jpg HTTP/1.1" 200 27997 "-" "Mozilla/4.0 (compatible; MSIE 6.0; AOL 9.0; Windows NT 5.1; SV1)"
205.188.117.20 - - [02/Apr/2007:08:41:08 -0700] "HEAD /testimonials.html HTTP/1.1" 200 0 "-" "Mozilla/4.0 (compatible; MSIE 6.0; AOL 9.0; Windows NT 5.1; SV1)"
205.188.116.138 - - [02/Apr/2007:08:41:08 -0700] "GET /images/rooms.png HTTP/1.1" 200 447 "-" "Mozilla/4.0 (compatible; MSIE 6.0; AOL 9.0; Windows NT 5.1; SV1)"
205.188.116.11 - - [02/Apr/2007:08:41:08 -0700] "GET /images/privacy.png HTTP/1.1" 200 457 "-" "Mozilla/4.0 (compatible; MSIE 6.0; AOL 9.0; Windows NT 5.1; SV1)"
205.188.117.20 - - [02/Apr/2007:08:41:13 -0700] "GET /testimonials.html HTTP/1.1" 200 4247 "-" "Mozilla/4.0 (compatible; MSIE 6.0; AOL 9.0; Windows NT 5.1; SV1)"
205.188.116.195 - - [02/Apr/2007:08:41:08 -0700] "HEAD /images/breakfastroom.jpg HTTP/1.1" 200 0 "-" "Mozilla/4.0 (compatible; MSIE 6.0; AOL 9.0; Windows NT 5.1; SV1)"
205.188.116.195 - - [02/Apr/2007:08:41:03 -0700] "GET /images/breakfastroom.jpg HTTP/1.1" 200 59357 "-" "Mozilla/4.0 (compatible; MSIE 6.0; AOL 9.0; Windows NT 5.1; SV1)"
205.188.116.18 - - [02/Apr/2007:08:41:04 -0700] "GET /images/header.jpg HTTP/1.1" 200 126755 "http://www.casitamontana.com/rooms.html" "Mozilla/4.0 (compatible; MSIE 6.0; AOL 9.0; Windows NT 5.1; SV1)"
205.188.116.20 - - [02/Apr/2007:08:41:09 -0700] "GET /images/fireplace.jpg HTTP/1.1" 200 27997 "http://www.casitamontana.com/rooms.html" "Mozilla/4.0 (compatible; MSIE 6.0; AOL 9.0; Windows NT 5.1; SV1)"
205.188.116.195 - - [02/Apr/2007:08:41:09 -0700] "GET /images/breakfastroom.jpg HTTP/1.1" 200 59357 "http://www.casitamontana.com/rooms.html" "Mozilla/4.0 (compatible; MSIE 6.0; AOL 9.0; Windows NT 5.1; SV1)"
205.188.116.15 - - [02/Apr/2007:08:41:12 -0700] "GET /images/livingroom.jpg HTTP/1.1" 200 46925 "http://www.casitamontana.com/rooms.html" "Mozilla/4.0 (compatible; MSIE 6.0; AOL 9.0; Windows NT 5.1; SV1)"
205.188.116.71 - - [02/Apr/2007:08:41:11 -0700] "GET /images/buffet.jpg HTTP/1.1" 200 44272 "http://www.casitamontana.com/rooms.html" "Mozilla/4.0 (compatible; MSIE 6.0; AOL 9.0; Windows NT 5.1; SV1)"
205.188.117.13 - - [02/Apr/2007:08:41:10 -0700] "GET /images/diningroom.jpg HTTP/1.1" 200 33898 "http://www.casitamontana.com/rooms.html" "Mozilla/4.0 (compatible; MSIE 6.0; AOL 9.0; Windows NT 5.1; SV1)"
205.188.116.78 - - [02/Apr/2007:08:41:05 -0700] "GET /images/bedroom1.jpg HTTP/1.1" 200 48743 "http://www.casitamontana.com/rooms.html" "Mozilla/4.0 (compatible; MSIE 6.0; AOL 9.0; Windows NT 5.1; SV1)"
205.188.117.8 - - [02/Apr/2007:08:41:15 -0700] "GET /images/bedroom2.jpg HTTP/1.1" 200 36177 "http://www.casitamontana.com/rooms.html" "Mozilla/4.0 (compatible; MSIE 6.0; AOL 9.0; Windows NT 5.1; SV1)"
205.188.116.80 - - [02/Apr/2007:08:41:05 -0700] "GET /images/bedroom3.jpg HTTP/1.1" 200 46384 "http://www.casitamontana.com/rooms.html" "Mozilla/4.0 (compatible; MSIE 6.0; AOL 9.0; Windows NT 5.1; SV1)"
205.188.116.18 - - [02/Apr/2007:08:41:16 -0700] "GET /images/header.jpg HTTP/1.1" 200 126755 "-" "Mozilla/4.0 (compatible; MSIE 6.0; AOL 9.0; Windows NT 5.1; SV1)"
205.188.116.15 - - [02/Apr/2007:08:41:10 -0700] "GET /images/livingroom.jpg HTTP/1.1" 200 46925 "-" "Mozilla/4.0 (compatible; MSIE 6.0; AOL 9.0; Windows NT 5.1; SV1)"
205.188.116.71 - - [02/Apr/2007:08:41:15 -0700] "GET /images/buffet.jpg HTTP/1.1" 200 44272 "-" "Mozilla/4.0 (compatible; MSIE 6.0; AOL 9.0; Windows NT 5.1; SV1)"
205.188.116.195 - - [02/Apr/2007:08:41:16 -0700] "GET /images/breakfastroom.jpg HTTP/1.1" 200 59357 "-" "Mozilla/4.0 (compatible; MSIE 6.0; AOL 9.0; Windows NT 5.1; SV1)"
205.188.117.13 - - [02/Apr/2007:08:41:11 -0700] "GET /images/diningroom.jpg HTTP/1.1" 200 33898 "-" "Mozilla/4.0 (compatible; MSIE 6.0; AOL 9.0; Windows NT 5.1; SV1)"
205.188.116.20 - - [02/Apr/2007:08:41:17 -0700] "GET /images/fireplace.jpg HTTP/1.1" 200 27997 "-" "Mozilla/4.0 (compatible; MSIE 6.0; AOL 9.0; Windows NT 5.1; SV1)"
205.188.116.78 - - [02/Apr/2007:08:41:16 -0700] "GET /images/bedroom1.jpg HTTP/1.1" 200 48743 "-" "Mozilla/4.0 (compatible; MSIE 6.0; AOL 9.0; Windows NT 5.1; SV1)"
205.188.117.8 - - [02/Apr/2007:08:41:17 -0700] "GET /images/bedroom2.jpg HTTP/1.1" 200 36177 "-" "Mozilla/4.0 (compatible; MSIE 6.0; AOL 9.0; Windows NT 5.1; SV1)"
205.188.116.80 - - [02/Apr/2007:08:41:17 -0700] "GET /images/bedroom3.jpg HTTP/1.1" 200 46384 "-" "Mozilla/4.0 (compatible; MSIE 6.0; AOL 9.0; Windows NT 5.1; SV1)"
205.188.117.9 - - [02/Apr/2007:08:41:13 -0700] "HEAD /images/contact.png HTTP/1.1" 200 0 "-" "Mozilla/4.0 (compatible; MSIE 6.0; AOL 9.0; Windows NT 5.1; SV1)"
205.188.116.137 - - [02/Apr/2007:08:41:19 -0700] "HEAD /images/reservations.png HTTP/1.1" 200 0 "-" "Mozilla/4.0 (compatible; MSIE 6.0; AOL 9.0; Windows NT 5.1; SV1)"
205.188.116.17 - - [02/Apr/2007:08:41:18 -0700] "HEAD /css/style.css HTTP/1.1" 200 0 "-" "Mozilla/4.0 (compatible; MSIE 6.0; AOL 9.0; Windows NT 5.1; SV1)"
205.188.116.138 - - [02/Apr/2007:08:41:19 -0700] "HEAD /images/rooms.png HTTP/1.1" 200 0 "-" "Mozilla/4.0 (compatible; MSIE 6.0; AOL 9.0; Windows NT 5.1; SV1)"
205.188.117.5 - - [02/Apr/2007:08:41:19 -0700] "HEAD /images/testimonials.png HTTP/1.1" 200 0 "-" "Mozilla/4.0 (compatible; MSIE 6.0; AOL 9.0; Windows NT 5.1; SV1)"
205.188.116.18 - - [02/Apr/2007:08:41:21 -0700] "HEAD /images/header.jpg HTTP/1.1" 200 0 "-" "Mozilla/4.0 (compatible; MSIE 6.0; AOL 9.0; Windows NT 5.1; SV1)"
205.188.116.11 - - [02/Apr/2007:08:41:21 -0700] "HEAD /images/privacy.png HTTP/1.1" 200 0 "-" "Mozilla/4.0 (compatible; MSIE 6.0; AOL 9.0; Windows NT 5.1; SV1)"
205.188.117.6 - - [02/Apr/2007:08:41:21 -0700] "HEAD /images/home.png HTTP/1.1" 200 0 "-" "Mozilla/4.0 (compatible; MSIE 6.0; AOL 9.0; Windows NT 5.1; SV1)"
205.188.116.68 - - [02/Apr/2007:08:41:21 -0700] "HEAD /images/about.png HTTP/1.1" 200 0 "-" "Mozilla/4.0 (compatible; MSIE 6.0; AOL 9.0; Windows NT 5.1; SV1)"
205.188.117.14 - - [02/Apr/2007:08:41:18 -0700] "HEAD /images/maps.png HTTP/1.1" 200 0 "-" "Mozilla/4.0 (compatible; MSIE 6.0; AOL 9.0; Windows NT 5.1; SV1)"
205.188.116.18 - - [02/Apr/2007:08:41:23 -0700] "GET /images/header.jpg HTTP/1.1" 200 126755 "-" "Mozilla/4.0 (compatible; MSIE 6.0; AOL 9.0; Windows NT 5.1; SV1)"
205.188.116.138 - - [02/Apr/2007:08:41:21 -0700] "GET /images/rooms.png HTTP/1.1" 200 447 "-" "Mozilla/4.0 (compatible; MSIE 6.0; AOL 9.0; Windows NT 5.1; SV1)"
205.188.116.11 - - [02/Apr/2007:08:41:13 -0700] "GET /images/privacy.png HTTP/1.1" 200 457 "-" "Mozilla/4.0 (compatible; MSIE 6.0; AOL 9.0; Windows NT 5.1; SV1)"
205.188.117.9 - - [02/Apr/2007:08:41:19 -0700] "GET /images/contact.png HTTP/1.1" 200 493 "-" "Mozilla/4.0 (compatible; MSIE 6.0; AOL 9.0; Windows NT 5.1; SV1)"
205.188.116.17 - - [02/Apr/2007:08:41:19 -0700] "GET /css/style.css HTTP/1.1" 200 515 "-" "Mozilla/4.0 (compatible; MSIE 6.0; AOL 9.0; Windows NT 5.1; SV1)"
205.188.116.137 - - [02/Apr/2007:08:41:19 -0700] "GET /images/reservations.png HTTP/1.1" 200 520 "-" "Mozilla/4.0 (compatible; MSIE 6.0; AOL 9.0; Windows NT 5.1; SV1)"
205.188.117.5 - - [02/Apr/2007:08:41:19 -0700] "GET /images/testimonials.png HTTP/1.1" 200 6611 "-" "Mozilla/4.0 (compatible; MSIE 6.0; AOL 9.0; Windows NT 5.1; SV1)"
205.188.117.14 - - [02/Apr/2007:08:41:19 -0700] "GET /images/maps.png HTTP/1.1" 200 439 "-" "Mozilla/4.0 (compatible; MSIE 6.0; AOL 9.0; Windows NT 5.1; SV1)"
205.188.117.6 - - [02/Apr/2007:08:41:19 -0700] "GET /images/home.png HTTP/1.1" 200 428 "-" "Mozilla/4.0 (compatible; MSIE 6.0; AOL 9.0; Windows NT 5.1; SV1)"
205.188.116.68 - - [02/Apr/2007:08:41:19 -0700] "GET /images/about.png HTTP/1.1" 200 471 "-" "Mozilla/4.0 (compatible; MSIE 6.0; AOL 9.0; Windows NT 5.1; SV1)"
205.188.116.17 - - [02/Apr/2007:08:41:19 -0700] "GET /css/style.css HTTP/1.1" 200 515 "http://www.casitamontana.com/testimonials.html" "Mozilla/4.0 (compatible; MSIE 6.0; AOL 9.0; Windows NT 5.1; SV1)"
205.188.116.16 - - [02/Apr/2007:08:41:19 -0700] "HEAD /index.html HTTP/1.1" 200 0 "-" "Mozilla/4.0 (compatible; MSIE 6.0; AOL 9.0; Windows NT 5.1; SV1)"
205.188.116.16 - - [02/Apr/2007:08:41:23 -0700] "GET /index.html HTTP/1.1" 200 3915 "-" "Mozilla/4.0 (compatible; MSIE 6.0; AOL 9.0; Windows NT 5.1; SV1)"
205.188.116.18 - - [02/Apr/2007:08:41:19 -0700] "GET /images/header.jpg HTTP/1.1" 200 126755 "http://www.casitamontana.com/testimonials.html" "Mozilla/4.0 (compatible; MSIE 6.0; AOL 9.0; Windows NT 5.1; SV1)"
205.188.116.18 - - [02/Apr/2007:08:41:24 -0700] "GET /images/header.jpg HTTP/1.1" 200 126755 "-" "Mozilla/4.0 (compatible; MSIE 6.0; AOL 9.0; Windows NT 5.1; SV1)"
205.188.117.13 - - [02/Apr/2007:08:41:31 -0700] "GET /reservations.html HTTP/1.1" 200 5944 "http://www.casitamontana.com/testimonials.html" "Mozilla/4.0 (compatible; MSIE 6.0; AOL 9.0; Windows NT 5.1; SV1)"
205.188.116.18 - - [02/Apr/2007:08:41:27 -0700] "GET /images/header.jpg HTTP/1.1" 200 126755 "http://www.casitamontana.com/reservations.html" "Mozilla/4.0 (compatible; MSIE 6.0; AOL 9.0; Windows NT 5.1; SV1)"
205.188.116.71 - - [02/Apr/2007:08:41:26 -0700] "GET /images/paypal.gif HTTP/1.1" 200 2373 "http://www.casitamontana.com/reservations.html" "Mozilla/4.0 (compatible; MSIE 6.0; AOL 9.0; Windows NT 5.1; SV1)"
205.188.116.71 - - [02/Apr/2007:08:41:33 -0700] "GET /images/paypal.gif HTTP/1.1" 200 2373 "-" "Mozilla/4.0 (compatible; MSIE 6.0; AOL 9.0; Windows NT 5.1; SV1)"
205.188.116.18 - - [02/Apr/2007:08:41:33 -0700] "GET /images/header.jpg HTTP/1.1" 200 126755 "-" "Mozilla/4.0 (compatible; MSIE 6.0; AOL 9.0; Windows NT 5.1; SV1)"
205.188.116.204 - - [02/Apr/2007:08:41:35 -0700] "GET /maps.html HTTP/1.1" 200 2601 "http://www.casitamontana.com/reservations.html" "Mozilla/4.0 (compatible; MSIE 6.0; AOL 9.0; Windows NT 5.1; SV1)"
205.188.116.18 - - [02/Apr/2007:08:41:30 -0700] "GET /images/header.jpg HTTP/1.1" 200 126755 "http://www.casitamontana.com/maps.html" "Mozilla/4.0 (compatible; MSIE 6.0; AOL 9.0; Windows NT 5.1; SV1)"
205.188.117.10 - - [02/Apr/2007:08:41:36 -0700] "GET /images/ajijic_map.jpg HTTP/1.1" 200 223169 "http://www.casitamontana.com/maps.html" "Mozilla/4.0 (compatible; MSIE 6.0; AOL 9.0; Windows NT 5.1; SV1)"
205.188.116.18 - - [02/Apr/2007:08:41:41 -0700] "GET /images/header.jpg HTTP/1.1" 200 126755 "-" "Mozilla/4.0 (compatible; MSIE 6.0; AOL 9.0; Windows NT 5.1; SV1)"
205.188.117.10 - - [02/Apr/2007:08:41:41 -0700] "GET /images/ajijic_map.jpg HTTP/1.1" 200 223169 "-" "Mozilla/4.0 (compatible; MSIE 6.0; AOL 9.0; Windows NT 5.1; SV1)"
205.188.116.210 - - [02/Apr/2007:08:41:44 -0700] "GET /contact.html HTTP/1.1" 200 3389 "http://www.casitamontana.com/maps.html" "Mozilla/4.0 (compatible; MSIE 6.0; AOL 9.0; Windows NT 5.1; SV1)"
205.188.116.18 - - [02/Apr/2007:08:41:46 -0700] "GET /images/header.jpg HTTP/1.1" 200 126755 "http://www.casitamontana.com/contact.html" "Mozilla/4.0 (compatible; MSIE 6.0; AOL 9.0; Windows NT 5.1; SV1)"
205.188.116.18 - - [02/Apr/2007:08:41:52 -0700] "GET /images/header.jpg HTTP/1.1" 200 126755 "-" "Mozilla/4.0 (compatible; MSIE 6.0; AOL 9.0; Windows NT 5.1; SV1)"
205.188.116.12 - - [02/Apr/2007:08:41:51 -0700] "GET /about.html HTTP/1.1" 200 6050 "http://www.casitamontana.com/contact.html" "Mozilla/4.0 (compatible; MSIE 6.0; AOL 9.0; Windows NT 5.1; SV1)"
205.188.116.18 - - [02/Apr/2007:08:41:51 -0700] "HEAD /images/header.jpg HTTP/1.1" 200 0 "-" "Mozilla/4.0 (compatible; MSIE 6.0; AOL 9.0; Windows NT 5.1; SV1)"
205.188.116.18 - - [02/Apr/2007:08:41:51 -0700] "GET /images/header.jpg HTTP/1.1" 200 126755 "-" "Mozilla/4.0 (compatible; MSIE 6.0; AOL 9.0; Windows NT 5.1; SV1)"
205.188.116.18 - - [02/Apr/2007:08:41:52 -0700] "GET /images/header.jpg HTTP/1.1" 200 126755 "http://www.casitamontana.com/about.html" "Mozilla/4.0 (compatible; MSIE 6.0; AOL 9.0; Windows NT 5.1; SV1)"
205.188.116.18 - - [02/Apr/2007:08:41:55 -0700] "GET /images/header.jpg HTTP/1.1" 200 126755 "-" "Mozilla/4.0 (compatible; MSIE 6.0; AOL 9.0; Windows NT 5.1; SV1)"
205.188.116.69 - - [02/Apr/2007:08:42:03 -0700] "GET /privacy.html HTTP/1.1" 200 3065 "http://www.casitamontana.com/about.html" "Mozilla/4.0 (compatible; MSIE 6.0; AOL 9.0; Windows NT 5.1; SV1)"
205.188.116.18 - - [02/Apr/2007:08:41:58 -0700] "GET /images/header.jpg HTTP/1.1" 200 126755 "http://www.casitamontana.com/privacy.html" "Mozilla/4.0 (compatible; MSIE 6.0; AOL 9.0; Windows NT 5.1; SV1)"
74.6.75.17 - - [02/Apr/2007:08:52:05 -0700] "GET /robots.txt HTTP/1.0" 404 275 "-" "Mozilla/5.0 (compatible; Yahoo! Slurp; http://help.yahoo.com/help/us/ysearch/slurp)"
74.6.70.75 - - [02/Apr/2007:08:52:07 -0700] "GET /index.html HTTP/1.0" 304 - "-" "Mozilla/5.0 (compatible; Yahoo! Slurp; http://help.yahoo.com/help/us/ysearch/slurp)"
201.116.204.162 - - [02/Apr/2007:09:14:06 -0700] "GET / HTTP/1.1" 200 3915 "http://www.mexconnect.com/mex_/chreares.html" "Mozilla/4.0 (compatible; MSIE 6.0; Windows NT 5.1; SV1; .NET CLR 1.1.4322)"
201.116.204.162 - - [02/Apr/2007:09:14:06 -0700] "GET /css/style.css HTTP/1.1" 200 515 "http://www.casitamontana.com/" "Mozilla/4.0 (compatible; MSIE 6.0; Windows NT 5.1; SV1; .NET CLR 1.1.4322)"
201.116.204.162 - - [02/Apr/2007:09:14:06 -0700] "GET /images/home.png HTTP/1.1" 200 428 "http://www.casitamontana.com/" "Mozilla/4.0 (compatible; MSIE 6.0; Windows NT 5.1; SV1; .NET CLR 1.1.4322)"
201.116.204.162 - - [02/Apr/2007:09:14:06 -0700] "GET /images/rooms.png HTTP/1.1" 200 447 "http://www.casitamontana.com/" "Mozilla/4.0 (compatible; MSIE 6.0; Windows NT 5.1; SV1; .NET CLR 1.1.4322)"
201.116.204.162 - - [02/Apr/2007:09:14:07 -0700] "GET /images/header.jpg HTTP/1.1" 200 126755 "http://www.casitamontana.com/" "Mozilla/4.0 (compatible; MSIE 6.0; Windows NT 5.1; SV1; .NET CLR 1.1.4322)"
201.116.204.162 - - [02/Apr/2007:09:14:07 -0700] "GET /favicon.ico HTTP/1.1" 404 275 "-" "Mozilla/4.0 (compatible; MSIE 6.0; Windows NT 5.1; SV1; .NET CLR 1.1.4322)"
201.116.204.162 - - [02/Apr/2007:09:14:07 -0700] "GET /images/testimonials.png HTTP/1.1" 200 6611 "http://www.casitamontana.com/" "Mozilla/4.0 (compatible; MSIE 6.0; Windows NT 5.1; SV1; .NET CLR 1.1.4322)"
201.116.204.162 - - [02/Apr/2007:09:14:08 -0700] "GET /images/reservations.png HTTP/1.1" 200 520 "http://www.casitamontana.com/" "Mozilla/4.0 (compatible; MSIE 6.0; Windows NT 5.1; SV1; .NET CLR 1.1.4322)"
201.116.204.162 - - [02/Apr/2007:09:14:08 -0700] "GET /images/maps.png HTTP/1.1" 200 439 "http://www.casitamontana.com/" "Mozilla/4.0 (compatible; MSIE 6.0; Windows NT 5.1; SV1; .NET CLR 1.1.4322)"
201.116.204.162 - - [02/Apr/2007:09:14:08 -0700] "GET /images/contact.png HTTP/1.1" 200 493 "http://www.casitamontana.com/" "Mozilla/4.0 (compatible; MSIE 6.0; Windows NT 5.1; SV1; .NET CLR 1.1.4322)"
201.116.204.162 - - [02/Apr/2007:09:14:09 -0700] "GET /images/about.png HTTP/1.1" 200 471 "http://www.casitamontana.com/" "Mozilla/4.0 (compatible; MSIE 6.0; Windows NT 5.1; SV1; .NET CLR 1.1.4322)"
201.116.204.162 - - [02/Apr/2007:09:14:09 -0700] "GET /images/privacy.png HTTP/1.1" 200 457 "http://www.casitamontana.com/" "Mozilla/4.0 (compatible; MSIE 6.0; Windows NT 5.1; SV1; .NET CLR 1.1.4322)"
201.116.204.162 - - [02/Apr/2007:09:14:09 -0700] "GET /favicon.ico HTTP/1.1" 404 275 "-" "Mozilla/4.0 (compatible; MSIE 6.0; Windows NT 5.1; SV1; .NET CLR 1.1.4322)"
201.116.204.162 - - [02/Apr/2007:09:14:15 -0700] "GET /rooms.html HTTP/1.1" 200 4005 "http://www.casitamontana.com/" "Mozilla/4.0 (compatible; MSIE 6.0; Windows NT 5.1; SV1; .NET CLR 1.1.4322)"
201.116.204.162 - - [02/Apr/2007:09:14:15 -0700] "GET /images/buffet.jpg HTTP/1.1" 200 44272 "http://www.casitamontana.com/rooms.html" "Mozilla/4.0 (compatible; MSIE 6.0; Windows NT 5.1; SV1; .NET CLR 1.1.4322)"
201.116.204.162 - - [02/Apr/2007:09:14:15 -0700] "GET /images/breakfastroom.jpg HTTP/1.1" 200 59357 "http://www.casitamontana.com/rooms.html" "Mozilla/4.0 (compatible; MSIE 6.0; Windows NT 5.1; SV1; .NET CLR 1.1.4322)"
201.116.204.162 - - [02/Apr/2007:09:14:16 -0700] "GET /favicon.ico HTTP/1.1" 404 275 "-" "Mozilla/4.0 (compatible; MSIE 6.0; Windows NT 5.1; SV1; .NET CLR 1.1.4322)"
201.116.204.162 - - [02/Apr/2007:09:14:16 -0700] "GET /images/fireplace.jpg HTTP/1.1" 200 27997 "http://www.casitamontana.com/rooms.html" "Mozilla/4.0 (compatible; MSIE 6.0; Windows NT 5.1; SV1; .NET CLR 1.1.4322)"
201.116.204.162 - - [02/Apr/2007:09:14:16 -0700] "GET /images/livingroom.jpg HTTP/1.1" 200 46925 "http://www.casitamontana.com/rooms.html" "Mozilla/4.0 (compatible; MSIE 6.0; Windows NT 5.1; SV1; .NET CLR 1.1.4322)"
201.116.204.162 - - [02/Apr/2007:09:14:17 -0700] "GET /images/diningroom.jpg HTTP/1.1" 200 33898 "http://www.casitamontana.com/rooms.html" "Mozilla/4.0 (compatible; MSIE 6.0; Windows NT 5.1; SV1; .NET CLR 1.1.4322)"
201.116.204.162 - - [02/Apr/2007:09:14:18 -0700] "GET /images/bedroom1.jpg HTTP/1.1" 200 48743 "http://www.casitamontana.com/rooms.html" "Mozilla/4.0 (compatible; MSIE 6.0; Windows NT 5.1; SV1; .NET CLR 1.1.4322)"
201.116.204.162 - - [02/Apr/2007:09:14:18 -0700] "GET /images/bedroom2.jpg HTTP/1.1" 200 36177 "http://www.casitamontana.com/rooms.html" "Mozilla/4.0 (compatible; MSIE 6.0; Windows NT 5.1; SV1; .NET CLR 1.1.4322)"
201.116.204.162 - - [02/Apr/2007:09:14:19 -0700] "GET /images/bedroom3.jpg HTTP/1.1" 200 46384 "http://www.casitamontana.com/rooms.html" "Mozilla/4.0 (compatible; MSIE 6.0; Windows NT 5.1; SV1; .NET CLR 1.1.4322)"
201.116.204.162 - - [02/Apr/2007:09:14:20 -0700] "GET /favicon.ico HTTP/1.1" 404 275 "-" "Mozilla/4.0 (compatible; MSIE 6.0; Windows NT 5.1; SV1; .NET CLR 1.1.4322)"
201.116.204.162 - - [02/Apr/2007:09:14:35 -0700] "GET /favicon.ico HTTP/1.1" 404 275 "-" "Mozilla/4.0 (compatible; MSIE 6.0; Windows NT 5.1; SV1; .NET CLR 1.1.4322)"
64.12.116.131 - - [02/Apr/2007:10:34:19 -0700] "HEAD / HTTP/1.1" 200 0 "-" "Mozilla/4.0 (compatible; MSIE 6.0; AOL 9.0; Windows NT 5.1; SV1)"
64.12.116.131 - - [02/Apr/2007:10:34:19 -0700] "GET / HTTP/1.1" 200 3915 "-" "Mozilla/4.0 (compatible; MSIE 6.0; AOL 9.0; Windows NT 5.1; SV1)"
200.94.238.84 - - [02/Apr/2007:10:50:29 -0700] "GET / HTTP/1.1" 200 3915 "-" "Mozilla/4.0 (compatible; MSIE 6.0; Windows NT 5.1; SV1)"
200.94.238.84 - - [02/Apr/2007:10:50:29 -0700] "GET /images/home.png HTTP/1.1" 200 428 "http://www.casitamontana.com/" "Mozilla/4.0 (compatible; MSIE 6.0; Windows NT 5.1; SV1)"
200.94.238.84 - - [02/Apr/2007:10:50:29 -0700] "GET /images/header.jpg HTTP/1.1" 200 126755 "http://www.casitamontana.com/" "Mozilla/4.0 (compatible; MSIE 6.0; Windows NT 5.1; SV1)"
200.94.238.84 - - [02/Apr/2007:10:50:39 -0700] "GET /css/style.css HTTP/1.1" 200 515 "http://www.casitamontana.com/" "Mozilla/4.0 (compatible; MSIE 6.0; Windows NT 5.1; SV1)"
200.94.238.84 - - [02/Apr/2007:10:50:39 -0700] "GET /images/header.jpg HTTP/1.1" 206 126755 "http://www.casitamontana.com/" "Mozilla/4.0 (compatible; MSIE 6.0; Windows NT 5.1; SV1)"
200.94.238.84 - - [02/Apr/2007:10:50:40 -0700] "GET /images/contact.png HTTP/1.1" 200 493 "http://www.casitamontana.com/" "Mozilla/4.0 (compatible; MSIE 6.0; Windows NT 5.1; SV1)"
200.94.238.84 - - [02/Apr/2007:10:50:40 -0700] "GET /images/rooms.png HTTP/1.1" 200 447 "http://www.casitamontana.com/" "Mozilla/4.0 (compatible; MSIE 6.0; Windows NT 5.1; SV1)"
200.94.238.84 - - [02/Apr/2007:10:50:41 -0700] "GET /images/testimonials.png HTTP/1.1" 200 6611 "http://www.casitamontana.com/" "Mozilla/4.0 (compatible; MSIE 6.0; Windows NT 5.1; SV1)"
200.94.238.84 - - [02/Apr/2007:10:50:41 -0700] "GET /images/maps.png HTTP/1.1" 200 439 "http://www.casitamontana.com/" "Mozilla/4.0 (compatible; MSIE 6.0; Windows NT 5.1; SV1)"
200.94.238.84 - - [02/Apr/2007:10:50:41 -0700] "GET /images/reservations.png HTTP/1.1" 200 520 "http://www.casitamontana.com/" "Mozilla/4.0 (compatible; MSIE 6.0; Windows NT 5.1; SV1)"
200.94.238.84 - - [02/Apr/2007:10:50:42 -0700] "GET /images/home.png HTTP/1.1" 206 428 "http://www.casitamontana.com/" "Mozilla/4.0 (compatible; MSIE 6.0; Windows NT 5.1; SV1)"
200.94.238.84 - - [02/Apr/2007:10:50:42 -0700] "GET /images/about.png HTTP/1.1" 200 471 "http://www.casitamontana.com/" "Mozilla/4.0 (compatible; MSIE 6.0; Windows NT 5.1; SV1)"
200.94.238.84 - - [02/Apr/2007:10:50:42 -0700] "GET /images/privacy.png HTTP/1.1" 200 457 "http://www.casitamontana.com/" "Mozilla/4.0 (compatible; MSIE 6.0; Windows NT 5.1; SV1)"
128.194.135.94 - - [02/Apr/2007:11:30:28 -0700] "GET /robots.txt HTTP/1.1" 404 275 "-" "IRLbot/3.0 (compatible; MSIE 6.0; http://irl.cs.tamu.edu/crawler)"
198.150.115.198 - - [02/Apr/2007:12:00:08 -0700] "GET / HTTP/1.1" 200 3915 "http://search.yahoo.com/search?p=ajijic+mexico+rentals&ei=UTF-8&pstart=1&fr=yfp-t-501&b=11" "Mozilla/4.0 (compatible; MSIE 6.0; Windows NT 5.1; SV1; .NET CLR 1.1.4322; InfoPath.1; .NET CLR 2.0.50727)"
198.150.115.198 - - [02/Apr/2007:12:00:08 -0700] "GET /css/style.css HTTP/1.1" 200 515 "http://www.casitamontana.com/" "Mozilla/4.0 (compatible; MSIE 6.0; Windows NT 5.1; SV1; .NET CLR 1.1.4322; InfoPath.1; .NET CLR 2.0.50727)"
198.150.115.198 - - [02/Apr/2007:12:00:08 -0700] "GET /images/home.png HTTP/1.1" 200 428 "http://www.casitamontana.com/" "Mozilla/4.0 (compatible; MSIE 6.0; Windows NT 5.1; SV1; .NET CLR 1.1.4322; InfoPath.1; .NET CLR 2.0.50727)"
198.150.115.198 - - [02/Apr/2007:12:00:08 -0700] "GET /images/header.jpg HTTP/1.1" 200 126755 "http://www.casitamontana.com/" "Mozilla/4.0 (compatible; MSIE 6.0; Windows NT 5.1; SV1; .NET CLR 1.1.4322; InfoPath.1; .NET CLR 2.0.50727)"
198.150.115.198 - - [02/Apr/2007:12:00:08 -0700] "GET /images/rooms.png HTTP/1.1" 200 447 "http://www.casitamontana.com/" "Mozilla/4.0 (compatible; MSIE 6.0; Windows NT 5.1; SV1; .NET CLR 1.1.4322; InfoPath.1; .NET CLR 2.0.50727)"
198.150.115.198 - - [02/Apr/2007:12:00:08 -0700] "GET /images/testimonials.png HTTP/1.1" 200 6611 "http://www.casitamontana.com/" "Mozilla/4.0 (compatible; MSIE 6.0; Windows NT 5.1; SV1; .NET CLR 1.1.4322; InfoPath.1; .NET CLR 2.0.50727)"
