81.52.143.15 - - [30/Apr/2007:17:59:54 -0700] "GET /robots.txt HTTP/1.1" 404 275 "-" "Mozilla/5.0 (Windows; U; Windows NT 5.1; fr; rv:1.8.1) VoilaBot BETA 1.2 (http://www.voila.com/)" "www.casitamontana.com"
81.52.143.15 - - [30/Apr/2007:17:59:55 -0700] "GET / HTTP/1.1" 200 3915 "-" "Mozilla/5.0 (Windows; U; Windows NT 5.1; fr; rv:1.8.1) VoilaBot BETA 1.2 (http://www.voila.com/)" "www.casitamontana.com"
192.197.253.19 - - [30/Apr/2007:18:07:27 -0700] "GET / HTTP/1.1" 200 3915 "-" "Mozilla/4.0 (compatible; MSIE 6.0; Windows NT 5.1; SV1; .NET CLR 1.1.4322; .NET CLR 1.0.3705)" "www.casitamontana.com"
192.197.253.19 - - [30/Apr/2007:18:07:34 -0700] "GET /css/style.css HTTP/1.1" 200 515 "http://www.casitamontana.com/" "Mozilla/4.0 (compatible; MSIE 6.0; Windows NT 5.1; SV1; .NET CLR 1.1.4322; .NET CLR 1.0.3705)" "www.casitamontana.com"
192.197.253.19 - - [30/Apr/2007:18:07:18 -0700] "GET /images/home.png HTTP/1.1" 200 428 "http://www.casitamontana.com/" "Mozilla/4.0 (compatible; MSIE 6.0; Windows NT 5.1; SV1; .NET CLR 1.1.4322; .NET CLR 1.0.3705)" "www.casitamontana.com"
192.197.253.19 - - [30/Apr/2007:18:07:28 -0700] "GET /images/header.jpg HTTP/1.1" 200 126755 "http://www.casitamontana.com/" "Mozilla/4.0 (compatible; MSIE 6.0; Windows NT 5.1; SV1; .NET CLR 1.1.4322; .NET CLR 1.0.3705)" "www.casitamontana.com"
192.197.253.19 - - [30/Apr/2007:18:07:34 -0700] "GET /images/rooms.png HTTP/1.1" 200 447 "http://www.casitamontana.com/" "Mozilla/4.0 (compatible; MSIE 6.0; Windows NT 5.1; SV1; .NET CLR 1.1.4322; .NET CLR 1.0.3705)" "www.casitamontana.com"
192.197.253.19 - - [30/Apr/2007:18:07:27 -0700] "GET /images/reservations.png HTTP/1.1" 200 520 "http://www.casitamontana.com/" "Mozilla/4.0 (compatible; MSIE 6.0; Windows NT 5.1; SV1; .NET CLR 1.1.4322; .NET CLR 1.0.3705)" "www.casitamontana.com"
192.197.253.19 - - [30/Apr/2007:18:07:28 -0700] "GET /images/maps.png HTTP/1.1" 200 439 "http://www.casitamontana.com/" "Mozilla/4.0 (compatible; MSIE 6.0; Windows NT 5.1; SV1; .NET CLR 1.1.4322; .NET CLR 1.0.3705)" "www.casitamontana.com"
192.197.253.19 - - [30/Apr/2007:18:07:35 -0700] "GET /images/maps.png HTTP/1.1" 200 439 "http://www.casitamontana.com/" "Mozilla/4.0 (compatible; MSIE 6.0; Windows NT 5.1; SV1; .NET CLR 1.1.4322; .NET CLR 1.0.3705)" "www.casitamontana.com"
192.197.253.19 - - [30/Apr/2007:18:07:35 -0700] "GET /images/testimonials.png HTTP/1.1" 200 6611 "http://www.casitamontana.com/" "Mozilla/4.0 (compatible; MSIE 6.0; Windows NT 5.1; SV1; .NET CLR 1.1.4322; .NET CLR 1.0.3705)" "www.casitamontana.com"
192.197.253.19 - - [30/Apr/2007:18:07:35 -0700] "GET /images/contact.png HTTP/1.1" 200 493 "http://www.casitamontana.com/" "Mozilla/4.0 (compatible; MSIE 6.0; Windows NT 5.1; SV1; .NET CLR 1.1.4322; .NET CLR 1.0.3705)" "www.casitamontana.com"
192.197.253.19 - - [30/Apr/2007:18:07:35 -0700] "GET /images/contact.png HTTP/1.1" 200 493 "http://www.casitamontana.com/" "Mozilla/4.0 (compatible; MSIE 6.0; Windows NT 5.1; SV1; .NET CLR 1.1.4322; .NET CLR 1.0.3705)" "www.casitamontana.com"
192.197.253.19 - - [30/Apr/2007:18:07:28 -0700] "GET /images/about.png HTTP/1.1" 200 471 "http://www.casitamontana.com/" "Mozilla/4.0 (compatible; MSIE 6.0; Windows NT 5.1; SV1; .NET CLR 1.1.4322; .NET CLR 1.0.3705)" "www.casitamontana.com"
192.197.253.19 - - [30/Apr/2007:18:07:28 -0700] "GET /images/privacy.png HTTP/1.1" 200 457 "http://www.casitamontana.com/" "Mozilla/4.0 (compatible; MSIE 6.0; Windows NT 5.1; SV1; .NET CLR 1.1.4322; .NET CLR 1.0.3705)" "www.casitamontana.com"
192.197.253.19 - - [30/Apr/2007:18:08:02 -0700] "GET /rooms.html HTTP/1.1" 200 4005 "http://www.casitamontana.com/" "Mozilla/4.0 (compatible; MSIE 6.0; Windows NT 5.1; SV1; .NET CLR 1.1.4322; .NET CLR 1.0.3705)" "www.casitamontana.com"
192.197.253.19 - - [30/Apr/2007:18:08:00 -0700] "GET /images/buffet.jpg HTTP/1.1" 200 44272 "http://www.casitamontana.com/rooms.html" "Mozilla/4.0 (compatible; MSIE 6.0; Windows NT 5.1; SV1; .NET CLR 1.1.4322; .NET CLR 1.0.3705)" "www.casitamontana.com"
192.197.253.19 - - [30/Apr/2007:18:07:58 -0700] "GET /images/breakfastroom.jpg HTTP/1.1" 200 59357 "http://www.casitamontana.com/rooms.html" "Mozilla/4.0 (compatible; MSIE 6.0; Windows NT 5.1; SV1; .NET CLR 1.1.4322; .NET CLR 1.0.3705)" "www.casitamontana.com"
192.197.253.19 - - [30/Apr/2007:18:08:00 -0700] "GET /images/fireplace.jpg HTTP/1.1" 200 27997 "http://www.casitamontana.com/rooms.html" "Mozilla/4.0 (compatible; MSIE 6.0; Windows NT 5.1; SV1; .NET CLR 1.1.4322; .NET CLR 1.0.3705)" "www.casitamontana.com"
192.197.253.19 - - [30/Apr/2007:18:07:58 -0700] "GET /images/livingroom.jpg HTTP/1.1" 200 46925 "http://www.casitamontana.com/rooms.html" "Mozilla/4.0 (compatible; MSIE 6.0; Windows NT 5.1; SV1; .NET CLR 1.1.4322; .NET CLR 1.0.3705)" "www.casitamontana.com"
192.197.253.19 - - [30/Apr/2007:18:07:51 -0700] "GET /images/diningroom.jpg HTTP/1.1" 200 33898 "http://www.casitamontana.com/rooms.html" "Mozilla/4.0 (compatible; MSIE 6.0; Windows NT 5.1; SV1; .NET CLR 1.1.4322; .NET CLR 1.0.3705)" "www.casitamontana.com"
192.197.253.19 - - [30/Apr/2007:18:08:00 -0700] "GET /images/bedroom2.jpg HTTP/1.1" 200 36177 "http://www.casitamontana.com/rooms.html" "Mozilla/4.0 (compatible; MSIE 6.0; Windows NT 5.1; SV1; .NET CLR 1.1.4322; .NET CLR 1.0.3705)" "www.casitamontana.com"
192.197.253.19 - - [30/Apr/2007:18:07:59 -0700] "GET /images/bedroom3.jpg HTTP/1.1" 200 46384 "http://www.casitamontana.com/rooms.html" "Mozilla/4.0 (compatible; MSIE 6.0; Windows NT 5.1; SV1; .NET CLR 1.1.4322; .NET CLR 1.0.3705)" "www.casitamontana.com"
192.197.253.19 - - [30/Apr/2007:18:08:01 -0700] "GET /images/bedroom1.jpg HTTP/1.1" 200 48743 "http://www.casitamontana.com/rooms.html" "Mozilla/4.0 (compatible; MSIE 6.0; Windows NT 5.1; SV1; .NET CLR 1.1.4322; .NET CLR 1.0.3705)" "www.casitamontana.com"
65.55.243.145 - - [30/Apr/2007:19:11:47 -0700] "GET / HTTP/1.1" 200 3915 "-" "Mozilla/4.0 (compatible; MSIE 6.0; Windows NT 5.1; .NET CLR 1.0.3" "www.casitamontana.com"
67.182.120.20 - - [30/Apr/2007:19:11:56 -0700] "GET / HTTP/1.1" 200 3915 "http://search.msn.com/results.aspx?q=chapala+jalisco%2C+mexico.&FORM=MSNH&setlang=es-us" "Mozilla/4.0 (compatible; MSIE 7.0; Windows NT 6.0; SLCC1; .NET CLR 2.0.50727; Media Center PC 5.0; .NET CLR 3.0.04506)" "www.casitamontana.com"
65.210.123.237 - - [30/Apr/2007:19:11:47 -0700] "GET / HTTP/1.0" 200 3915 "-" "Mozilla/4.0 (compatible; MSIE 4.0; Windows NT; ....../1.0 )" "www.casitamontana.com"
67.182.120.20 - - [30/Apr/2007:19:11:56 -0700] "GET /css/style.css HTTP/1.1" 200 515 "http://www.casitamontana.com/" "Mozilla/4.0 (compatible; MSIE 7.0; Windows NT 6.0; SLCC1; .NET CLR 2.0.50727; Media Center PC 5.0; .NET CLR 3.0.04506)" "www.casitamontana.com"
65.55.243.145 - - [30/Apr/2007:19:11:47 -0700] "GET /images/header.jpg HTTP/1.1" 200 126755 "-" "Mozilla/4.0 (compatible; MSIE 6.0; Windows NT 5.1; .NET CLR 1.0.3" "www.casitamontana.com"
67.182.120.20 - - [30/Apr/2007:19:11:56 -0700] "GET /images/header.jpg HTTP/1.1" 200 126755 "http://www.casitamontana.com/" "Mozilla/4.0 (compatible; MSIE 7.0; Windows NT 6.0; SLCC1; .NET CLR 2.0.50727; Media Center PC 5.0; .NET CLR 3.0.04506)" "www.casitamontana.com"
65.55.243.145 - - [30/Apr/2007:19:11:47 -0700] "GET /images/home.png HTTP/1.1" 200 428 "-" "Mozilla/4.0 (compatible; MSIE 6.0; Windows NT 5.1; .NET CLR 1.0.3" "www.casitamontana.com"
67.182.120.20 - - [30/Apr/2007:19:11:56 -0700] "GET /images/home.png HTTP/1.1" 200 428 "http://www.casitamontana.com/" "Mozilla/4.0 (compatible; MSIE 7.0; Windows NT 6.0; SLCC1; .NET CLR 2.0.50727; Media Center PC 5.0; .NET CLR 3.0.04506)" "www.casitamontana.com"
65.55.243.145 - - [30/Apr/2007:19:11:48 -0700] "GET /images/rooms.png HTTP/1.1" 200 447 "-" "Mozilla/4.0 (compatible; MSIE 6.0; Windows NT 5.1; .NET CLR 1.0.3" "www.casitamontana.com"
67.182.120.20 - - [30/Apr/2007:19:11:57 -0700] "GET /images/rooms.png HTTP/1.1" 200 447 "http://www.casitamontana.com/" "Mozilla/4.0 (compatible; MSIE 7.0; Windows NT 6.0; SLCC1; .NET CLR 2.0.50727; Media Center PC 5.0; .NET CLR 3.0.04506)" "www.casitamontana.com"
65.55.243.145 - - [30/Apr/2007:19:11:48 -0700] "GET /images/testimonials.png HTTP/1.1" 200 6611 "-" "Mozilla/4.0 (compatible; MSIE 6.0; Windows NT 5.1; .NET CLR 1.0.3" "www.casitamontana.com"
67.182.120.20 - - [30/Apr/2007:19:11:57 -0700] "GET /images/testimonials.png HTTP/1.1" 200 6611 "http://www.casitamontana.com/" "Mozilla/4.0 (compatible; MSIE 7.0; Windows NT 6.0; SLCC1; .NET CLR 2.0.50727; Media Center PC 5.0; .NET CLR 3.0.04506)" "www.casitamontana.com"
65.55.243.145 - - [30/Apr/2007:19:11:48 -0700] "GET /images/reservations.png HTTP/1.1" 200 520 "-" "Mozilla/4.0 (compatible; MSIE 6.0; Windows NT 5.1; .NET CLR 1.0.3" "www.casitamontana.com"
67.182.120.20 - - [30/Apr/2007:19:11:57 -0700] "GET /images/reservations.png HTTP/1.1" 200 520 "http://www.casitamontana.com/" "Mozilla/4.0 (compatible; MSIE 7.0; Windows NT 6.0; SLCC1; .NET CLR 2.0.50727; Media Center PC 5.0; .NET CLR 3.0.04506)" "www.casitamontana.com"
65.55.243.145 - - [30/Apr/2007:19:11:48 -0700] "GET /images/maps.png HTTP/1.1" 200 439 "-" "Mozilla/4.0 (compatible; MSIE 6.0; Windows NT 5.1; .NET CLR 1.0.3" "www.casitamontana.com"
67.182.120.20 - - [30/Apr/2007:19:11:57 -0700] "GET /images/maps.png HTTP/1.1" 200 439 "http://www.casitamontana.com/" "Mozilla/4.0 (compatible; MSIE 7.0; Windows NT 6.0; SLCC1; .NET CLR 2.0.50727; Media Center PC 5.0; .NET CLR 3.0.04506)" "www.casitamontana.com"
65.55.243.145 - - [30/Apr/2007:19:11:49 -0700] "GET /images/contact.png HTTP/1.1" 200 493 "-" "Mozilla/4.0 (compatible; MSIE 6.0; Windows NT 5.1; .NET CLR 1.0.3" "www.casitamontana.com"
67.182.120.20 - - [30/Apr/2007:19:11:58 -0700] "GET /images/contact.png HTTP/1.1" 200 493 "http://www.casitamontana.com/" "Mozilla/4.0 (compatible; MSIE 7.0; Windows NT 6.0; SLCC1; .NET CLR 2.0.50727; Media Center PC 5.0; .NET CLR 3.0.04506)" "www.casitamontana.com"
65.55.243.145 - - [30/Apr/2007:19:11:49 -0700] "GET /images/about.png HTTP/1.1" 200 471 "-" "Mozilla/4.0 (compatible; MSIE 6.0; Windows NT 5.1; .NET CLR 1.0.3" "www.casitamontana.com"
67.182.120.20 - - [30/Apr/2007:19:11:58 -0700] "GET /images/about.png HTTP/1.1" 200 471 "http://www.casitamontana.com/" "Mozilla/4.0 (compatible; MSIE 7.0; Windows NT 6.0; SLCC1; .NET CLR 2.0.50727; Media Center PC 5.0; .NET CLR 3.0.04506)" "www.casitamontana.com"
65.55.243.145 - - [30/Apr/2007:19:11:49 -0700] "GET /images/privacy.png HTTP/1.1" 200 457 "-" "Mozilla/4.0 (compatible; MSIE 6.0; Windows NT 5.1; .NET CLR 1.0.3" "www.casitamontana.com"
67.182.120.20 - - [30/Apr/2007:19:11:58 -0700] "GET /images/privacy.png HTTP/1.1" 200 457 "http://www.casitamontana.com/" "Mozilla/4.0 (compatible; MSIE 7.0; Windows NT 6.0; SLCC1; .NET CLR 2.0.50727; Media Center PC 5.0; .NET CLR 3.0.04506)" "www.casitamontana.com"
65.55.243.145 - - [30/Apr/2007:19:11:49 -0700] "GET /favicon.ico HTTP/1.1" 404 275 "-" "Mozilla/4.0 (compatible; MSIE 6.0; Windows NT 5.1; .NET CLR 1.0.3" "www.casitamontana.com"
67.182.120.20 - - [30/Apr/2007:19:11:58 -0700] "GET /favicon.ico HTTP/1.1" 404 275 "-" "Mozilla/4.0 (compatible; MSIE 7.0; Windows NT 6.0; SLCC1; .NET CLR 2.0.50727; Media Center PC 5.0; .NET CLR 3.0.04506)" "www.casitamontana.com"
65.210.123.237 - - [30/Apr/2007:19:11:53 -0700] "GET /images/header.jpg HTTP/1.0" 200 126755 "-" "Mozilla/4.0 (compatible; MSIE 4.0; Windows NT; ....../1.0 )" "www.casitamontana.com"
65.55.243.145 - - [30/Apr/2007:19:11:56 -0700] "GET /index.html HTTP/1.1" 200 3915 "-" "Mozilla/4.0 (compatible; MSIE 6.0; Windows NT 5.1; .NET CLR 1.0.3" "www.casitamontana.com"
67.182.120.20 - - [30/Apr/2007:19:12:05 -0700] "GET /index.html HTTP/1.1" 200 3915 "http://www.casitamontana.com/" "Mozilla/4.0 (compatible; MSIE 7.0; Windows NT 6.0; SLCC1; .NET CLR 2.0.50727; Media Center PC 5.0; .NET CLR 3.0.04506)" "www.casitamontana.com"
65.210.123.237 - - [30/Apr/2007:19:11:59 -0700] "GET /index.html HTTP/1.0" 200 3915 "-" "Mozilla/4.0 (compatible; MSIE 4.0; Windows NT; ....../1.0 )" "www.casitamontana.com"
65.210.123.237 - - [30/Apr/2007:19:12:05 -0700] "GET /images/home.png HTTP/1.0" 200 428 "-" "Mozilla/4.0 (compatible; MSIE 4.0; Windows NT; ....../1.0 )" "www.casitamontana.com"
65.210.123.237 - - [30/Apr/2007:19:12:11 -0700] "GET /rooms.html HTTP/1.0" 200 4005 "-" "Mozilla/4.0 (compatible; MSIE 4.0; Windows NT; ....../1.0 )" "www.casitamontana.com"
65.210.123.237 - - [30/Apr/2007:19:12:17 -0700] "GET /images/rooms.png HTTP/1.0" 200 447 "-" "Mozilla/4.0 (compatible; MSIE 4.0; Windows NT; ....../1.0 )" "www.casitamontana.com"
65.210.123.237 - - [30/Apr/2007:19:12:23 -0700] "GET /testimonials.html HTTP/1.0" 200 4247 "-" "Mozilla/4.0 (compatible; MSIE 4.0; Windows NT; ....../1.0 )" "www.casitamontana.com"
65.210.123.237 - - [30/Apr/2007:19:12:30 -0700] "GET /images/testimonials.png HTTP/1.0" 200 6611 "-" "Mozilla/4.0 (compatible; MSIE 4.0; Windows NT; ....../1.0 )" "www.casitamontana.com"
65.210.123.237 - - [30/Apr/2007:19:12:36 -0700] "GET /reservations.html HTTP/1.0" 200 5944 "-" "Mozilla/4.0 (compatible; MSIE 4.0; Windows NT; ....../1.0 )" "www.casitamontana.com"
65.210.123.237 - - [30/Apr/2007:19:12:42 -0700] "GET /images/reservations.png HTTP/1.0" 200 520 "-" "Mozilla/4.0 (compatible; MSIE 4.0; Windows NT; ....../1.0 )" "www.casitamontana.com"
65.210.123.237 - - [30/Apr/2007:19:12:48 -0700] "GET /maps.html HTTP/1.0" 200 2601 "-" "Mozilla/4.0 (compatible; MSIE 4.0; Windows NT; ....../1.0 )" "www.casitamontana.com"
65.210.123.237 - - [30/Apr/2007:19:12:55 -0700] "GET /images/maps.png HTTP/1.0" 200 439 "-" "Mozilla/4.0 (compatible; MSIE 4.0; Windows NT; ....../1.0 )" "www.casitamontana.com"
65.210.123.237 - - [30/Apr/2007:19:13:01 -0700] "GET /contact.html HTTP/1.0" 200 3389 "-" "Mozilla/4.0 (compatible; MSIE 4.0; Windows NT; ....../1.0 )" "www.casitamontana.com"
65.210.123.237 - - [30/Apr/2007:19:13:07 -0700] "GET /images/contact.png HTTP/1.0" 200 493 "-" "Mozilla/4.0 (compatible; MSIE 4.0; Windows NT; ....../1.0 )" "www.casitamontana.com"
65.210.123.237 - - [30/Apr/2007:19:13:12 -0700] "GET /about.html HTTP/1.0" 200 6050 "-" "Mozilla/4.0 (compatible; MSIE 4.0; Windows NT; ....../1.0 )" "www.casitamontana.com"
65.210.123.237 - - [30/Apr/2007:19:13:19 -0700] "GET /images/about.png HTTP/1.0" 200 471 "-" "Mozilla/4.0 (compatible; MSIE 4.0; Windows NT; ....../1.0 )" "www.casitamontana.com"
65.210.123.237 - - [30/Apr/2007:19:13:25 -0700] "GET /privacy.html HTTP/1.0" 200 3065 "-" "Mozilla/4.0 (compatible; MSIE 4.0; Windows NT; ....../1.0 )" "www.casitamontana.com"
65.210.123.237 - - [30/Apr/2007:19:13:31 -0700] "GET /images/privacy.png HTTP/1.0" 200 457 "-" "Mozilla/4.0 (compatible; MSIE 4.0; Windows NT; ....../1.0 )" "www.casitamontana.com"
65.210.123.237 - - [30/Apr/2007:19:13:37 -0700] "GET /favicon.ico HTTP/1.0" 404 275 "-" "Mozilla/4.0 (compatible; MSIE 4.0; Windows NT; ....../1.0 )" "www.casitamontana.com"
65.210.123.237 - - [30/Apr/2007:19:13:43 -0700] "GET /images/buffet.jpg HTTP/1.0" 200 44272 "-" "Mozilla/4.0 (compatible; MSIE 4.0; Windows NT; ....../1.0 )" "www.casitamontana.com"
65.210.123.237 - - [30/Apr/2007:19:13:49 -0700] "GET /images/breakfastroom.jpg HTTP/1.0" 200 59357 "-" "Mozilla/4.0 (compatible; MSIE 4.0; Windows NT; ....../1.0 )" "www.casitamontana.com"
65.210.123.237 - - [30/Apr/2007:19:13:54 -0700] "GET /images/fireplace.jpg HTTP/1.0" 200 27997 "-" "Mozilla/4.0 (compatible; MSIE 4.0; Windows NT; ....../1.0 )" "www.casitamontana.com"
65.210.123.237 - - [30/Apr/2007:19:14:01 -0700] "GET /images/livingroom.jpg HTTP/1.0" 200 46925 "-" "Mozilla/4.0 (compatible; MSIE 4.0; Windows NT; ....../1.0 )" "www.casitamontana.com"
65.210.123.237 - - [30/Apr/2007:19:14:08 -0700] "GET /images/diningroom.jpg HTTP/1.0" 200 33898 "-" "Mozilla/4.0 (compatible; MSIE 4.0; Windows NT; ....../1.0 )" "www.casitamontana.com"
65.210.123.237 - - [30/Apr/2007:19:14:15 -0700] "GET /images/bedroom1.jpg HTTP/1.0" 200 48743 "-" "Mozilla/4.0 (compatible; MSIE 4.0; Windows NT; ....../1.0 )" "www.casitamontana.com"
65.210.123.237 - - [30/Apr/2007:19:14:20 -0700] "GET /images/bedroom2.jpg HTTP/1.0" 200 36177 "-" "Mozilla/4.0 (compatible; MSIE 4.0; Windows NT; ....../1.0 )" "www.casitamontana.com"
65.210.123.237 - - [30/Apr/2007:19:14:27 -0700] "GET /images/bedroom3.jpg HTTP/1.0" 200 46384 "-" "Mozilla/4.0 (compatible; MSIE 4.0; Windows NT; ....../1.0 )" "www.casitamontana.com"
65.210.123.237 - - [30/Apr/2007:19:14:34 -0700] "GET /map1.html HTTP/1.0" 200 2707 "-" "Mozilla/4.0 (compatible; MSIE 4.0; Windows NT; ....../1.0 )" "www.casitamontana.com"
65.210.123.237 - - [30/Apr/2007:19:14:39 -0700] "GET /images/ajijic_map.jpg HTTP/1.0" 200 65536 "-" "Mozilla/4.0 (compatible; MSIE 4.0; Windows NT; ....../1.0 )" "www.casitamontana.com"
65.210.123.237 - - [30/Apr/2007:19:14:45 -0700] "GET /images/airport_map.jpg HTTP/1.0" 200 66824 "-" "Mozilla/4.0 (compatible; MSIE 4.0; Windows NT; ....../1.0 )" "www.casitamontana.com"
65.210.123.237 - - [30/Apr/2007:19:14:51 -0700] "GET /images/ HTTP/1.0" 200 3742 "-" "Mozilla/4.0 (compatible; MSIE 4.0; Windows NT; ....../1.0 )" "www.casitamontana.com"
65.210.123.237 - - [30/Apr/2007:19:14:57 -0700] "GET /images HTTP/1.0" 301 83 "-" "Mozilla/4.0 (compatible; MSIE 4.0; Windows NT; ....../1.0 )" "www.casitamontana.com"
65.210.123.237 - - [30/Apr/2007:19:15:04 -0700] "GET /images/?N=D HTTP/1.0" 200 3742 "-" "Mozilla/4.0 (compatible; MSIE 4.0; Windows NT; ....../1.0 )" "www.casitamontana.com"
65.210.123.237 - - [30/Apr/2007:19:15:10 -0700] "GET /images/?M=A HTTP/1.0" 200 3742 "-" "Mozilla/4.0 (compatible; MSIE 4.0; Windows NT; ....../1.0 )" "www.casitamontana.com"
65.210.123.237 - - [30/Apr/2007:19:15:16 -0700] "GET /images/?S=A HTTP/1.0" 200 3742 "-" "Mozilla/4.0 (compatible; MSIE 4.0; Windows NT; ....../1.0 )" "www.casitamontana.com"
65.210.123.237 - - [30/Apr/2007:19:15:22 -0700] "GET /images/?D=A HTTP/1.0" 200 3742 "-" "Mozilla/4.0 (compatible; MSIE 4.0; Windows NT; ....../1.0 )" "www.casitamontana.com"
38.99.13.121 - - [30/Apr/2007:19:15:23 -0700] "GET /robots.txt HTTP/1.0" 404 275 "-" "Mozilla/5.0 (Twiceler-0.9 http://www.cuill.com/twiceler/robot.html)" "www.casitamontana.com"
65.210.123.237 - - [30/Apr/2007:19:15:28 -0700] "GET /images/bedroom1_big.jpg HTTP/1.0" 200 65536 "-" "Mozilla/4.0 (compatible; MSIE 4.0; Windows NT; ....../1.0 )" "www.casitamontana.com"
65.210.123.237 - - [30/Apr/2007:19:15:34 -0700] "GET /images/breakfastroom_big.jpg HTTP/1.0" 200 65536 "-" "Mozilla/4.0 (compatible; MSIE 4.0; Windows NT; ....../1.0 )" "www.casitamontana.com"
65.210.123.237 - - [30/Apr/2007:19:15:40 -0700] "GET /images/button.png HTTP/1.0" 200 3818 "-" "Mozilla/4.0 (compatible; MSIE 4.0; Windows NT; ....../1.0 )" "www.casitamontana.com"
65.210.123.237 - - [30/Apr/2007:19:15:46 -0700] "GET /images/paypal.gif HTTP/1.0" 200 2373 "-" "Mozilla/4.0 (compatible; MSIE 4.0; Windows NT; ....../1.0 )" "www.casitamontana.com"
65.210.123.237 - - [30/Apr/2007:19:15:51 -0700] "GET /images/?N=A HTTP/1.0" 200 3742 "-" "Mozilla/4.0 (compatible; MSIE 4.0; Windows NT; ....../1.0 )" "www.casitamontana.com"
65.210.123.237 - - [30/Apr/2007:19:15:57 -0700] "GET /images/?M=D HTTP/1.0" 200 3742 "-" "Mozilla/4.0 (compatible; MSIE 4.0; Windows NT; ....../1.0 )" "www.casitamontana.com"
65.210.123.237 - - [30/Apr/2007:19:16:04 -0700] "GET /images/?S=D HTTP/1.0" 200 3742 "-" "Mozilla/4.0 (compatible; MSIE 4.0; Windows NT; ....../1.0 )" "www.casitamontana.com"
65.210.123.237 - - [30/Apr/2007:19:16:10 -0700] "GET /images/?D=D HTTP/1.0" 200 3742 "-" "Mozilla/4.0 (compatible; MSIE 4.0; Windows NT; ....../1.0 )" "www.casitamontana.com"
65.210.123.237 - - [30/Apr/2007:19:16:15 -0700] "GET /images?N=D HTTP/1.0" 301 87 "-" "Mozilla/4.0 (compatible; MSIE 4.0; Windows NT; ....../1.0 )" "www.casitamontana.com"
65.210.123.237 - - [30/Apr/2007:19:16:22 -0700] "GET /?N=D HTTP/1.0" 200 3915 "-" "Mozilla/4.0 (compatible; MSIE 4.0; Windows NT; ....../1.0 )" "www.casitamontana.com"
72.30.177.74 - - [01/May/2007:00:54:30 -0700] "GET /robots.txt HTTP/1.0" 404 275 "-" "Mozilla/5.0 (compatible; Yahoo! Slurp; http://help.yahoo.com/help/us/ysearch/slurp)" "casitamontana.com"
74.6.74.157 - - [01/May/2007:00:54:30 -0700] "GET /index.html HTTP/1.0" 304 - "-" "Mozilla/5.0 (compatible; Yahoo! Slurp; http://help.yahoo.com/help/us/ysearch/slurp)" "casitamontana.com"
65.19.43.58 - - [01/May/2007:04:32:48 -0700] "GET / HTTP/1.1" 200 3915 "http://search.yahoo.com/search?p=ajicic&fr=yfp-t-501&toggle=1&cop=mss&ei=UTF-8" "Mozilla/4.0 (compatible; MSIE 6.0; Windows 98; Win 9x 4.90)" "www.casitamontana.com"
65.19.43.58 - - [01/May/2007:04:32:49 -0700] "GET /css/style.css HTTP/1.1" 200 515 "http://www.casitamontana.com/" "Mozilla/4.0 (compatible; MSIE 6.0; Windows 98; Win 9x 4.90)" "www.casitamontana.com"
65.19.43.58 - - [01/May/2007:04:32:49 -0700] "GET /images/header.jpg HTTP/1.1" 200 126755 "http://www.casitamontana.com/" "Mozilla/4.0 (compatible; MSIE 6.0; Windows 98; Win 9x 4.90)" "www.casitamontana.com"
65.19.43.58 - - [01/May/2007:04:32:50 -0700] "GET /images/home.png HTTP/1.1" 200 428 "http://www.casitamontana.com/" "Mozilla/4.0 (compatible; MSIE 6.0; Windows 98; Win 9x 4.90)" "www.casitamontana.com"
65.19.43.58 - - [01/May/2007:04:32:51 -0700] "GET /images/rooms.png HTTP/1.1" 200 447 "http://www.casitamontana.com/" "Mozilla/4.0 (compatible; MSIE 6.0; Windows 98; Win 9x 4.90)" "www.casitamontana.com"
65.19.43.58 - - [01/May/2007:04:32:53 -0700] "GET /images/testimonials.png HTTP/1.1" 200 6611 "http://www.casitamontana.com/" "Mozilla/4.0 (compatible; MSIE 6.0; Windows 98; Win 9x 4.90)" "www.casitamontana.com"
65.19.43.58 - - [01/May/2007:04:32:57 -0700] "GET /images/reservations.png HTTP/1.1" 200 520 "http://www.casitamontana.com/" "Mozilla/4.0 (compatible; MSIE 6.0; Windows 98; Win 9x 4.90)" "www.casitamontana.com"
65.19.43.58 - - [01/May/2007:04:33:01 -0700] "GET /images/maps.png HTTP/1.1" 200 439 "http://www.casitamontana.com/" "Mozilla/4.0 (compatible; MSIE 6.0; Windows 98; Win 9x 4.90)" "www.casitamontana.com"
65.19.43.58 - - [01/May/2007:04:33:05 -0700] "GET /images/contact.png HTTP/1.1" 200 493 "http://www.casitamontana.com/" "Mozilla/4.0 (compatible; MSIE 6.0; Windows 98; Win 9x 4.90)" "www.casitamontana.com"
65.19.43.58 - - [01/May/2007:04:33:08 -0700] "GET /images/about.png HTTP/1.1" 200 471 "http://www.casitamontana.com/" "Mozilla/4.0 (compatible; MSIE 6.0; Windows 98; Win 9x 4.90)" "www.casitamontana.com"
65.19.43.58 - - [01/May/2007:04:33:12 -0700] "GET /images/privacy.png HTTP/1.1" 200 457 "http://www.casitamontana.com/" "Mozilla/4.0 (compatible; MSIE 6.0; Windows 98; Win 9x 4.90)" "www.casitamontana.com"
65.19.43.58 - - [01/May/2007:04:33:52 -0700] "GET /rooms.html HTTP/1.1" 200 4005 "http://www.casitamontana.com/" "Mozilla/4.0 (compatible; MSIE 6.0; Windows 98; Win 9x 4.90)" "www.casitamontana.com"
65.19.43.58 - - [01/May/2007:04:33:53 -0700] "GET /images/testimonials.png HTTP/1.1" 206 5435 "http://www.casitamontana.com/rooms.html" "Mozilla/4.0 (compatible; MSIE 6.0; Windows 98; Win 9x 4.90)" "www.casitamontana.com"
65.19.43.58 - - [01/May/2007:04:33:53 -0700] "GET /images/buffet.jpg HTTP/1.1" 200 44272 "http://www.casitamontana.com/rooms.html" "Mozilla/4.0 (compatible; MSIE 6.0; Windows 98; Win 9x 4.90)" "www.casitamontana.com"
65.19.43.58 - - [01/May/2007:04:33:55 -0700] "GET /images/breakfastroom.jpg HTTP/1.1" 200 59357 "http://www.casitamontana.com/rooms.html" "Mozilla/4.0 (compatible; MSIE 6.0; Windows 98; Win 9x 4.90)" "www.casitamontana.com"
65.19.43.58 - - [01/May/2007:04:34:06 -0700] "GET /images/fireplace.jpg HTTP/1.1" 200 27997 "http://www.casitamontana.com/rooms.html" "Mozilla/4.0 (compatible; MSIE 6.0; Windows 98; Win 9x 4.90)" "www.casitamontana.com"
65.19.43.58 - - [01/May/2007:04:34:15 -0700] "GET /images/livingroom.jpg HTTP/1.1" 200 46925 "http://www.casitamontana.com/rooms.html" "Mozilla/4.0 (compatible; MSIE 6.0; Windows 98; Win 9x 4.90)" "www.casitamontana.com"
65.19.43.58 - - [01/May/2007:04:34:19 -0700] "GET /images/diningroom.jpg HTTP/1.1" 200 33898 "http://www.casitamontana.com/rooms.html" "Mozilla/4.0 (compatible; MSIE 6.0; Windows 98; Win 9x 4.90)" "www.casitamontana.com"
65.19.43.58 - - [01/May/2007:04:34:34 -0700] "GET /images/bedroom1.jpg HTTP/1.1" 200 48743 "http://www.casitamontana.com/rooms.html" "Mozilla/4.0 (compatible; MSIE 6.0; Windows 98; Win 9x 4.90)" "www.casitamontana.com"
65.19.43.58 - - [01/May/2007:04:34:34 -0700] "GET /images/bedroom2.jpg HTTP/1.1" 200 36177 "http://www.casitamontana.com/rooms.html" "Mozilla/4.0 (compatible; MSIE 6.0; Windows 98; Win 9x 4.90)" "www.casitamontana.com"
65.19.43.58 - - [01/May/2007:04:34:51 -0700] "GET /images/bedroom3.jpg HTTP/1.1" 200 46384 "http://www.casitamontana.com/rooms.html" "Mozilla/4.0 (compatible; MSIE 6.0; Windows 98; Win 9x 4.90)" "www.casitamontana.com"
70.208.59.75 - - [01/May/2007:04:55:17 -0700] "GET / HTTP/1.1" 304 - "-" "Mozilla/4.0 (compatible; MSIE 6.0; Windows NT 5.1; .NET CLR 1.1.4322)" "www.casitamontana.com"
70.208.59.75 - - [01/May/2007:04:55:18 -0700] "GET /css/style.css HTTP/1.1" 304 - "http://www.casitamontana.com/" "Mozilla/4.0 (compatible; MSIE 6.0; Windows NT 5.1; .NET CLR 1.1.4322)" "www.casitamontana.com"
70.208.59.75 - - [01/May/2007:04:55:18 -0700] "GET /images/header.jpg HTTP/1.1" 304 - "http://www.casitamontana.com/" "Mozilla/4.0 (compatible; MSIE 6.0; Windows NT 5.1; .NET CLR 1.1.4322)" "www.casitamontana.com"
70.208.59.75 - - [01/May/2007:04:55:18 -0700] "GET /images/home.png HTTP/1.1" 304 - "http://www.casitamontana.com/" "Mozilla/4.0 (compatible; MSIE 6.0; Windows NT 5.1; .NET CLR 1.1.4322)" "www.casitamontana.com"
70.208.59.75 - - [01/May/2007:04:55:18 -0700] "GET /images/rooms.png HTTP/1.1" 304 - "http://www.casitamontana.com/" "Mozilla/4.0 (compatible; MSIE 6.0; Windows NT 5.1; .NET CLR 1.1.4322)" "www.casitamontana.com"
70.208.59.75 - - [01/May/2007:04:55:19 -0700] "GET /images/testimonials.png HTTP/1.1" 304 - "http://www.casitamontana.com/" "Mozilla/4.0 (compatible; MSIE 6.0; Windows NT 5.1; .NET CLR 1.1.4322)" "www.casitamontana.com"
70.208.59.75 - - [01/May/2007:04:55:19 -0700] "GET /images/reservations.png HTTP/1.1" 304 - "http://www.casitamontana.com/" "Mozilla/4.0 (compatible; MSIE 6.0; Windows NT 5.1; .NET CLR 1.1.4322)" "www.casitamontana.com"
70.208.59.75 - - [01/May/2007:04:55:19 -0700] "GET /images/maps.png HTTP/1.1" 304 - "http://www.casitamontana.com/" "Mozilla/4.0 (compatible; MSIE 6.0; Windows NT 5.1; .NET CLR 1.1.4322)" "www.casitamontana.com"
70.208.59.75 - - [01/May/2007:04:55:19 -0700] "GET /images/contact.png HTTP/1.1" 304 - "http://www.casitamontana.com/" "Mozilla/4.0 (compatible; MSIE 6.0; Windows NT 5.1; .NET CLR 1.1.4322)" "www.casitamontana.com"
70.208.59.75 - - [01/May/2007:04:55:20 -0700] "GET /images/about.png HTTP/1.1" 304 - "http://www.casitamontana.com/" "Mozilla/4.0 (compatible; MSIE 6.0; Windows NT 5.1; .NET CLR 1.1.4322)" "www.casitamontana.com"
70.208.59.75 - - [01/May/2007:04:55:20 -0700] "GET /images/privacy.png HTTP/1.1" 304 - "http://www.casitamontana.com/" "Mozilla/4.0 (compatible; MSIE 6.0; Windows NT 5.1; .NET CLR 1.1.4322)" "www.casitamontana.com"
70.208.59.75 - - [01/May/2007:04:59:42 -0700] "GET /about.html HTTP/1.1" 200 6050 "http://www.casitamontana.com/" "Mozilla/4.0 (compatible; MSIE 6.0; Windows NT 5.1; .NET CLR 1.1.4322)" "www.casitamontana.com"
70.208.59.75 - - [01/May/2007:04:59:43 -0700] "GET /css/style.css HTTP/1.1" 200 515 "http://www.casitamontana.com/about.html" "Mozilla/4.0 (compatible; MSIE 6.0; Windows NT 5.1; .NET CLR 1.1.4322)" "www.casitamontana.com"
70.208.59.75 - - [01/May/2007:04:59:43 -0700] "GET /images/header.jpg HTTP/1.1" 200 126755 "http://www.casitamontana.com/about.html" "Mozilla/4.0 (compatible; MSIE 6.0; Windows NT 5.1; .NET CLR 1.1.4322)" "www.casitamontana.com"
70.208.59.75 - - [01/May/2007:04:59:43 -0700] "GET /images/rooms.png HTTP/1.1" 200 447 "http://www.casitamontana.com/about.html" "Mozilla/4.0 (compatible; MSIE 6.0; Windows NT 5.1; .NET CLR 1.1.4322)" "www.casitamontana.com"
70.208.59.75 - - [01/May/2007:04:59:44 -0700] "GET /images/home.png HTTP/1.1" 200 428 "http://www.casitamontana.com/about.html" "Mozilla/4.0 (compatible; MSIE 6.0; Windows NT 5.1; .NET CLR 1.1.4322)" "www.casitamontana.com"
70.208.59.75 - - [01/May/2007:04:59:45 -0700] "GET /images/testimonials.png HTTP/1.1" 200 6611 "http://www.casitamontana.com/about.html" "Mozilla/4.0 (compatible; MSIE 6.0; Windows NT 5.1; .NET CLR 1.1.4322)" "www.casitamontana.com"
70.208.59.75 - - [01/May/2007:04:59:45 -0700] "GET /images/reservations.png HTTP/1.1" 200 520 "http://www.casitamontana.com/about.html" "Mozilla/4.0 (compatible; MSIE 6.0; Windows NT 5.1; .NET CLR 1.1.4322)" "www.casitamontana.com"
70.208.59.75 - - [01/May/2007:04:59:46 -0700] "GET /images/maps.png HTTP/1.1" 200 439 "http://www.casitamontana.com/about.html" "Mozilla/4.0 (compatible; MSIE 6.0; Windows NT 5.1; .NET CLR 1.1.4322)" "www.casitamontana.com"
70.208.59.75 - - [01/May/2007:04:59:46 -0700] "GET /images/contact.png HTTP/1.1" 200 493 "http://www.casitamontana.com/about.html" "Mozilla/4.0 (compatible; MSIE 6.0; Windows NT 5.1; .NET CLR 1.1.4322)" "www.casitamontana.com"
70.208.59.75 - - [01/May/2007:04:59:46 -0700] "GET /images/about.png HTTP/1.1" 200 471 "http://www.casitamontana.com/about.html" "Mozilla/4.0 (compatible; MSIE 6.0; Windows NT 5.1; .NET CLR 1.1.4322)" "www.casitamontana.com"
70.208.59.75 - - [01/May/2007:04:59:46 -0700] "GET /images/privacy.png HTTP/1.1" 200 457 "http://www.casitamontana.com/about.html" "Mozilla/4.0 (compatible; MSIE 6.0; Windows NT 5.1; .NET CLR 1.1.4322)" "www.casitamontana.com"
70.208.59.75 - - [01/May/2007:05:01:26 -0700] "GET /rooms.html HTTP/1.1" 200 4005 "http://www.casitamontana.com/about.html" "Mozilla/4.0 (compatible; MSIE 6.0; Windows NT 5.1; .NET CLR 1.1.4322)" "www.casitamontana.com"
70.208.59.75 - - [01/May/2007:05:01:26 -0700] "GET /images/breakfastroom.jpg HTTP/1.1" 200 59357 "http://www.casitamontana.com/rooms.html" "Mozilla/4.0 (compatible; MSIE 6.0; Windows NT 5.1; .NET CLR 1.1.4322)" "www.casitamontana.com"
70.208.59.75 - - [01/May/2007:05:01:26 -0700] "GET /images/buffet.jpg HTTP/1.1" 200 44272 "http://www.casitamontana.com/rooms.html" "Mozilla/4.0 (compatible; MSIE 6.0; Windows NT 5.1; .NET CLR 1.1.4322)" "www.casitamontana.com"
70.208.59.75 - - [01/May/2007:05:01:28 -0700] "GET /images/fireplace.jpg HTTP/1.1" 200 27997 "http://www.casitamontana.com/rooms.html" "Mozilla/4.0 (compatible; MSIE 6.0; Windows NT 5.1; .NET CLR 1.1.4322)" "www.casitamontana.com"
70.208.59.75 - - [01/May/2007:05:01:28 -0700] "GET /images/livingroom.jpg HTTP/1.1" 200 46925 "http://www.casitamontana.com/rooms.html" "Mozilla/4.0 (compatible; MSIE 6.0; Windows NT 5.1; .NET CLR 1.1.4322)" "www.casitamontana.com"
70.208.59.75 - - [01/May/2007:05:01:29 -0700] "GET /images/diningroom.jpg HTTP/1.1" 200 33898 "http://www.casitamontana.com/rooms.html" "Mozilla/4.0 (compatible; MSIE 6.0; Windows NT 5.1; .NET CLR 1.1.4322)" "www.casitamontana.com"
70.208.59.75 - - [01/May/2007:05:01:29 -0700] "GET /images/bedroom1.jpg HTTP/1.1" 200 48743 "http://www.casitamontana.com/rooms.html" "Mozilla/4.0 (compatible; MSIE 6.0; Windows NT 5.1; .NET CLR 1.1.4322)" "www.casitamontana.com"
70.208.59.75 - - [01/May/2007:05:01:30 -0700] "GET /images/bedroom2.jpg HTTP/1.1" 200 36177 "http://www.casitamontana.com/rooms.html" "Mozilla/4.0 (compatible; MSIE 6.0; Windows NT 5.1; .NET CLR 1.1.4322)" "www.casitamontana.com"
70.208.59.75 - - [01/May/2007:05:01:31 -0700] "GET /images/bedroom3.jpg HTTP/1.1" 200 46384 "http://www.casitamontana.com/rooms.html" "Mozilla/4.0 (compatible; MSIE 6.0; Windows NT 5.1; .NET CLR 1.1.4322)" "www.casitamontana.com"
189.162.39.74 - - [01/May/2007:05:24:30 -0700] "GET /favicon.ico HTTP/1.1" 404 275 "-" "Mozilla/5.0 (X11; U; Linux i686; en-US; rv:1.8.0.11) Gecko/20070327 Ubuntu/dapper-security Firefox/1.5.0.11" "www.casitamontana.com"
74.6.87.40 - - [01/May/2007:06:17:28 -0700] "GET /robots.txt HTTP/1.0" 404 275 "-" "Mozilla/5.0 (compatible; Yahoo! Slurp; http://help.yahoo.com/help/us/ysearch/slurp)" "www.casitamontana.com"
74.6.86.213 - - [01/May/2007:06:17:35 -0700] "GET /map1.html HTTP/1.0" 304 - "-" "Mozilla/5.0 (compatible; Yahoo! Slurp; http://help.yahoo.com/help/us/ysearch/slurp)" "www.casitamontana.com"
72.30.177.74 - - [01/May/2007:06:20:52 -0700] "GET /robots.txt HTTP/1.0" 404 275 "-" "Mozilla/5.0 (compatible; Yahoo! Slurp; http://help.yahoo.com/help/us/ysearch/slurp)" "casitamontana.com"
189.162.39.74 - - [01/May/2007:07:31:53 -0700] "GET /favicon.ico HTTP/1.1" 404 275 "-" "Mozilla/5.0 (X11; U; Linux i686; en-US; rv:1.8.0.11) Gecko/20070327 Ubuntu/dapper-security Firefox/1.5.0.11" "www.casitamontana.com"
189.162.39.74 - - [01/May/2007:07:31:55 -0700] "GET /favicon.ico HTTP/1.1" 404 275 "-" "Mozilla/5.0 (X11; U; Linux i686; en-US; rv:1.8.0.11) Gecko/20070327 Ubuntu/dapper-security Firefox/1.5.0.11" "www.casitamontana.com"
189.162.39.74 - - [01/May/2007:08:05:29 -0700] "GET /favicon.ico HTTP/1.1" 404 275 "-" "Mozilla/5.0 (X11; U; Linux i686; en-US; rv:1.8.0.11) Gecko/20070327 Ubuntu/dapper-security Firefox/1.5.0.11" "www.casitamontana.com"
189.162.39.74 - - [01/May/2007:08:05:31 -0700] "GET /favicon.ico HTTP/1.1" 404 275 "-" "Mozilla/5.0 (X11; U; Linux i686; en-US; rv:1.8.0.11) Gecko/20070327 Ubuntu/dapper-security Firefox/1.5.0.11" "www.casitamontana.com"
76.174.46.34 - - [01/May/2007:08:18:12 -0700] "GET / HTTP/1.1" 200 3915 "http://search.yahoo.com/search?p=chapala%2C+mexico%2C+vacation&fr=yfp-t-501&toggle=1&cop=mss&ei=UTF-8" "Mozilla/4.0 (compatible; MSIE 7.0; Windows NT 5.1; YPC 3.0.1; FunWebProducts; .NET CLR 1.1.4322; IEMB3; IEMB3)" "www.casitamontana.com"
76.174.46.34 - - [01/May/2007:08:18:12 -0700] "GET /css/style.css HTTP/1.1" 200 515 "http://www.casitamontana.com/" "Mozilla/4.0 (compatible; MSIE 7.0; Windows NT 5.1; YPC 3.0.1; FunWebProducts; .NET CLR 1.1.4322; IEMB3; IEMB3)" "www.casitamontana.com"
76.174.46.34 - - [01/May/2007:08:18:12 -0700] "GET /images/header.jpg HTTP/1.1" 200 126755 "http://www.casitamontana.com/" "Mozilla/4.0 (compatible; MSIE 7.0; Windows NT 5.1; YPC 3.0.1; FunWebProducts; .NET CLR 1.1.4322; IEMB3; IEMB3)" "www.casitamontana.com"
76.174.46.34 - - [01/May/2007:08:18:12 -0700] "GET /images/home.png HTTP/1.1" 200 428 "http://www.casitamontana.com/" "Mozilla/4.0 (compatible; MSIE 7.0; Windows NT 5.1; YPC 3.0.1; FunWebProducts; .NET CLR 1.1.4322; IEMB3; IEMB3)" "www.casitamontana.com"
76.174.46.34 - - [01/May/2007:08:18:12 -0700] "GET /images/rooms.png HTTP/1.1" 200 447 "http://www.casitamontana.com/" "Mozilla/4.0 (compatible; MSIE 7.0; Windows NT 5.1; YPC 3.0.1; FunWebProducts; .NET CLR 1.1.4322; IEMB3; IEMB3)" "www.casitamontana.com"
76.174.46.34 - - [01/May/2007:08:18:13 -0700] "GET /images/reservations.png HTTP/1.1" 200 520 "http://www.casitamontana.com/" "Mozilla/4.0 (compatible; MSIE 7.0; Windows NT 5.1; YPC 3.0.1; FunWebProducts; .NET CLR 1.1.4322; IEMB3; IEMB3)" "www.casitamontana.com"
76.174.46.34 - - [01/May/2007:08:18:13 -0700] "GET /images/testimonials.png HTTP/1.1" 200 6611 "http://www.casitamontana.com/" "Mozilla/4.0 (compatible; MSIE 7.0; Windows NT 5.1; YPC 3.0.1; FunWebProducts; .NET CLR 1.1.4322; IEMB3; IEMB3)" "www.casitamontana.com"
76.174.46.34 - - [01/May/2007:08:18:13 -0700] "GET /images/maps.png HTTP/1.1" 200 439 "http://www.casitamontana.com/" "Mozilla/4.0 (compatible; MSIE 7.0; Windows NT 5.1; YPC 3.0.1; FunWebProducts; .NET CLR 1.1.4322; IEMB3; IEMB3)" "www.casitamontana.com"
76.174.46.34 - - [01/May/2007:08:18:13 -0700] "GET /images/contact.png HTTP/1.1" 200 493 "http://www.casitamontana.com/" "Mozilla/4.0 (compatible; MSIE 7.0; Windows NT 5.1; YPC 3.0.1; FunWebProducts; .NET CLR 1.1.4322; IEMB3; IEMB3)" "www.casitamontana.com"
76.174.46.34 - - [01/May/2007:08:18:13 -0700] "GET /images/about.png HTTP/1.1" 200 471 "http://www.casitamontana.com/" "Mozilla/4.0 (compatible; MSIE 7.0; Windows NT 5.1; YPC 3.0.1; FunWebProducts; .NET CLR 1.1.4322; IEMB3; IEMB3)" "www.casitamontana.com"
76.174.46.34 - - [01/May/2007:08:18:13 -0700] "GET /images/privacy.png HTTP/1.1" 200 457 "http://www.casitamontana.com/" "Mozilla/4.0 (compatible; MSIE 7.0; Windows NT 5.1; YPC 3.0.1; FunWebProducts; .NET CLR 1.1.4322; IEMB3; IEMB3)" "www.casitamontana.com"
76.174.46.34 - - [01/May/2007:08:18:14 -0700] "GET /favicon.ico HTTP/1.1" 404 275 "-" "Mozilla/4.0 (compatible; MSIE 7.0; Windows NT 5.1; YPC 3.0.1; FunWebProducts; .NET CLR 1.1.4322; IEMB3; IEMB3)" "www.casitamontana.com"
76.174.46.34 - - [01/May/2007:08:18:34 -0700] "GET /rooms.html HTTP/1.1" 200 4005 "http://www.casitamontana.com/" "Mozilla/4.0 (compatible; MSIE 7.0; Windows NT 5.1; YPC 3.0.1; FunWebProducts; .NET CLR 1.1.4322; IEMB3; IEMB3)" "www.casitamontana.com"
76.174.46.34 - - [01/May/2007:08:18:35 -0700] "GET /images/buffet.jpg HTTP/1.1" 200 44272 "http://www.casitamontana.com/rooms.html" "Mozilla/4.0 (compatible; MSIE 7.0; Windows NT 5.1; YPC 3.0.1; FunWebProducts; .NET CLR 1.1.4322; IEMB3; IEMB3)" "www.casitamontana.com"
76.174.46.34 - - [01/May/2007:08:18:35 -0700] "GET /images/breakfastroom.jpg HTTP/1.1" 200 59357 "http://www.casitamontana.com/rooms.html" "Mozilla/4.0 (compatible; MSIE 7.0; Windows NT 5.1; YPC 3.0.1; FunWebProducts; .NET CLR 1.1.4322; IEMB3; IEMB3)" "www.casitamontana.com"
76.174.46.34 - - [01/May/2007:08:18:35 -0700] "GET /images/fireplace.jpg HTTP/1.1" 200 27997 "http://www.casitamontana.com/rooms.html" "Mozilla/4.0 (compatible; MSIE 7.0; Windows NT 5.1; YPC 3.0.1; FunWebProducts; .NET CLR 1.1.4322; IEMB3; IEMB3)" "www.casitamontana.com"
76.174.46.34 - - [01/May/2007:08:18:35 -0700] "GET /images/livingroom.jpg HTTP/1.1" 200 46925 "http://www.casitamontana.com/rooms.html" "Mozilla/4.0 (compatible; MSIE 7.0; Windows NT 5.1; YPC 3.0.1; FunWebProducts; .NET CLR 1.1.4322; IEMB3; IEMB3)" "www.casitamontana.com"
76.174.46.34 - - [01/May/2007:08:18:36 -0700] "GET /images/diningroom.jpg HTTP/1.1" 200 33898 "http://www.casitamontana.com/rooms.html" "Mozilla/4.0 (compatible; MSIE 7.0; Windows NT 5.1; YPC 3.0.1; FunWebProducts; .NET CLR 1.1.4322; IEMB3; IEMB3)" "www.casitamontana.com"
76.174.46.34 - - [01/May/2007:08:18:36 -0700] "GET /images/bedroom1.jpg HTTP/1.1" 200 48743 "http://www.casitamontana.com/rooms.html" "Mozilla/4.0 (compatible; MSIE 7.0; Windows NT 5.1; YPC 3.0.1; FunWebProducts; .NET CLR 1.1.4322; IEMB3; IEMB3)" "www.casitamontana.com"
76.174.46.34 - - [01/May/2007:08:18:37 -0700] "GET /images/bedroom2.jpg HTTP/1.1" 200 36177 "http://www.casitamontana.com/rooms.html" "Mozilla/4.0 (compatible; MSIE 7.0; Windows NT 5.1; YPC 3.0.1; FunWebProducts; .NET CLR 1.1.4322; IEMB3; IEMB3)" "www.casitamontana.com"
76.174.46.34 - - [01/May/2007:08:18:37 -0700] "GET /images/bedroom3.jpg HTTP/1.1" 200 46384 "http://www.casitamontana.com/rooms.html" "Mozilla/4.0 (compatible; MSIE 7.0; Windows NT 5.1; YPC 3.0.1; FunWebProducts; .NET CLR 1.1.4322; IEMB3; IEMB3)" "www.casitamontana.com"
76.174.46.34 - - [01/May/2007:08:19:19 -0700] "GET /index.html HTTP/1.1" 200 3915 "http://www.casitamontana.com/rooms.html" "Mozilla/4.0 (compatible; MSIE 7.0; Windows NT 5.1; YPC 3.0.1; FunWebProducts; .NET CLR 1.1.4322; IEMB3; IEMB3)" "www.casitamontana.com"
189.162.39.74 - - [01/May/2007:08:20:59 -0700] "GET /favicon.ico HTTP/1.1" 404 275 "-" "Mozilla/5.0 (X11; U; Linux i686; en-US; rv:1.8.0.11) Gecko/20070327 Ubuntu/dapper-security Firefox/1.5.0.11" "www.casitamontana.com"
189.162.39.74 - - [01/May/2007:08:21:02 -0700] "GET /favicon.ico HTTP/1.1" 404 275 "-" "Mozilla/5.0 (X11; U; Linux i686; en-US; rv:1.8.0.11) Gecko/20070327 Ubuntu/dapper-security Firefox/1.5.0.11" "www.casitamontana.com"
69.92.172.104 - - [01/May/2007:08:29:03 -0700] "GET /about.html HTTP/1.1" 200 6050 "http://www.google.com/search?hl=en&safe=off&q=ajijic+plaza+montana+bed+" "Mozilla/4.0 (compatible; MSIE 6.0; Windows NT 5.1; (R1 1.5); InfoPath.1)" "www.casitamontana.com"
69.92.172.104 - - [01/May/2007:08:29:03 -0700] "GET /css/style.css HTTP/1.1" 200 515 "http://www.casitamontana.com/about.html" "Mozilla/4.0 (compatible; MSIE 6.0; Windows NT 5.1; (R1 1.5); InfoPath.1)" "www.casitamontana.com"
69.92.172.104 - - [01/May/2007:08:29:03 -0700] "GET /images/header.jpg HTTP/1.1" 200 126755 "http://www.casitamontana.com/about.html" "Mozilla/4.0 (compatible; MSIE 6.0; Windows NT 5.1; (R1 1.5); InfoPath.1)" "www.casitamontana.com"
69.92.172.104 - - [01/May/2007:08:29:04 -0700] "GET /favicon.ico HTTP/1.1" 404 275 "-" "Mozilla/4.0 (compatible; MSIE 6.0; Windows NT 5.1; (R1 1.5); InfoPath.1)" "www.casitamontana.com"
69.92.172.104 - - [01/May/2007:08:29:04 -0700] "GET /images/home.png HTTP/1.1" 200 428 "http://www.casitamontana.com/about.html" "Mozilla/4.0 (compatible; MSIE 6.0; Windows NT 5.1; (R1 1.5); InfoPath.1)" "www.casitamontana.com"
69.92.172.104 - - [01/May/2007:08:29:04 -0700] "GET /images/rooms.png HTTP/1.1" 200 447 "http://www.casitamontana.com/about.html" "Mozilla/4.0 (compatible; MSIE 6.0; Windows NT 5.1; (R1 1.5); InfoPath.1)" "www.casitamontana.com"
69.92.172.104 - - [01/May/2007:08:29:04 -0700] "GET /images/testimonials.png HTTP/1.1" 200 6611 "http://www.casitamontana.com/about.html" "Mozilla/4.0 (compatible; MSIE 6.0; Windows NT 5.1; (R1 1.5); InfoPath.1)" "www.casitamontana.com"
69.92.172.104 - - [01/May/2007:08:29:04 -0700] "GET /images/reservations.png HTTP/1.1" 200 520 "http://www.casitamontana.com/about.html" "Mozilla/4.0 (compatible; MSIE 6.0; Windows NT 5.1; (R1 1.5); InfoPath.1)" "www.casitamontana.com"
69.92.172.104 - - [01/May/2007:08:29:04 -0700] "GET /images/maps.png HTTP/1.1" 200 439 "http://www.casitamontana.com/about.html" "Mozilla/4.0 (compatible; MSIE 6.0; Windows NT 5.1; (R1 1.5); InfoPath.1)" "www.casitamontana.com"
69.92.172.104 - - [01/May/2007:08:29:04 -0700] "GET /images/contact.png HTTP/1.1" 200 493 "http://www.casitamontana.com/about.html" "Mozilla/4.0 (compatible; MSIE 6.0; Windows NT 5.1; (R1 1.5); InfoPath.1)" "www.casitamontana.com"
69.92.172.104 - - [01/May/2007:08:29:05 -0700] "GET /images/about.png HTTP/1.1" 200 471 "http://www.casitamontana.com/about.html" "Mozilla/4.0 (compatible; MSIE 6.0; Windows NT 5.1; (R1 1.5); InfoPath.1)" "www.casitamontana.com"
69.92.172.104 - - [01/May/2007:08:29:05 -0700] "GET /images/privacy.png HTTP/1.1" 200 457 "http://www.casitamontana.com/about.html" "Mozilla/4.0 (compatible; MSIE 6.0; Windows NT 5.1; (R1 1.5); InfoPath.1)" "www.casitamontana.com"
189.162.39.74 - - [01/May/2007:08:40:32 -0700] "GET /favicon.ico HTTP/1.1" 404 275 "-" "Mozilla/5.0 (X11; U; Linux i686; en-US; rv:1.8.0.11) Gecko/20070327 Ubuntu/dapper-security Firefox/1.5.0.11" "www.casitamontana.com"
189.162.39.74 - - [01/May/2007:08:40:35 -0700] "GET /favicon.ico HTTP/1.1" 404 275 "-" "Mozilla/5.0 (X11; U; Linux i686; en-US; rv:1.8.0.11) Gecko/20070327 Ubuntu/dapper-security Firefox/1.5.0.11" "www.casitamontana.com"
69.92.172.104 - - [01/May/2007:08:48:37 -0700] "GET / HTTP/1.1" 200 3915 "-" "Mozilla/4.0 (compatible; MSIE 6.0; Windows 98; .NET CLR 1.1.4322)" "casitamontana.com"
69.92.172.104 - - [01/May/2007:08:48:37 -0700] "GET /css/style.css HTTP/1.1" 200 515 "http://casitamontana.com/" "Mozilla/4.0 (compatible; MSIE 6.0; Windows 98; .NET CLR 1.1.4322)" "casitamontana.com"
69.92.172.104 - - [01/May/2007:08:48:37 -0700] "GET /images/header.jpg HTTP/1.1" 200 126755 "http://casitamontana.com/" "Mozilla/4.0 (compatible; MSIE 6.0; Windows 98; .NET CLR 1.1.4322)" "casitamontana.com"
69.92.172.104 - - [01/May/2007:08:48:37 -0700] "GET /images/rooms.png HTTP/1.1" 200 447 "http://casitamontana.com/" "Mozilla/4.0 (compatible; MSIE 6.0; Windows 98; .NET CLR 1.1.4322)" "casitamontana.com"
69.92.172.104 - - [01/May/2007:08:48:37 -0700] "GET /images/testimonials.png HTTP/1.1" 200 6611 "http://casitamontana.com/" "Mozilla/4.0 (compatible; MSIE 6.0; Windows 98; .NET CLR 1.1.4322)" "casitamontana.com"
69.92.172.104 - - [01/May/2007:08:48:38 -0700] "GET /images/home.png HTTP/1.1" 200 428 "http://casitamontana.com/" "Mozilla/4.0 (compatible; MSIE 6.0; Windows 98; .NET CLR 1.1.4322)" "casitamontana.com"
69.92.172.104 - - [01/May/2007:08:48:38 -0700] "GET / HTTP/1.1" 304 - "-" "Mozilla/4.0 (compatible; MSIE 6.0; Windows 98; .NET CLR 1.1.4322)" "casitamontana.com"
69.92.172.104 - - [01/May/2007:08:48:38 -0700] "GET /images/header.jpg HTTP/1.1" 206 39591 "http://casitamontana.com/" "Mozilla/4.0 (compatible; MSIE 6.0; Windows 98; .NET CLR 1.1.4322)" "casitamontana.com"
69.92.172.104 - - [01/May/2007:08:48:38 -0700] "GET /css/style.css HTTP/1.1" 304 - "http://casitamontana.com/" "Mozilla/4.0 (compatible; MSIE 6.0; Windows 98; .NET CLR 1.1.4322)" "casitamontana.com"
69.92.172.104 - - [01/May/2007:08:48:38 -0700] "GET /images/home.png HTTP/1.1" 304 - "http://casitamontana.com/" "Mozilla/4.0 (compatible; MSIE 6.0; Windows 98; .NET CLR 1.1.4322)" "casitamontana.com"
69.92.172.104 - - [01/May/2007:08:48:38 -0700] "GET /images/rooms.png HTTP/1.1" 304 - "http://casitamontana.com/" "Mozilla/4.0 (compatible; MSIE 6.0; Windows 98; .NET CLR 1.1.4322)" "casitamontana.com"
69.92.172.104 - - [01/May/2007:08:48:38 -0700] "GET /images/testimonials.png HTTP/1.1" 304 - "http://casitamontana.com/" "Mozilla/4.0 (compatible; MSIE 6.0; Windows 98; .NET CLR 1.1.4322)" "casitamontana.com"
69.92.172.104 - - [01/May/2007:08:48:38 -0700] "GET /images/reservations.png HTTP/1.1" 200 520 "http://casitamontana.com/" "Mozilla/4.0 (compatible; MSIE 6.0; Windows 98; .NET CLR 1.1.4322)" "casitamontana.com"
69.92.172.104 - - [01/May/2007:08:48:39 -0700] "GET /images/maps.png HTTP/1.1" 200 439 "http://casitamontana.com/" "Mozilla/4.0 (compatible; MSIE 6.0; Windows 98; .NET CLR 1.1.4322)" "casitamontana.com"
69.92.172.104 - - [01/May/2007:08:48:39 -0700] "GET /images/contact.png HTTP/1.1" 200 493 "http://casitamontana.com/" "Mozilla/4.0 (compatible; MSIE 6.0; Windows 98; .NET CLR 1.1.4322)" "casitamontana.com"
69.92.172.104 - - [01/May/2007:08:48:39 -0700] "GET /images/privacy.png HTTP/1.1" 200 457 "http://casitamontana.com/" "Mozilla/4.0 (compatible; MSIE 6.0; Windows 98; .NET CLR 1.1.4322)" "casitamontana.com"
69.92.172.104 - - [01/May/2007:08:48:39 -0700] "GET /images/about.png HTTP/1.1" 200 471 "http://casitamontana.com/" "Mozilla/4.0 (compatible; MSIE 6.0; Windows 98; .NET CLR 1.1.4322)" "casitamontana.com"
69.92.172.104 - - [01/May/2007:08:48:41 -0700] "GET /rooms.html HTTP/1.1" 200 4005 "http://casitamontana.com/" "Mozilla/4.0 (compatible; MSIE 6.0; Windows 98; .NET CLR 1.1.4322)" "casitamontana.com"
69.92.172.104 - - [01/May/2007:08:48:41 -0700] "GET /css/style.css HTTP/1.1" 304 - "http://casitamontana.com/rooms.html" "Mozilla/4.0 (compatible; MSIE 6.0; Windows 98; .NET CLR 1.1.4322)" "casitamontana.com"
69.92.172.104 - - [01/May/2007:08:48:41 -0700] "GET /images/testimonials.png HTTP/1.1" 304 - "http://casitamontana.com/rooms.html" "Mozilla/4.0 (compatible; MSIE 6.0; Windows 98; .NET CLR 1.1.4322)" "casitamontana.com"
69.92.172.104 - - [01/May/2007:08:48:41 -0700] "GET /images/home.png HTTP/1.1" 304 - "http://casitamontana.com/rooms.html" "Mozilla/4.0 (compatible; MSIE 6.0; Windows 98; .NET CLR 1.1.4322)" "casitamontana.com"
69.92.172.104 - - [01/May/2007:08:48:41 -0700] "GET /images/rooms.png HTTP/1.1" 304 - "http://casitamontana.com/rooms.html" "Mozilla/4.0 (compatible; MSIE 6.0; Windows 98; .NET CLR 1.1.4322)" "casitamontana.com"
69.92.172.104 - - [01/May/2007:08:48:41 -0700] "GET /images/reservations.png HTTP/1.1" 304 - "http://casitamontana.com/rooms.html" "Mozilla/4.0 (compatible; MSIE 6.0; Windows 98; .NET CLR 1.1.4322)" "casitamontana.com"
69.92.172.104 - - [01/May/2007:08:48:41 -0700] "GET /images/maps.png HTTP/1.1" 304 - "http://casitamontana.com/rooms.html" "Mozilla/4.0 (compatible; MSIE 6.0; Windows 98; .NET CLR 1.1.4322)" "casitamontana.com"
69.92.172.104 - - [01/May/2007:08:48:42 -0700] "GET /images/header.jpg HTTP/1.1" 304 - "http://casitamontana.com/rooms.html" "Mozilla/4.0 (compatible; MSIE 6.0; Windows 98; .NET CLR 1.1.4322)" "casitamontana.com"
69.92.172.104 - - [01/May/2007:08:48:42 -0700] "GET /images/contact.png HTTP/1.1" 304 - "http://casitamontana.com/rooms.html" "Mozilla/4.0 (compatible; MSIE 6.0; Windows 98; .NET CLR 1.1.4322)" "casitamontana.com"
69.92.172.104 - - [01/May/2007:08:48:42 -0700] "GET /images/about.png HTTP/1.1" 304 - "http://casitamontana.com/rooms.html" "Mozilla/4.0 (compatible; MSIE 6.0; Windows 98; .NET CLR 1.1.4322)" "casitamontana.com"
69.92.172.104 - - [01/May/2007:08:48:42 -0700] "GET /images/privacy.png HTTP/1.1" 304 - "http://casitamontana.com/rooms.html" "Mozilla/4.0 (compatible; MSIE 6.0; Windows 98; .NET CLR 1.1.4322)" "casitamontana.com"
69.92.172.104 - - [01/May/2007:08:48:42 -0700] "GET /images/buffet.jpg HTTP/1.1" 200 44272 "http://casitamontana.com/rooms.html" "Mozilla/4.0 (compatible; MSIE 6.0; Windows 98; .NET CLR 1.1.4322)" "casitamontana.com"
69.92.172.104 - - [01/May/2007:08:48:42 -0700] "GET /images/breakfastroom.jpg HTTP/1.1" 200 59357 "http://casitamontana.com/rooms.html" "Mozilla/4.0 (compatible; MSIE 6.0; Windows 98; .NET CLR 1.1.4322)" "casitamontana.com"
69.92.172.104 - - [01/May/2007:08:48:42 -0700] "GET /images/fireplace.jpg HTTP/1.1" 200 27997 "http://casitamontana.com/rooms.html" "Mozilla/4.0 (compatible; MSIE 6.0; Windows 98; .NET CLR 1.1.4322)" "casitamontana.com"
69.92.172.104 - - [01/May/2007:08:48:42 -0700] "GET /images/livingroom.jpg HTTP/1.1" 200 46925 "http://casitamontana.com/rooms.html" "Mozilla/4.0 (compatible; MSIE 6.0; Windows 98; .NET CLR 1.1.4322)" "casitamontana.com"
69.92.172.104 - - [01/May/2007:08:48:43 -0700] "GET /images/diningroom.jpg HTTP/1.1" 200 33898 "http://casitamontana.com/rooms.html" "Mozilla/4.0 (compatible; MSIE 6.0; Windows 98; .NET CLR 1.1.4322)" "casitamontana.com"
69.92.172.104 - - [01/May/2007:08:48:43 -0700] "GET /images/bedroom1.jpg HTTP/1.1" 200 48743 "http://casitamontana.com/rooms.html" "Mozilla/4.0 (compatible; MSIE 6.0; Windows 98; .NET CLR 1.1.4322)" "casitamontana.com"
69.92.172.104 - - [01/May/2007:08:48:43 -0700] "GET /images/bedroom2.jpg HTTP/1.1" 200 36177 "http://casitamontana.com/rooms.html" "Mozilla/4.0 (compatible; MSIE 6.0; Windows 98; .NET CLR 1.1.4322)" "casitamontana.com"
