24.255.44.208 - - [31/Jul/2007:12:34:18 -0700] "GET /images/maps.png HTTP/1.1" 200 439 "-" "Mozilla/4.0 (compatible; MSIE 6.0; Windows NT 5.1; {AE2612CD-3CD0-4B2A-9F2F-0529A08FBD1D}; SV1; .NET CLR 1.1.4322)" "www.casitamontana.com"
24.255.44.208 - - [31/Jul/2007:12:34:18 -0700] "GET /images/contact.png HTTP/1.1" 200 493 "-" "Mozilla/4.0 (compatible; MSIE 6.0; Windows NT 5.1; {AE2612CD-3CD0-4B2A-9F2F-0529A08FBD1D}; SV1; .NET CLR 1.1.4322)" "www.casitamontana.com"
24.255.44.208 - - [31/Jul/2007:12:34:18 -0700] "GET /images/about.png HTTP/1.1" 200 471 "-" "Mozilla/4.0 (compatible; MSIE 6.0; Windows NT 5.1; {AE2612CD-3CD0-4B2A-9F2F-0529A08FBD1D}; SV1; .NET CLR 1.1.4322)" "www.casitamontana.com"
24.255.44.208 - - [31/Jul/2007:12:34:19 -0700] "GET /images/privacy.png HTTP/1.1" 200 457 "-" "Mozilla/4.0 (compatible; MSIE 6.0; Windows NT 5.1; {AE2612CD-3CD0-4B2A-9F2F-0529A08FBD1D}; SV1; .NET CLR 1.1.4322)" "www.casitamontana.com"
24.255.44.208 - - [31/Jul/2007:12:34:21 -0700] "GET /rooms.html HTTP/1.1" 200 4005 "-" "Mozilla/4.0 (compatible; MSIE 6.0; Windows NT 5.1; {AE2612CD-3CD0-4B2A-9F2F-0529A08FBD1D}; SV1; .NET CLR 1.1.4322)" "www.casitamontana.com"
24.255.44.208 - - [31/Jul/2007:12:34:21 -0700] "GET /css/style.css HTTP/1.1" 304 - "-" "Mozilla/4.0 (compatible; MSIE 6.0; Windows NT 5.1; {AE2612CD-3CD0-4B2A-9F2F-0529A08FBD1D}; SV1; .NET CLR 1.1.4322)" "www.casitamontana.com"
24.255.44.208 - - [31/Jul/2007:12:34:21 -0700] "GET /images/header.jpg HTTP/1.1" 304 - "-" "Mozilla/4.0 (compatible; MSIE 6.0; Windows NT 5.1; {AE2612CD-3CD0-4B2A-9F2F-0529A08FBD1D}; SV1; .NET CLR 1.1.4322)" "www.casitamontana.com"
24.255.44.208 - - [31/Jul/2007:12:34:21 -0700] "GET /images/home.png HTTP/1.1" 304 - "-" "Mozilla/4.0 (compatible; MSIE 6.0; Windows NT 5.1; {AE2612CD-3CD0-4B2A-9F2F-0529A08FBD1D}; SV1; .NET CLR 1.1.4322)" "www.casitamontana.com"
24.255.44.208 - - [31/Jul/2007:12:34:21 -0700] "GET /images/rooms.png HTTP/1.1" 304 - "-" "Mozilla/4.0 (compatible; MSIE 6.0; Windows NT 5.1; {AE2612CD-3CD0-4B2A-9F2F-0529A08FBD1D}; SV1; .NET CLR 1.1.4322)" "www.casitamontana.com"
24.255.44.208 - - [31/Jul/2007:12:34:22 -0700] "GET /images/testimonials.png HTTP/1.1" 304 - "-" "Mozilla/4.0 (compatible; MSIE 6.0; Windows NT 5.1; {AE2612CD-3CD0-4B2A-9F2F-0529A08FBD1D}; SV1; .NET CLR 1.1.4322)" "www.casitamontana.com"
24.255.44.208 - - [31/Jul/2007:12:34:22 -0700] "GET /images/reservations.png HTTP/1.1" 304 - "-" "Mozilla/4.0 (compatible; MSIE 6.0; Windows NT 5.1; {AE2612CD-3CD0-4B2A-9F2F-0529A08FBD1D}; SV1; .NET CLR 1.1.4322)" "www.casitamontana.com"
24.255.44.208 - - [31/Jul/2007:12:34:22 -0700] "GET /images/maps.png HTTP/1.1" 304 - "-" "Mozilla/4.0 (compatible; MSIE 6.0; Windows NT 5.1; {AE2612CD-3CD0-4B2A-9F2F-0529A08FBD1D}; SV1; .NET CLR 1.1.4322)" "www.casitamontana.com"
24.255.44.208 - - [31/Jul/2007:12:34:22 -0700] "GET /images/contact.png HTTP/1.1" 304 - "-" "Mozilla/4.0 (compatible; MSIE 6.0; Windows NT 5.1; {AE2612CD-3CD0-4B2A-9F2F-0529A08FBD1D}; SV1; .NET CLR 1.1.4322)" "www.casitamontana.com"
24.255.44.208 - - [31/Jul/2007:12:34:22 -0700] "GET /images/about.png HTTP/1.1" 304 - "-" "Mozilla/4.0 (compatible; MSIE 6.0; Windows NT 5.1; {AE2612CD-3CD0-4B2A-9F2F-0529A08FBD1D}; SV1; .NET CLR 1.1.4322)" "www.casitamontana.com"
24.255.44.208 - - [31/Jul/2007:12:34:22 -0700] "GET /images/privacy.png HTTP/1.1" 304 - "-" "Mozilla/4.0 (compatible; MSIE 6.0; Windows NT 5.1; {AE2612CD-3CD0-4B2A-9F2F-0529A08FBD1D}; SV1; .NET CLR 1.1.4322)" "www.casitamontana.com"
24.255.44.208 - - [31/Jul/2007:12:34:22 -0700] "GET /images/buffet.jpg HTTP/1.1" 200 44272 "-" "Mozilla/4.0 (compatible; MSIE 6.0; Windows NT 5.1; {AE2612CD-3CD0-4B2A-9F2F-0529A08FBD1D}; SV1; .NET CLR 1.1.4322)" "www.casitamontana.com"
24.255.44.208 - - [31/Jul/2007:12:34:22 -0700] "GET /images/breakfastroom.jpg HTTP/1.1" 200 59357 "-" "Mozilla/4.0 (compatible; MSIE 6.0; Windows NT 5.1; {AE2612CD-3CD0-4B2A-9F2F-0529A08FBD1D}; SV1; .NET CLR 1.1.4322)" "www.casitamontana.com"
24.255.44.208 - - [31/Jul/2007:12:34:23 -0700] "GET /images/fireplace.jpg HTTP/1.1" 200 27997 "-" "Mozilla/4.0 (compatible; MSIE 6.0; Windows NT 5.1; {AE2612CD-3CD0-4B2A-9F2F-0529A08FBD1D}; SV1; .NET CLR 1.1.4322)" "www.casitamontana.com"
24.255.44.208 - - [31/Jul/2007:12:34:23 -0700] "GET /images/livingroom.jpg HTTP/1.1" 200 46925 "-" "Mozilla/4.0 (compatible; MSIE 6.0; Windows NT 5.1; {AE2612CD-3CD0-4B2A-9F2F-0529A08FBD1D}; SV1; .NET CLR 1.1.4322)" "www.casitamontana.com"
24.255.44.208 - - [31/Jul/2007:12:34:23 -0700] "GET /images/diningroom.jpg HTTP/1.1" 200 33898 "-" "Mozilla/4.0 (compatible; MSIE 6.0; Windows NT 5.1; {AE2612CD-3CD0-4B2A-9F2F-0529A08FBD1D}; SV1; .NET CLR 1.1.4322)" "www.casitamontana.com"
24.255.44.208 - - [31/Jul/2007:12:34:24 -0700] "GET /images/bedroom1.jpg HTTP/1.1" 200 48743 "-" "Mozilla/4.0 (compatible; MSIE 6.0; Windows NT 5.1; {AE2612CD-3CD0-4B2A-9F2F-0529A08FBD1D}; SV1; .NET CLR 1.1.4322)" "www.casitamontana.com"
24.255.44.208 - - [31/Jul/2007:12:34:24 -0700] "GET /images/bedroom2.jpg HTTP/1.1" 200 36177 "-" "Mozilla/4.0 (compatible; MSIE 6.0; Windows NT 5.1; {AE2612CD-3CD0-4B2A-9F2F-0529A08FBD1D}; SV1; .NET CLR 1.1.4322)" "www.casitamontana.com"
24.255.44.208 - - [31/Jul/2007:12:34:24 -0700] "GET /images/bedroom3.jpg HTTP/1.1" 200 46384 "-" "Mozilla/4.0 (compatible; MSIE 6.0; Windows NT 5.1; {AE2612CD-3CD0-4B2A-9F2F-0529A08FBD1D}; SV1; .NET CLR 1.1.4322)" "www.casitamontana.com"
68.95.156.183 - - [31/Jul/2007:12:37:51 -0700] "GET / HTTP/1.1" 200 3915 "http://www.mexconnect.com/mex_/lkchapacc.html" "Mozilla/4.0 (compatible; MSIE 6.0; Windows NT 5.1; SV1)" "www.casitamontana.com"
68.95.156.183 - - [31/Jul/2007:12:37:52 -0700] "GET /css/style.css HTTP/1.1" 200 515 "http://www.casitamontana.com/" "Mozilla/4.0 (compatible; MSIE 6.0; Windows NT 5.1; SV1)" "www.casitamontana.com"
68.95.156.183 - - [31/Jul/2007:12:37:52 -0700] "GET /images/header.jpg HTTP/1.1" 200 126755 "http://www.casitamontana.com/" "Mozilla/4.0 (compatible; MSIE 6.0; Windows NT 5.1; SV1)" "www.casitamontana.com"
68.95.156.183 - - [31/Jul/2007:12:37:52 -0700] "GET /images/home.png HTTP/1.1" 200 428 "http://www.casitamontana.com/" "Mozilla/4.0 (compatible; MSIE 6.0; Windows NT 5.1; SV1)" "www.casitamontana.com"
68.95.156.183 - - [31/Jul/2007:12:37:53 -0700] "GET /images/rooms.png HTTP/1.1" 200 447 "http://www.casitamontana.com/" "Mozilla/4.0 (compatible; MSIE 6.0; Windows NT 5.1; SV1)" "www.casitamontana.com"
68.95.156.183 - - [31/Jul/2007:12:37:53 -0700] "GET /images/reservations.png HTTP/1.1" 200 520 "http://www.casitamontana.com/" "Mozilla/4.0 (compatible; MSIE 6.0; Windows NT 5.1; SV1)" "www.casitamontana.com"
68.95.156.183 - - [31/Jul/2007:12:37:53 -0700] "GET /images/testimonials.png HTTP/1.1" 200 6611 "http://www.casitamontana.com/" "Mozilla/4.0 (compatible; MSIE 6.0; Windows NT 5.1; SV1)" "www.casitamontana.com"
68.95.156.183 - - [31/Jul/2007:12:37:53 -0700] "GET /images/maps.png HTTP/1.1" 200 439 "http://www.casitamontana.com/" "Mozilla/4.0 (compatible; MSIE 6.0; Windows NT 5.1; SV1)" "www.casitamontana.com"
68.95.156.183 - - [31/Jul/2007:12:37:53 -0700] "GET /images/contact.png HTTP/1.1" 200 493 "http://www.casitamontana.com/" "Mozilla/4.0 (compatible; MSIE 6.0; Windows NT 5.1; SV1)" "www.casitamontana.com"
68.95.156.183 - - [31/Jul/2007:12:37:53 -0700] "GET /images/about.png HTTP/1.1" 200 471 "http://www.casitamontana.com/" "Mozilla/4.0 (compatible; MSIE 6.0; Windows NT 5.1; SV1)" "www.casitamontana.com"
68.95.156.183 - - [31/Jul/2007:12:37:53 -0700] "GET /images/privacy.png HTTP/1.1" 200 457 "http://www.casitamontana.com/" "Mozilla/4.0 (compatible; MSIE 6.0; Windows NT 5.1; SV1)" "www.casitamontana.com"
68.95.156.183 - - [31/Jul/2007:12:37:59 -0700] "GET /rooms.html HTTP/1.1" 200 4005 "http://www.casitamontana.com/" "Mozilla/4.0 (compatible; MSIE 6.0; Windows NT 5.1; SV1)" "www.casitamontana.com"
68.95.156.183 - - [31/Jul/2007:12:37:59 -0700] "GET /images/buffet.jpg HTTP/1.1" 200 44272 "http://www.casitamontana.com/rooms.html" "Mozilla/4.0 (compatible; MSIE 6.0; Windows NT 5.1; SV1)" "www.casitamontana.com"
68.95.156.183 - - [31/Jul/2007:12:37:59 -0700] "GET /images/livingroom.jpg HTTP/1.1" 200 46925 "http://www.casitamontana.com/rooms.html" "Mozilla/4.0 (compatible; MSIE 6.0; Windows NT 5.1; SV1)" "www.casitamontana.com"
68.95.156.183 - - [31/Jul/2007:12:38:00 -0700] "GET /images/fireplace.jpg HTTP/1.1" 200 27997 "http://www.casitamontana.com/rooms.html" "Mozilla/4.0 (compatible; MSIE 6.0; Windows NT 5.1; SV1)" "www.casitamontana.com"
68.95.156.183 - - [31/Jul/2007:12:38:00 -0700] "GET /images/diningroom.jpg HTTP/1.1" 200 33898 "http://www.casitamontana.com/rooms.html" "Mozilla/4.0 (compatible; MSIE 6.0; Windows NT 5.1; SV1)" "www.casitamontana.com"
68.95.156.183 - - [31/Jul/2007:12:38:00 -0700] "GET /images/bedroom1.jpg HTTP/1.1" 200 48743 "http://www.casitamontana.com/rooms.html" "Mozilla/4.0 (compatible; MSIE 6.0; Windows NT 5.1; SV1)" "www.casitamontana.com"
68.95.156.183 - - [31/Jul/2007:12:38:01 -0700] "GET /images/breakfastroom.jpg HTTP/1.1" 200 59357 "http://www.casitamontana.com/rooms.html" "Mozilla/4.0 (compatible; MSIE 6.0; Windows NT 5.1; SV1)" "www.casitamontana.com"
68.95.156.183 - - [31/Jul/2007:12:38:01 -0700] "GET /images/bedroom2.jpg HTTP/1.1" 200 36177 "http://www.casitamontana.com/rooms.html" "Mozilla/4.0 (compatible; MSIE 6.0; Windows NT 5.1; SV1)" "www.casitamontana.com"
68.95.156.183 - - [31/Jul/2007:12:38:01 -0700] "GET /images/bedroom3.jpg HTTP/1.1" 200 46384 "http://www.casitamontana.com/rooms.html" "Mozilla/4.0 (compatible; MSIE 6.0; Windows NT 5.1; SV1)" "www.casitamontana.com"
68.95.156.183 - - [31/Jul/2007:12:38:24 -0700] "GET /reservations.html HTTP/1.1" 200 5944 "http://www.casitamontana.com/rooms.html" "Mozilla/4.0 (compatible; MSIE 6.0; Windows NT 5.1; SV1)" "www.casitamontana.com"
68.95.156.183 - - [31/Jul/2007:12:38:24 -0700] "GET /images/paypal.gif HTTP/1.1" 200 2373 "http://www.casitamontana.com/reservations.html" "Mozilla/4.0 (compatible; MSIE 6.0; Windows NT 5.1; SV1)" "www.casitamontana.com"
64.12.117.11 - - [31/Jul/2007:12:38:55 -0700] "HEAD /images/maps.png HTTP/1.1" 200 0 "-" "-" "casitamontana.com"
64.12.116.205 - - [31/Jul/2007:12:38:55 -0700] "HEAD /images/reservations.png HTTP/1.1" 200 0 "-" "-" "casitamontana.com"
64.12.117.70 - - [31/Jul/2007:12:38:55 -0700] "HEAD /images/rooms.png HTTP/1.1" 200 0 "-" "-" "casitamontana.com"
64.12.116.196 - - [31/Jul/2007:12:39:12 -0700] "HEAD /images/testimonials.png HTTP/1.1" 200 0 "-" "-" "casitamontana.com"
64.12.116.196 - - [31/Jul/2007:12:38:36 -0700] "HEAD /images/contact.png HTTP/1.1" 200 0 "-" "-" "casitamontana.com"
64.12.117.19 - - [31/Jul/2007:12:38:55 -0700] "GET / HTTP/1.1" 200 3915 "-" "Mozilla/4.0 (compatible; MSIE 6.0; AOL 9.0; Windows 98; .NET CLR 1.1.4322)" "casitamontana.com"
64.12.116.75 - - [31/Jul/2007:12:39:02 -0700] "HEAD /images/header.jpg HTTP/1.1" 200 0 "-" "-" "casitamontana.com"
64.12.117.5 - - [31/Jul/2007:12:39:12 -0700] "HEAD /images/about.png HTTP/1.1" 200 0 "-" "-" "casitamontana.com"
64.12.117.8 - - [31/Jul/2007:12:38:55 -0700] "HEAD /images/privacy.png HTTP/1.1" 200 0 "-" "-" "casitamontana.com"
64.12.116.209 - - [31/Jul/2007:12:38:55 -0700] "HEAD /images/home.png HTTP/1.1" 200 0 "-" "-" "casitamontana.com"
64.12.116.144 - - [31/Jul/2007:12:39:12 -0700] "GET /css/style.css HTTP/1.1" 200 515 "http://casitamontana.com/" "Mozilla/4.0 (compatible; MSIE 6.0; AOL 9.0; Windows 98; .NET CLR 1.1.4322)" "casitamontana.com"
64.12.117.70 - - [31/Jul/2007:12:39:03 -0700] "GET /images/rooms.png HTTP/1.1" 200 447 "http://casitamontana.com/" "Mozilla/4.0 (compatible; MSIE 6.0; AOL 9.0; Windows 98; .NET CLR 1.1.4322)" "casitamontana.com"
64.12.116.209 - - [31/Jul/2007:12:38:55 -0700] "GET /images/home.png HTTP/1.1" 200 428 "http://casitamontana.com/" "Mozilla/4.0 (compatible; MSIE 6.0; AOL 9.0; Windows 98; .NET CLR 1.1.4322)" "casitamontana.com"
64.12.116.196 - - [31/Jul/2007:12:38:55 -0700] "GET /images/testimonials.png HTTP/1.1" 200 6611 "http://casitamontana.com/" "Mozilla/4.0 (compatible; MSIE 6.0; AOL 9.0; Windows 98; .NET CLR 1.1.4322)" "casitamontana.com"
64.12.116.75 - - [31/Jul/2007:12:38:56 -0700] "GET /images/header.jpg HTTP/1.1" 200 126755 "http://casitamontana.com/" "Mozilla/4.0 (compatible; MSIE 6.0; AOL 9.0; Windows 98; .NET CLR 1.1.4322)" "casitamontana.com"
64.12.117.11 - - [31/Jul/2007:12:39:03 -0700] "GET /images/maps.png HTTP/1.1" 200 439 "http://casitamontana.com/" "Mozilla/4.0 (compatible; MSIE 6.0; AOL 9.0; Windows 98; .NET CLR 1.1.4322)" "casitamontana.com"
64.12.116.205 - - [31/Jul/2007:12:38:56 -0700] "GET /images/reservations.png HTTP/1.1" 200 520 "http://casitamontana.com/" "Mozilla/4.0 (compatible; MSIE 6.0; AOL 9.0; Windows 98; .NET CLR 1.1.4322)" "casitamontana.com"
64.12.116.196 - - [31/Jul/2007:12:38:56 -0700] "GET /images/contact.png HTTP/1.1" 200 493 "http://casitamontana.com/" "Mozilla/4.0 (compatible; MSIE 6.0; AOL 9.0; Windows 98; .NET CLR 1.1.4322)" "casitamontana.com"
64.12.117.5 - - [31/Jul/2007:12:38:56 -0700] "GET /images/about.png HTTP/1.1" 200 471 "http://casitamontana.com/" "Mozilla/4.0 (compatible; MSIE 6.0; AOL 9.0; Windows 98; .NET CLR 1.1.4322)" "casitamontana.com"
64.12.117.8 - - [31/Jul/2007:12:38:56 -0700] "GET /images/privacy.png HTTP/1.1" 200 457 "http://casitamontana.com/" "Mozilla/4.0 (compatible; MSIE 6.0; AOL 9.0; Windows 98; .NET CLR 1.1.4322)" "casitamontana.com"
64.12.116.200 - - [31/Jul/2007:12:38:58 -0700] "GET /reservations.html HTTP/1.1" 200 5944 "http://casitamontana.com/" "Mozilla/4.0 (compatible; MSIE 6.0; AOL 9.0; Windows 98; .NET CLR 1.1.4322)" "casitamontana.com"
64.12.117.70 - - [31/Jul/2007:12:39:03 -0700] "HEAD /images/rooms.png HTTP/1.1" 200 0 "-" "-" "casitamontana.com"
64.12.117.5 - - [31/Jul/2007:12:39:03 -0700] "HEAD /images/about.png HTTP/1.1" 200 0 "-" "-" "casitamontana.com"
64.12.117.11 - - [31/Jul/2007:12:39:03 -0700] "HEAD /images/maps.png HTTP/1.1" 200 0 "-" "-" "casitamontana.com"
64.12.116.196 - - [31/Jul/2007:12:39:03 -0700] "HEAD /images/testimonials.png HTTP/1.1" 200 0 "-" "-" "casitamontana.com"
64.12.116.209 - - [31/Jul/2007:12:39:20 -0700] "HEAD /images/home.png HTTP/1.1" 200 0 "-" "-" "casitamontana.com"
64.12.116.143 - - [31/Jul/2007:12:39:10 -0700] "HEAD /images/paypal.gif HTTP/1.1" 200 0 "-" "-" "casitamontana.com"
64.12.116.196 - - [31/Jul/2007:12:39:03 -0700] "HEAD /images/contact.png HTTP/1.1" 200 0 "-" "-" "casitamontana.com"
64.12.116.75 - - [31/Jul/2007:12:39:03 -0700] "HEAD /images/header.jpg HTTP/1.1" 200 0 "-" "-" "casitamontana.com"
64.12.117.8 - - [31/Jul/2007:12:39:20 -0700] "HEAD /images/privacy.png HTTP/1.1" 200 0 "-" "-" "casitamontana.com"
64.12.116.205 - - [31/Jul/2007:12:39:03 -0700] "HEAD /images/reservations.png HTTP/1.1" 200 0 "-" "-" "casitamontana.com"
64.12.116.144 - - [31/Jul/2007:12:38:58 -0700] "GET /css/style.css HTTP/1.1" 200 515 "http://casitamontana.com/reservations.html" "Mozilla/4.0 (compatible; MSIE 6.0; AOL 9.0; Windows 98; .NET CLR 1.1.4322)" "casitamontana.com"
64.12.116.209 - - [31/Jul/2007:12:38:58 -0700] "GET /images/home.png HTTP/1.1" 200 428 "http://casitamontana.com/reservations.html" "Mozilla/4.0 (compatible; MSIE 6.0; AOL 9.0; Windows 98; .NET CLR 1.1.4322)" "casitamontana.com"
64.12.116.75 - - [31/Jul/2007:12:39:03 -0700] "GET /images/header.jpg HTTP/1.1" 200 126755 "http://casitamontana.com/reservations.html" "Mozilla/4.0 (compatible; MSIE 6.0; AOL 9.0; Windows 98; .NET CLR 1.1.4322)" "casitamontana.com"
64.12.116.196 - - [31/Jul/2007:12:39:21 -0700] "GET /images/testimonials.png HTTP/1.1" 200 6611 "http://casitamontana.com/reservations.html" "Mozilla/4.0 (compatible; MSIE 6.0; AOL 9.0; Windows 98; .NET CLR 1.1.4322)" "casitamontana.com"
64.12.117.70 - - [31/Jul/2007:12:39:03 -0700] "GET /images/rooms.png HTTP/1.1" 200 447 "http://casitamontana.com/reservations.html" "Mozilla/4.0 (compatible; MSIE 6.0; AOL 9.0; Windows 98; .NET CLR 1.1.4322)" "casitamontana.com"
64.12.116.205 - - [31/Jul/2007:12:39:04 -0700] "GET /images/reservations.png HTTP/1.1" 200 520 "http://casitamontana.com/reservations.html" "Mozilla/4.0 (compatible; MSIE 6.0; AOL 9.0; Windows 98; .NET CLR 1.1.4322)" "casitamontana.com"
64.12.117.11 - - [31/Jul/2007:12:39:04 -0700] "GET /images/maps.png HTTP/1.1" 200 439 "http://casitamontana.com/reservations.html" "Mozilla/4.0 (compatible; MSIE 6.0; AOL 9.0; Windows 98; .NET CLR 1.1.4322)" "casitamontana.com"
64.12.116.196 - - [31/Jul/2007:12:38:45 -0700] "GET /images/contact.png HTTP/1.1" 200 493 "http://casitamontana.com/reservations.html" "Mozilla/4.0 (compatible; MSIE 6.0; AOL 9.0; Windows 98; .NET CLR 1.1.4322)" "casitamontana.com"
64.12.116.143 - - [31/Jul/2007:12:39:21 -0700] "GET /images/paypal.gif HTTP/1.1" 200 2373 "http://casitamontana.com/reservations.html" "Mozilla/4.0 (compatible; MSIE 6.0; AOL 9.0; Windows 98; .NET CLR 1.1.4322)" "casitamontana.com"
64.12.117.8 - - [31/Jul/2007:12:38:59 -0700] "GET /images/privacy.png HTTP/1.1" 200 457 "http://casitamontana.com/reservations.html" "Mozilla/4.0 (compatible; MSIE 6.0; AOL 9.0; Windows 98; .NET CLR 1.1.4322)" "casitamontana.com"
64.12.117.5 - - [31/Jul/2007:12:39:04 -0700] "GET /images/about.png HTTP/1.1" 200 471 "http://casitamontana.com/reservations.html" "Mozilla/4.0 (compatible; MSIE 6.0; AOL 9.0; Windows 98; .NET CLR 1.1.4322)" "casitamontana.com"
64.12.117.18 - - [31/Jul/2007:12:46:18 -0700] "GET /contact.html HTTP/1.1" 200 3389 "http://casitamontana.com/reservations.html" "Mozilla/4.0 (compatible; MSIE 6.0; AOL 9.0; Windows 98; .NET CLR 1.1.4322)" "casitamontana.com"
64.12.116.144 - - [31/Jul/2007:12:46:01 -0700] "GET /css/style.css HTTP/1.1" 200 515 "http://casitamontana.com/contact.html" "Mozilla/4.0 (compatible; MSIE 6.0; AOL 9.0; Windows 98; .NET CLR 1.1.4322)" "casitamontana.com"
64.12.116.196 - - [31/Jul/2007:12:46:01 -0700] "GET /images/testimonials.png HTTP/1.1" 200 6611 "http://casitamontana.com/contact.html" "Mozilla/4.0 (compatible; MSIE 6.0; AOL 9.0; Windows 98; .NET CLR 1.1.4322)" "casitamontana.com"
64.12.117.70 - - [31/Jul/2007:12:46:01 -0700] "GET /images/rooms.png HTTP/1.1" 200 447 "http://casitamontana.com/contact.html" "Mozilla/4.0 (compatible; MSIE 6.0; AOL 9.0; Windows 98; .NET CLR 1.1.4322)" "casitamontana.com"
64.12.116.209 - - [31/Jul/2007:12:46:01 -0700] "GET /images/home.png HTTP/1.1" 200 428 "http://casitamontana.com/contact.html" "Mozilla/4.0 (compatible; MSIE 6.0; AOL 9.0; Windows 98; .NET CLR 1.1.4322)" "casitamontana.com"
64.12.116.205 - - [31/Jul/2007:12:46:01 -0700] "GET /images/reservations.png HTTP/1.1" 200 520 "http://casitamontana.com/contact.html" "Mozilla/4.0 (compatible; MSIE 6.0; AOL 9.0; Windows 98; .NET CLR 1.1.4322)" "casitamontana.com"
64.12.116.75 - - [31/Jul/2007:12:46:01 -0700] "GET /images/header.jpg HTTP/1.1" 200 126755 "http://casitamontana.com/contact.html" "Mozilla/4.0 (compatible; MSIE 6.0; AOL 9.0; Windows 98; .NET CLR 1.1.4322)" "casitamontana.com"
64.12.117.11 - - [31/Jul/2007:12:46:01 -0700] "GET /images/maps.png HTTP/1.1" 200 439 "http://casitamontana.com/contact.html" "Mozilla/4.0 (compatible; MSIE 6.0; AOL 9.0; Windows 98; .NET CLR 1.1.4322)" "casitamontana.com"
64.12.116.196 - - [31/Jul/2007:12:46:02 -0700] "GET /images/contact.png HTTP/1.1" 200 493 "http://casitamontana.com/contact.html" "Mozilla/4.0 (compatible; MSIE 6.0; AOL 9.0; Windows 98; .NET CLR 1.1.4322)" "casitamontana.com"
64.12.117.5 - - [31/Jul/2007:12:45:43 -0700] "GET /images/about.png HTTP/1.1" 200 471 "http://casitamontana.com/contact.html" "Mozilla/4.0 (compatible; MSIE 6.0; AOL 9.0; Windows 98; .NET CLR 1.1.4322)" "casitamontana.com"
64.12.117.8 - - [31/Jul/2007:12:46:09 -0700] "GET /images/privacy.png HTTP/1.1" 200 457 "http://casitamontana.com/contact.html" "Mozilla/4.0 (compatible; MSIE 6.0; AOL 9.0; Windows 98; .NET CLR 1.1.4322)" "casitamontana.com"
64.12.116.200 - - [31/Jul/2007:12:46:33 -0700] "GET /reservations.html HTTP/1.1" 200 5944 "http://casitamontana.com/contact.html" "Mozilla/4.0 (compatible; MSIE 6.0; AOL 9.0; Windows 98; .NET CLR 1.1.4322)" "casitamontana.com"
64.12.117.70 - - [31/Jul/2007:12:46:16 -0700] "HEAD /images/rooms.png HTTP/1.1" 200 0 "-" "-" "casitamontana.com"
64.12.116.196 - - [31/Jul/2007:12:46:16 -0700] "HEAD /images/testimonials.png HTTP/1.1" 200 0 "-" "-" "casitamontana.com"
64.12.116.205 - - [31/Jul/2007:12:46:23 -0700] "HEAD /images/reservations.png HTTP/1.1" 200 0 "-" "-" "casitamontana.com"
64.12.116.209 - - [31/Jul/2007:12:46:23 -0700] "HEAD /images/home.png HTTP/1.1" 200 0 "-" "-" "casitamontana.com"
64.12.117.11 - - [31/Jul/2007:12:46:16 -0700] "HEAD /images/maps.png HTTP/1.1" 200 0 "-" "-" "casitamontana.com"
64.12.116.143 - - [31/Jul/2007:12:46:11 -0700] "HEAD /images/paypal.gif HTTP/1.1" 200 0 "-" "-" "casitamontana.com"
64.12.116.196 - - [31/Jul/2007:12:46:16 -0700] "HEAD /images/contact.png HTTP/1.1" 200 0 "-" "-" "casitamontana.com"
64.12.116.75 - - [31/Jul/2007:12:46:16 -0700] "HEAD /images/header.jpg HTTP/1.1" 200 0 "-" "-" "casitamontana.com"
64.12.117.5 - - [31/Jul/2007:12:46:16 -0700] "HEAD /images/about.png HTTP/1.1" 200 0 "-" "-" "casitamontana.com"
64.12.117.8 - - [31/Jul/2007:12:46:16 -0700] "HEAD /images/privacy.png HTTP/1.1" 200 0 "-" "-" "casitamontana.com"
64.12.116.144 - - [31/Jul/2007:12:46:17 -0700] "GET /css/style.css HTTP/1.1" 200 515 "http://casitamontana.com/reservations.html" "Mozilla/4.0 (compatible; MSIE 6.0; AOL 9.0; Windows 98; .NET CLR 1.1.4322)" "casitamontana.com"
64.12.116.209 - - [31/Jul/2007:12:46:17 -0700] "GET /images/home.png HTTP/1.1" 200 428 "http://casitamontana.com/reservations.html" "Mozilla/4.0 (compatible; MSIE 6.0; AOL 9.0; Windows 98; .NET CLR 1.1.4322)" "casitamontana.com"
64.12.116.196 - - [31/Jul/2007:12:46:34 -0700] "GET /images/testimonials.png HTTP/1.1" 200 6611 "http://casitamontana.com/reservations.html" "Mozilla/4.0 (compatible; MSIE 6.0; AOL 9.0; Windows 98; .NET CLR 1.1.4322)" "casitamontana.com"
64.12.116.75 - - [31/Jul/2007:12:46:24 -0700] "GET /images/header.jpg HTTP/1.1" 200 126755 "http://casitamontana.com/reservations.html" "Mozilla/4.0 (compatible; MSIE 6.0; AOL 9.0; Windows 98; .NET CLR 1.1.4322)" "casitamontana.com"
64.12.116.205 - - [31/Jul/2007:12:46:17 -0700] "GET /images/reservations.png HTTP/1.1" 200 520 "http://casitamontana.com/reservations.html" "Mozilla/4.0 (compatible; MSIE 6.0; AOL 9.0; Windows 98; .NET CLR 1.1.4322)" "casitamontana.com"
64.12.117.70 - - [31/Jul/2007:12:46:17 -0700] "GET /images/rooms.png HTTP/1.1" 200 447 "http://casitamontana.com/reservations.html" "Mozilla/4.0 (compatible; MSIE 6.0; AOL 9.0; Windows 98; .NET CLR 1.1.4322)" "casitamontana.com"
64.12.117.11 - - [31/Jul/2007:12:46:17 -0700] "GET /images/maps.png HTTP/1.1" 200 439 "http://casitamontana.com/reservations.html" "Mozilla/4.0 (compatible; MSIE 6.0; AOL 9.0; Windows 98; .NET CLR 1.1.4322)" "casitamontana.com"
64.12.116.196 - - [31/Jul/2007:12:45:59 -0700] "GET /images/contact.png HTTP/1.1" 200 493 "http://casitamontana.com/reservations.html" "Mozilla/4.0 (compatible; MSIE 6.0; AOL 9.0; Windows 98; .NET CLR 1.1.4322)" "casitamontana.com"
64.12.117.5 - - [31/Jul/2007:12:46:35 -0700] "GET /images/about.png HTTP/1.1" 200 471 "http://casitamontana.com/reservations.html" "Mozilla/4.0 (compatible; MSIE 6.0; AOL 9.0; Windows 98; .NET CLR 1.1.4322)" "casitamontana.com"
64.12.117.8 - - [31/Jul/2007:12:46:17 -0700] "GET /images/privacy.png HTTP/1.1" 200 457 "http://casitamontana.com/reservations.html" "Mozilla/4.0 (compatible; MSIE 6.0; AOL 9.0; Windows 98; .NET CLR 1.1.4322)" "casitamontana.com"
64.12.116.143 - - [31/Jul/2007:12:46:18 -0700] "GET /images/paypal.gif HTTP/1.1" 200 2373 "http://casitamontana.com/reservations.html" "Mozilla/4.0 (compatible; MSIE 6.0; AOL 9.0; Windows 98; .NET CLR 1.1.4322)" "casitamontana.com"
65.54.165.34 - - [31/Jul/2007:13:08:08 -0700] "GET /robots.txt HTTP/1.0" 404 275 "-" "msnbot/1.0 (+http://search.msn.com/msnbot.htm)" "www.casitamontana.com"
65.54.165.34 - - [31/Jul/2007:13:08:08 -0700] "GET /contact.html HTTP/1.0" 200 3389 "-" "msnbot/1.0 (+http://search.msn.com/msnbot.htm)" "www.casitamontana.com"
66.88.25.194 - - [31/Jul/2007:13:45:39 -0700] "GET / HTTP/1.1" 200 3915 "http://travel.yahoo.com/p-travelguide-486952-chapala_mexico_vacations-i;_ylt=AmbszBG8.EZT34M17tJyem_8xmoA" "Mozilla/5.0 (Windows; U; Windows NT 5.2; en-US; rv:1.8.1.5) Gecko/20070713 Firefox/2.0.0.5" "www.casitamontana.com"
66.88.25.194 - - [31/Jul/2007:13:45:39 -0700] "GET /css/style.css HTTP/1.1" 200 515 "http://www.casitamontana.com/" "Mozilla/5.0 (Windows; U; Windows NT 5.2; en-US; rv:1.8.1.5) Gecko/20070713 Firefox/2.0.0.5" "www.casitamontana.com"
66.88.25.194 - - [31/Jul/2007:13:45:39 -0700] "GET /favicon.ico HTTP/1.1" 404 275 "-" "Mozilla/5.0 (Windows; U; Windows NT 5.2; en-US; rv:1.8.1.5) Gecko/20070713 Firefox/2.0.0.5" "www.casitamontana.com"
66.88.25.194 - - [31/Jul/2007:13:45:40 -0700] "GET /images/header.jpg HTTP/1.1" 200 126755 "http://www.casitamontana.com/" "Mozilla/5.0 (Windows; U; Windows NT 5.2; en-US; rv:1.8.1.5) Gecko/20070713 Firefox/2.0.0.5" "www.casitamontana.com"
66.88.25.194 - - [31/Jul/2007:13:45:40 -0700] "GET /images/home.png HTTP/1.1" 200 428 "http://www.casitamontana.com/" "Mozilla/5.0 (Windows; U; Windows NT 5.2; en-US; rv:1.8.1.5) Gecko/20070713 Firefox/2.0.0.5" "www.casitamontana.com"
66.88.25.194 - - [31/Jul/2007:13:45:40 -0700] "GET /images/rooms.png HTTP/1.1" 200 447 "http://www.casitamontana.com/" "Mozilla/5.0 (Windows; U; Windows NT 5.2; en-US; rv:1.8.1.5) Gecko/20070713 Firefox/2.0.0.5" "www.casitamontana.com"
66.88.25.194 - - [31/Jul/2007:13:45:40 -0700] "GET /images/testimonials.png HTTP/1.1" 200 6611 "http://www.casitamontana.com/" "Mozilla/5.0 (Windows; U; Windows NT 5.2; en-US; rv:1.8.1.5) Gecko/20070713 Firefox/2.0.0.5" "www.casitamontana.com"
66.88.25.194 - - [31/Jul/2007:13:45:40 -0700] "GET /images/reservations.png HTTP/1.1" 200 520 "http://www.casitamontana.com/" "Mozilla/5.0 (Windows; U; Windows NT 5.2; en-US; rv:1.8.1.5) Gecko/20070713 Firefox/2.0.0.5" "www.casitamontana.com"
66.88.25.194 - - [31/Jul/2007:13:45:40 -0700] "GET /images/maps.png HTTP/1.1" 200 439 "http://www.casitamontana.com/" "Mozilla/5.0 (Windows; U; Windows NT 5.2; en-US; rv:1.8.1.5) Gecko/20070713 Firefox/2.0.0.5" "www.casitamontana.com"
66.88.25.194 - - [31/Jul/2007:13:45:40 -0700] "GET /images/contact.png HTTP/1.1" 200 493 "http://www.casitamontana.com/" "Mozilla/5.0 (Windows; U; Windows NT 5.2; en-US; rv:1.8.1.5) Gecko/20070713 Firefox/2.0.0.5" "www.casitamontana.com"
66.88.25.194 - - [31/Jul/2007:13:45:40 -0700] "GET /images/about.png HTTP/1.1" 200 471 "http://www.casitamontana.com/" "Mozilla/5.0 (Windows; U; Windows NT 5.2; en-US; rv:1.8.1.5) Gecko/20070713 Firefox/2.0.0.5" "www.casitamontana.com"
66.88.25.194 - - [31/Jul/2007:13:45:41 -0700] "GET /images/privacy.png HTTP/1.1" 200 457 "http://www.casitamontana.com/" "Mozilla/5.0 (Windows; U; Windows NT 5.2; en-US; rv:1.8.1.5) Gecko/20070713 Firefox/2.0.0.5" "www.casitamontana.com"
66.88.25.194 - - [31/Jul/2007:13:45:42 -0700] "GET /favicon.ico HTTP/1.1" 404 275 "-" "Mozilla/5.0 (Windows; U; Windows NT 5.2; en-US; rv:1.8.1.5) Gecko/20070713 Firefox/2.0.0.5" "www.casitamontana.com"
66.88.25.194 - - [31/Jul/2007:13:45:42 -0700] "GET /favicon.ico HTTP/1.1" 404 275 "-" "Mozilla/5.0 (Windows; U; Windows NT 5.2; en-US; rv:1.8.1.5) Gecko/20070713 Firefox/2.0.0.5" "www.casitamontana.com"
66.88.25.194 - - [31/Jul/2007:13:46:20 -0700] "GET /rooms.html HTTP/1.1" 200 4005 "http://www.casitamontana.com/" "Mozilla/5.0 (Windows; U; Windows NT 5.2; en-US; rv:1.8.1.5) Gecko/20070713 Firefox/2.0.0.5" "www.casitamontana.com"
66.88.25.194 - - [31/Jul/2007:13:46:20 -0700] "GET /favicon.ico HTTP/1.1" 404 275 "-" "Mozilla/5.0 (Windows; U; Windows NT 5.2; en-US; rv:1.8.1.5) Gecko/20070713 Firefox/2.0.0.5" "www.casitamontana.com"
66.88.25.194 - - [31/Jul/2007:13:46:20 -0700] "GET /images/buffet.jpg HTTP/1.1" 200 44272 "http://www.casitamontana.com/rooms.html" "Mozilla/5.0 (Windows; U; Windows NT 5.2; en-US; rv:1.8.1.5) Gecko/20070713 Firefox/2.0.0.5" "www.casitamontana.com"
66.88.25.194 - - [31/Jul/2007:13:46:20 -0700] "GET /images/breakfastroom.jpg HTTP/1.1" 200 59357 "http://www.casitamontana.com/rooms.html" "Mozilla/5.0 (Windows; U; Windows NT 5.2; en-US; rv:1.8.1.5) Gecko/20070713 Firefox/2.0.0.5" "www.casitamontana.com"
66.88.25.194 - - [31/Jul/2007:13:46:21 -0700] "GET /images/fireplace.jpg HTTP/1.1" 200 27997 "http://www.casitamontana.com/rooms.html" "Mozilla/5.0 (Windows; U; Windows NT 5.2; en-US; rv:1.8.1.5) Gecko/20070713 Firefox/2.0.0.5" "www.casitamontana.com"
66.88.25.194 - - [31/Jul/2007:13:46:21 -0700] "GET /images/livingroom.jpg HTTP/1.1" 200 46925 "http://www.casitamontana.com/rooms.html" "Mozilla/5.0 (Windows; U; Windows NT 5.2; en-US; rv:1.8.1.5) Gecko/20070713 Firefox/2.0.0.5" "www.casitamontana.com"
66.88.25.194 - - [31/Jul/2007:13:46:22 -0700] "GET /images/diningroom.jpg HTTP/1.1" 200 33898 "http://www.casitamontana.com/rooms.html" "Mozilla/5.0 (Windows; U; Windows NT 5.2; en-US; rv:1.8.1.5) Gecko/20070713 Firefox/2.0.0.5" "www.casitamontana.com"
66.88.25.194 - - [31/Jul/2007:13:46:22 -0700] "GET /images/bedroom1.jpg HTTP/1.1" 200 48743 "http://www.casitamontana.com/rooms.html" "Mozilla/5.0 (Windows; U; Windows NT 5.2; en-US; rv:1.8.1.5) Gecko/20070713 Firefox/2.0.0.5" "www.casitamontana.com"
66.88.25.194 - - [31/Jul/2007:13:46:22 -0700] "GET /images/bedroom2.jpg HTTP/1.1" 200 36177 "http://www.casitamontana.com/rooms.html" "Mozilla/5.0 (Windows; U; Windows NT 5.2; en-US; rv:1.8.1.5) Gecko/20070713 Firefox/2.0.0.5" "www.casitamontana.com"
66.88.25.194 - - [31/Jul/2007:13:46:23 -0700] "GET /images/bedroom3.jpg HTTP/1.1" 200 46384 "http://www.casitamontana.com/rooms.html" "Mozilla/5.0 (Windows; U; Windows NT 5.2; en-US; rv:1.8.1.5) Gecko/20070713 Firefox/2.0.0.5" "www.casitamontana.com"
66.88.25.194 - - [31/Jul/2007:13:46:24 -0700] "GET /favicon.ico HTTP/1.1" 404 275 "-" "Mozilla/5.0 (Windows; U; Windows NT 5.2; en-US; rv:1.8.1.5) Gecko/20070713 Firefox/2.0.0.5" "www.casitamontana.com"
66.88.25.194 - - [31/Jul/2007:13:46:24 -0700] "GET /favicon.ico HTTP/1.1" 404 275 "-" "Mozilla/5.0 (Windows; U; Windows NT 5.2; en-US; rv:1.8.1.5) Gecko/20070713 Firefox/2.0.0.5" "www.casitamontana.com"
66.88.25.194 - - [31/Jul/2007:13:46:58 -0700] "GET /maps.html HTTP/1.1" 200 2601 "http://www.casitamontana.com/rooms.html" "Mozilla/5.0 (Windows; U; Windows NT 5.2; en-US; rv:1.8.1.5) Gecko/20070713 Firefox/2.0.0.5" "www.casitamontana.com"
66.88.25.194 - - [31/Jul/2007:13:46:58 -0700] "GET /favicon.ico HTTP/1.1" 404 275 "-" "Mozilla/5.0 (Windows; U; Windows NT 5.2; en-US; rv:1.8.1.5) Gecko/20070713 Firefox/2.0.0.5" "www.casitamontana.com"
66.88.25.194 - - [31/Jul/2007:13:46:59 -0700] "GET /images/ajijic_map.jpg HTTP/1.1" 200 223169 "http://www.casitamontana.com/maps.html" "Mozilla/5.0 (Windows; U; Windows NT 5.2; en-US; rv:1.8.1.5) Gecko/20070713 Firefox/2.0.0.5" "www.casitamontana.com"
66.88.25.194 - - [31/Jul/2007:13:47:03 -0700] "GET /favicon.ico HTTP/1.1" 404 275 "-" "Mozilla/5.0 (Windows; U; Windows NT 5.2; en-US; rv:1.8.1.5) Gecko/20070713 Firefox/2.0.0.5" "www.casitamontana.com"
66.88.25.194 - - [31/Jul/2007:13:47:19 -0700] "GET /favicon.ico HTTP/1.1" 404 275 "-" "Mozilla/5.0 (Windows; U; Windows NT 5.2; en-US; rv:1.8.1.5) Gecko/20070713 Firefox/2.0.0.5" "www.casitamontana.com"
66.88.25.194 - - [31/Jul/2007:13:47:46 -0700] "GET /images/bedroom1_big.jpg HTTP/1.1" 200 284400 "http://www.casitamontana.com/rooms.html" "Mozilla/5.0 (Windows; U; Windows NT 5.2; en-US; rv:1.8.1.5) Gecko/20070713 Firefox/2.0.0.5" "www.casitamontana.com"
66.88.25.194 - - [31/Jul/2007:13:47:59 -0700] "GET /index.html HTTP/1.1" 200 3915 "http://www.casitamontana.com/rooms.html" "Mozilla/5.0 (Windows; U; Windows NT 5.2; en-US; rv:1.8.1.5) Gecko/20070713 Firefox/2.0.0.5" "www.casitamontana.com"
66.88.25.194 - - [31/Jul/2007:13:48:00 -0700] "GET /favicon.ico HTTP/1.1" 404 275 "-" "Mozilla/5.0 (Windows; U; Windows NT 5.2; en-US; rv:1.8.1.5) Gecko/20070713 Firefox/2.0.0.5" "www.casitamontana.com"
189.162.104.96 - - [31/Jul/2007:13:54:46 -0700] "GET /favicon.ico HTTP/1.1" 404 275 "-" "Mozilla/5.0 (X11; U; Linux i686; en-US; rv:1.8.0.11) Gecko/20070327 Ubuntu/dapper-security Firefox/1.5.0.11" "www.casitamontana.com"
189.162.104.96 - - [31/Jul/2007:13:54:51 -0700] "GET /favicon.ico HTTP/1.1" 404 275 "-" "Mozilla/5.0 (X11; U; Linux i686; en-US; rv:1.8.0.11) Gecko/20070327 Ubuntu/dapper-security Firefox/1.5.0.11" "www.casitamontana.com"
189.162.104.96 - - [31/Jul/2007:13:56:35 -0700] "GET /rooms.html HTTP/1.1" 200 4005 "http://www.casitamontana.com/" "Mozilla/5.0 (X11; U; Linux i686; en-US; rv:1.8.0.11) Gecko/20070327 Ubuntu/dapper-security Firefox/1.5.0.11" "www.casitamontana.com"
189.162.104.96 - - [31/Jul/2007:13:56:37 -0700] "GET /favicon.ico HTTP/1.1" 404 275 "-" "Mozilla/5.0 (X11; U; Linux i686; en-US; rv:1.8.0.11) Gecko/20070327 Ubuntu/dapper-security Firefox/1.5.0.11" "www.casitamontana.com"
189.162.104.96 - - [31/Jul/2007:13:56:37 -0700] "GET /images/buffet.jpg HTTP/1.1" 200 44272 "http://www.casitamontana.com/rooms.html" "Mozilla/5.0 (X11; U; Linux i686; en-US; rv:1.8.0.11) Gecko/20070327 Ubuntu/dapper-security Firefox/1.5.0.11" "www.casitamontana.com"
189.162.104.96 - - [31/Jul/2007:13:56:37 -0700] "GET /images/breakfastroom.jpg HTTP/1.1" 200 59357 "http://www.casitamontana.com/rooms.html" "Mozilla/5.0 (X11; U; Linux i686; en-US; rv:1.8.0.11) Gecko/20070327 Ubuntu/dapper-security Firefox/1.5.0.11" "www.casitamontana.com"
189.162.104.96 - - [31/Jul/2007:13:56:38 -0700] "GET /images/fireplace.jpg HTTP/1.1" 200 27997 "http://www.casitamontana.com/rooms.html" "Mozilla/5.0 (X11; U; Linux i686; en-US; rv:1.8.0.11) Gecko/20070327 Ubuntu/dapper-security Firefox/1.5.0.11" "www.casitamontana.com"
189.162.104.96 - - [31/Jul/2007:13:56:38 -0700] "GET /images/livingroom.jpg HTTP/1.1" 200 46925 "http://www.casitamontana.com/rooms.html" "Mozilla/5.0 (X11; U; Linux i686; en-US; rv:1.8.0.11) Gecko/20070327 Ubuntu/dapper-security Firefox/1.5.0.11" "www.casitamontana.com"
189.162.104.96 - - [31/Jul/2007:13:56:39 -0700] "GET /images/diningroom.jpg HTTP/1.1" 200 33898 "http://www.casitamontana.com/rooms.html" "Mozilla/5.0 (X11; U; Linux i686; en-US; rv:1.8.0.11) Gecko/20070327 Ubuntu/dapper-security Firefox/1.5.0.11" "www.casitamontana.com"
189.162.104.96 - - [31/Jul/2007:13:56:39 -0700] "GET /images/bedroom1.jpg HTTP/1.1" 200 48743 "http://www.casitamontana.com/rooms.html" "Mozilla/5.0 (X11; U; Linux i686; en-US; rv:1.8.0.11) Gecko/20070327 Ubuntu/dapper-security Firefox/1.5.0.11" "www.casitamontana.com"
189.162.104.96 - - [31/Jul/2007:13:56:39 -0700] "GET /images/bedroom2.jpg HTTP/1.1" 200 36177 "http://www.casitamontana.com/rooms.html" "Mozilla/5.0 (X11; U; Linux i686; en-US; rv:1.8.0.11) Gecko/20070327 Ubuntu/dapper-security Firefox/1.5.0.11" "www.casitamontana.com"
189.162.104.96 - - [31/Jul/2007:13:56:40 -0700] "GET /images/bedroom3.jpg HTTP/1.1" 200 46384 "http://www.casitamontana.com/rooms.html" "Mozilla/5.0 (X11; U; Linux i686; en-US; rv:1.8.0.11) Gecko/20070327 Ubuntu/dapper-security Firefox/1.5.0.11" "www.casitamontana.com"
189.162.104.96 - - [31/Jul/2007:13:56:42 -0700] "GET /favicon.ico HTTP/1.1" 404 275 "-" "Mozilla/5.0 (X11; U; Linux i686; en-US; rv:1.8.0.11) Gecko/20070327 Ubuntu/dapper-security Firefox/1.5.0.11" "www.casitamontana.com"
189.162.104.96 - - [31/Jul/2007:13:57:32 -0700] "GET /favicon.ico HTTP/1.1" 404 275 "-" "Mozilla/5.0 (X11; U; Linux i686; en-US; rv:1.8.0.11) Gecko/20070327 Ubuntu/dapper-security Firefox/1.5.0.11" "www.casitamontana.com"
189.162.104.96 - - [31/Jul/2007:14:02:21 -0700] "GET /favicon.ico HTTP/1.1" 404 275 "-" "Mozilla/5.0 (X11; U; Linux i686; en-US; rv:1.8.0.11) Gecko/20070327 Ubuntu/dapper-security Firefox/1.5.0.11" "www.casitamontana.com"
198.169.188.225 - - [31/Jul/2007:14:07:26 -0700] "GET / HTTP/1.1" 200 3915 "http://www.mexconnect.com/mex_/chreares.html" "Mozilla/4.0 (compatible; MSIE 6.0; Windows NT 5.1; SV1; .NET CLR 1.1.4322)" "www.casitamontana.com"
198.169.188.225 - - [31/Jul/2007:14:07:43 -0700] "GET /images/home.png HTTP/1.1" 200 428 "http://www.casitamontana.com/" "Mozilla/4.0 (compatible; MSIE 6.0; Windows NT 5.1; SV1; .NET CLR 1.1.4322)" "www.casitamontana.com"
198.169.188.225 - - [31/Jul/2007:14:07:43 -0700] "GET /css/style.css HTTP/1.1" 200 515 "http://www.casitamontana.com/" "Mozilla/4.0 (compatible; MSIE 6.0; Windows NT 5.1; SV1; .NET CLR 1.1.4322)" "www.casitamontana.com"
198.169.188.225 - - [31/Jul/2007:14:07:43 -0700] "GET /images/rooms.png HTTP/1.1" 200 447 "http://www.casitamontana.com/" "Mozilla/4.0 (compatible; MSIE 6.0; Windows NT 5.1; SV1; .NET CLR 1.1.4322)" "www.casitamontana.com"
198.169.188.225 - - [31/Jul/2007:14:07:43 -0700] "GET /images/about.png HTTP/1.1" 200 471 "http://www.casitamontana.com/" "Mozilla/4.0 (compatible; MSIE 6.0; Windows NT 5.1; SV1; .NET CLR 1.1.4322)" "www.casitamontana.com"
198.169.188.225 - - [31/Jul/2007:14:07:43 -0700] "GET /images/reservations.png HTTP/1.1" 200 520 "http://www.casitamontana.com/" "Mozilla/4.0 (compatible; MSIE 6.0; Windows NT 5.1; SV1; .NET CLR 1.1.4322)" "www.casitamontana.com"
198.169.188.225 - - [31/Jul/2007:14:07:43 -0700] "GET /images/maps.png HTTP/1.1" 200 439 "http://www.casitamontana.com/" "Mozilla/4.0 (compatible; MSIE 6.0; Windows NT 5.1; SV1; .NET CLR 1.1.4322)" "www.casitamontana.com"
198.169.188.225 - - [31/Jul/2007:14:07:43 -0700] "GET /images/privacy.png HTTP/1.1" 200 457 "http://www.casitamontana.com/" "Mozilla/4.0 (compatible; MSIE 6.0; Windows NT 5.1; SV1; .NET CLR 1.1.4322)" "www.casitamontana.com"
198.169.188.225 - - [31/Jul/2007:14:07:43 -0700] "GET /images/testimonials.png HTTP/1.1" 200 6611 "http://www.casitamontana.com/" "Mozilla/4.0 (compatible; MSIE 6.0; Windows NT 5.1; SV1; .NET CLR 1.1.4322)" "www.casitamontana.com"
198.169.188.225 - - [31/Jul/2007:14:07:43 -0700] "GET /images/contact.png HTTP/1.1" 200 493 "http://www.casitamontana.com/" "Mozilla/4.0 (compatible; MSIE 6.0; Windows NT 5.1; SV1; .NET CLR 1.1.4322)" "www.casitamontana.com"
198.169.188.225 - - [31/Jul/2007:14:07:43 -0700] "GET /favicon.ico HTTP/1.1" 404 275 "http://www.casitamontana.com/" "Mozilla/4.0 (compatible; MSIE 6.0; Windows NT 5.1; SV1; .NET CLR 1.1.4322)" "www.casitamontana.com"
198.169.188.225 - - [31/Jul/2007:14:07:43 -0700] "GET /images/header.jpg HTTP/1.1" 200 126755 "http://www.casitamontana.com/" "Mozilla/4.0 (compatible; MSIE 6.0; Windows NT 5.1; SV1; .NET CLR 1.1.4322)" "www.casitamontana.com"
198.169.188.225 - - [31/Jul/2007:14:07:37 -0700] "GET /rooms.html HTTP/1.1" 200 4005 "http://www.casitamontana.com/" "Mozilla/4.0 (compatible; MSIE 6.0; Windows NT 5.1; SV1; .NET CLR 1.1.4322)" "www.casitamontana.com"
198.169.188.225 - - [31/Jul/2007:14:07:55 -0700] "GET /images/fireplace.jpg HTTP/1.1" 200 27997 "http://www.casitamontana.com/rooms.html" "Mozilla/4.0 (compatible; MSIE 6.0; Windows NT 5.1; SV1; .NET CLR 1.1.4322)" "www.casitamontana.com"
198.169.188.225 - - [31/Jul/2007:14:07:55 -0700] "GET /images/diningroom.jpg HTTP/1.1" 200 33898 "http://www.casitamontana.com/rooms.html" "Mozilla/4.0 (compatible; MSIE 6.0; Windows NT 5.1; SV1; .NET CLR 1.1.4322)" "www.casitamontana.com"
198.169.188.225 - - [31/Jul/2007:14:07:55 -0700] "GET /images/bedroom1.jpg HTTP/1.1" 200 48743 "http://www.casitamontana.com/rooms.html" "Mozilla/4.0 (compatible; MSIE 6.0; Windows NT 5.1; SV1; .NET CLR 1.1.4322)" "www.casitamontana.com"
198.169.188.225 - - [31/Jul/2007:14:07:55 -0700] "GET /images/bedroom2.jpg HTTP/1.1" 200 36177 "http://www.casitamontana.com/rooms.html" "Mozilla/4.0 (compatible; MSIE 6.0; Windows NT 5.1; SV1; .NET CLR 1.1.4322)" "www.casitamontana.com"
198.169.188.225 - - [31/Jul/2007:14:07:55 -0700] "GET /images/buffet.jpg HTTP/1.1" 200 44272 "http://www.casitamontana.com/rooms.html" "Mozilla/4.0 (compatible; MSIE 6.0; Windows NT 5.1; SV1; .NET CLR 1.1.4322)" "www.casitamontana.com"
198.169.188.225 - - [31/Jul/2007:14:07:55 -0700] "GET /images/livingroom.jpg HTTP/1.1" 200 46925 "http://www.casitamontana.com/rooms.html" "Mozilla/4.0 (compatible; MSIE 6.0; Windows NT 5.1; SV1; .NET CLR 1.1.4322)" "www.casitamontana.com"
198.169.188.225 - - [31/Jul/2007:14:07:55 -0700] "GET /images/breakfastroom.jpg HTTP/1.1" 200 59357 "http://www.casitamontana.com/rooms.html" "Mozilla/4.0 (compatible; MSIE 6.0; Windows NT 5.1; SV1; .NET CLR 1.1.4322)" "www.casitamontana.com"
198.169.188.225 - - [31/Jul/2007:14:07:55 -0700] "GET /images/bedroom3.jpg HTTP/1.1" 200 46384 "http://www.casitamontana.com/rooms.html" "Mozilla/4.0 (compatible; MSIE 6.0; Windows NT 5.1; SV1; .NET CLR 1.1.4322)" "www.casitamontana.com"
198.169.188.225 - - [31/Jul/2007:14:08:27 -0700] "GET /reservations.html HTTP/1.1" 200 5944 "http://www.casitamontana.com/rooms.html" "Mozilla/4.0 (compatible; MSIE 6.0; Windows NT 5.1; SV1; .NET CLR 1.1.4322)" "www.casitamontana.com"
198.169.188.225 - - [31/Jul/2007:14:08:44 -0700] "GET /favicon.ico HTTP/1.1" 404 275 "http://www.casitamontana.com/reservations.html" "Mozilla/4.0 (compatible; MSIE 6.0; Windows NT 5.1; SV1; .NET CLR 1.1.4322)" "www.casitamontana.com"
198.169.188.225 - - [31/Jul/2007:14:08:44 -0700] "GET /images/paypal.gif HTTP/1.1" 200 2373 "http://www.casitamontana.com/reservations.html" "Mozilla/4.0 (compatible; MSIE 6.0; Windows NT 5.1; SV1; .NET CLR 1.1.4322)" "www.casitamontana.com"
198.169.188.225 - - [31/Jul/2007:14:08:27 -0700] "GET /images/paypal.gif HTTP/1.1" 304 - "http://www.casitamontana.com/reservations.html" "Mozilla/4.0 (compatible; MSIE 6.0; Windows NT 5.1; SV1; .NET CLR 1.1.4322)" "www.casitamontana.com"
71.102.184.19 - - [31/Jul/2007:14:52:38 -0700] "GET / HTTP/1.1" 200 3915 "-" "Mozilla/4.0 (compatible; MSIE 6.0; Windows NT 5.1; SV1; .NET CLR 1.1.4322)" "www.casitamontana.com"
71.102.184.19 - - [31/Jul/2007:14:52:40 -0700] "GET /css/style.css HTTP/1.1" 200 515 "http://www.casitamontana.com/" "Mozilla/4.0 (compatible; MSIE 6.0; Windows NT 5.1; SV1; .NET CLR 1.1.4322)" "www.casitamontana.com"
71.102.184.19 - - [31/Jul/2007:14:52:40 -0700] "GET /images/home.png HTTP/1.1" 200 428 "http://www.casitamontana.com/" "Mozilla/4.0 (compatible; MSIE 6.0; Windows NT 5.1; SV1; .NET CLR 1.1.4322)" "www.casitamontana.com"
71.102.184.19 - - [31/Jul/2007:14:52:40 -0700] "GET /images/rooms.png HTTP/1.1" 200 447 "http://www.casitamontana.com/" "Mozilla/4.0 (compatible; MSIE 6.0; Windows NT 5.1; SV1; .NET CLR 1.1.4322)" "www.casitamontana.com"
71.102.184.19 - - [31/Jul/2007:14:52:40 -0700] "GET /images/header.jpg HTTP/1.1" 200 126755 "http://www.casitamontana.com/" "Mozilla/4.0 (compatible; MSIE 6.0; Windows NT 5.1; SV1; .NET CLR 1.1.4322)" "www.casitamontana.com"
71.102.184.19 - - [31/Jul/2007:14:52:40 -0700] "GET /images/testimonials.png HTTP/1.1" 200 6611 "http://www.casitamontana.com/" "Mozilla/4.0 (compatible; MSIE 6.0; Windows NT 5.1; SV1; .NET CLR 1.1.4322)" "www.casitamontana.com"
71.102.184.19 - - [31/Jul/2007:14:52:41 -0700] "GET /images/reservations.png HTTP/1.1" 200 520 "http://www.casitamontana.com/" "Mozilla/4.0 (compatible; MSIE 6.0; Windows NT 5.1; SV1; .NET CLR 1.1.4322)" "www.casitamontana.com"
71.102.184.19 - - [31/Jul/2007:14:52:41 -0700] "GET /images/maps.png HTTP/1.1" 200 439 "http://www.casitamontana.com/" "Mozilla/4.0 (compatible; MSIE 6.0; Windows NT 5.1; SV1; .NET CLR 1.1.4322)" "www.casitamontana.com"
71.102.184.19 - - [31/Jul/2007:14:52:41 -0700] "GET /images/contact.png HTTP/1.1" 200 493 "http://www.casitamontana.com/" "Mozilla/4.0 (compatible; MSIE 6.0; Windows NT 5.1; SV1; .NET CLR 1.1.4322)" "www.casitamontana.com"
71.102.184.19 - - [31/Jul/2007:14:52:41 -0700] "GET /images/about.png HTTP/1.1" 200 471 "http://www.casitamontana.com/" "Mozilla/4.0 (compatible; MSIE 6.0; Windows NT 5.1; SV1; .NET CLR 1.1.4322)" "www.casitamontana.com"
71.102.184.19 - - [31/Jul/2007:14:52:41 -0700] "GET /images/privacy.png HTTP/1.1" 200 457 "http://www.casitamontana.com/" "Mozilla/4.0 (compatible; MSIE 6.0; Windows NT 5.1; SV1; .NET CLR 1.1.4322)" "www.casitamontana.com"
71.102.184.19 - - [31/Jul/2007:14:52:46 -0700] "GET /rooms.html HTTP/1.1" 200 4005 "http://www.casitamontana.com/" "Mozilla/4.0 (compatible; MSIE 6.0; Windows NT 5.1; SV1; .NET CLR 1.1.4322)" "www.casitamontana.com"
71.102.184.19 - - [31/Jul/2007:14:52:46 -0700] "GET /images/buffet.jpg HTTP/1.1" 200 44272 "http://www.casitamontana.com/rooms.html" "Mozilla/4.0 (compatible; MSIE 6.0; Windows NT 5.1; SV1; .NET CLR 1.1.4322)" "www.casitamontana.com"
71.102.184.19 - - [31/Jul/2007:14:52:47 -0700] "GET /images/breakfastroom.jpg HTTP/1.1" 200 59357 "http://www.casitamontana.com/rooms.html" "Mozilla/4.0 (compatible; MSIE 6.0; Windows NT 5.1; SV1; .NET CLR 1.1.4322)" "www.casitamontana.com"
71.102.184.19 - - [31/Jul/2007:14:52:47 -0700] "GET /images/fireplace.jpg HTTP/1.1" 200 27997 "http://www.casitamontana.com/rooms.html" "Mozilla/4.0 (compatible; MSIE 6.0; Windows NT 5.1; SV1; .NET CLR 1.1.4322)" "www.casitamontana.com"
71.102.184.19 - - [31/Jul/2007:14:52:47 -0700] "GET /images/livingroom.jpg HTTP/1.1" 200 46925 "http://www.casitamontana.com/rooms.html" "Mozilla/4.0 (compatible; MSIE 6.0; Windows NT 5.1; SV1; .NET CLR 1.1.4322)" "www.casitamontana.com"
71.102.184.19 - - [31/Jul/2007:14:52:48 -0700] "GET /images/diningroom.jpg HTTP/1.1" 200 33898 "http://www.casitamontana.com/rooms.html" "Mozilla/4.0 (compatible; MSIE 6.0; Windows NT 5.1; SV1; .NET CLR 1.1.4322)" "www.casitamontana.com"
71.102.184.19 - - [31/Jul/2007:14:52:49 -0700] "GET /images/bedroom1.jpg HTTP/1.1" 200 48743 "http://www.casitamontana.com/rooms.html" "Mozilla/4.0 (compatible; MSIE 6.0; Windows NT 5.1; SV1; .NET CLR 1.1.4322)" "www.casitamontana.com"
71.102.184.19 - - [31/Jul/2007:14:52:49 -0700] "GET /images/bedroom2.jpg HTTP/1.1" 200 36177 "http://www.casitamontana.com/rooms.html" "Mozilla/4.0 (compatible; MSIE 6.0; Windows NT 5.1; SV1; .NET CLR 1.1.4322)" "www.casitamontana.com"
71.102.184.19 - - [31/Jul/2007:14:52:50 -0700] "GET /images/bedroom3.jpg HTTP/1.1" 200 46384 "http://www.casitamontana.com/rooms.html" "Mozilla/4.0 (compatible; MSIE 6.0; Windows NT 5.1; SV1; .NET CLR 1.1.4322)" "www.casitamontana.com"
74.6.19.71 - - [31/Jul/2007:15:22:30 -0700] "GET /robots.txt HTTP/1.0" 404 275 "-" "Mozilla/5.0 (compatible; Yahoo! Slurp; http://help.yahoo.com/help/us/ysearch/slurp)" "www.casitamontana.com"
74.6.23.158 - - [31/Jul/2007:15:22:30 -0700] "GET /reservations.html HTTP/1.0" 304 - "-" "Mozilla/5.0 (compatible; Yahoo! Slurp; http://help.yahoo.com/help/us/ysearch/slurp)" "www.casitamontana.com"