66.241.92.120 - - [30/Sep/2007:17:43:01 -0700] "GET / HTTP/1.1" 200 3956 "-" "Mozilla/4.0 (compatible; MSIE 7.0; Windows NT 5.1; .NET CLR 1.0.3705; .NET CLR 1.1.4322; Media Center PC 4.0)" "www.casitamontana.com"
66.241.92.120 - - [30/Sep/2007:17:43:01 -0700] "GET /css/style.css HTTP/1.1" 200 515 "http://www.casitamontana.com/" "Mozilla/4.0 (compatible; MSIE 7.0; Windows NT 5.1; .NET CLR 1.0.3705; .NET CLR 1.1.4322; Media Center PC 4.0)" "www.casitamontana.com"
66.241.92.120 - - [30/Sep/2007:17:43:01 -0700] "GET /images/header.jpg HTTP/1.1" 200 126755 "http://www.casitamontana.com/" "Mozilla/4.0 (compatible; MSIE 7.0; Windows NT 5.1; .NET CLR 1.0.3705; .NET CLR 1.1.4322; Media Center PC 4.0)" "www.casitamontana.com"
66.241.92.120 - - [30/Sep/2007:17:43:01 -0700] "GET /images/home.png HTTP/1.1" 200 428 "http://www.casitamontana.com/" "Mozilla/4.0 (compatible; MSIE 7.0; Windows NT 5.1; .NET CLR 1.0.3705; .NET CLR 1.1.4322; Media Center PC 4.0)" "www.casitamontana.com"
66.241.92.120 - - [30/Sep/2007:17:43:02 -0700] "GET /images/rooms.png HTTP/1.1" 200 447 "http://www.casitamontana.com/" "Mozilla/4.0 (compatible; MSIE 7.0; Windows NT 5.1; .NET CLR 1.0.3705; .NET CLR 1.1.4322; Media Center PC 4.0)" "www.casitamontana.com"
66.241.92.120 - - [30/Sep/2007:17:43:02 -0700] "GET /images/testimonials.png HTTP/1.1" 200 6611 "http://www.casitamontana.com/" "Mozilla/4.0 (compatible; MSIE 7.0; Windows NT 5.1; .NET CLR 1.0.3705; .NET CLR 1.1.4322; Media Center PC 4.0)" "www.casitamontana.com"
66.241.92.120 - - [30/Sep/2007:17:43:02 -0700] "GET /images/reservations.png HTTP/1.1" 200 520 "http://www.casitamontana.com/" "Mozilla/4.0 (compatible; MSIE 7.0; Windows NT 5.1; .NET CLR 1.0.3705; .NET CLR 1.1.4322; Media Center PC 4.0)" "www.casitamontana.com"
66.241.92.120 - - [30/Sep/2007:17:43:02 -0700] "GET /images/maps.png HTTP/1.1" 200 439 "http://www.casitamontana.com/" "Mozilla/4.0 (compatible; MSIE 7.0; Windows NT 5.1; .NET CLR 1.0.3705; .NET CLR 1.1.4322; Media Center PC 4.0)" "www.casitamontana.com"
66.241.92.120 - - [30/Sep/2007:17:43:03 -0700] "GET /images/contact.png HTTP/1.1" 200 493 "http://www.casitamontana.com/" "Mozilla/4.0 (compatible; MSIE 7.0; Windows NT 5.1; .NET CLR 1.0.3705; .NET CLR 1.1.4322; Media Center PC 4.0)" "www.casitamontana.com"
66.241.92.120 - - [30/Sep/2007:17:43:03 -0700] "GET /images/about.png HTTP/1.1" 200 471 "http://www.casitamontana.com/" "Mozilla/4.0 (compatible; MSIE 7.0; Windows NT 5.1; .NET CLR 1.0.3705; .NET CLR 1.1.4322; Media Center PC 4.0)" "www.casitamontana.com"
66.241.92.120 - - [30/Sep/2007:17:43:03 -0700] "GET /images/privacy.png HTTP/1.1" 200 457 "http://www.casitamontana.com/" "Mozilla/4.0 (compatible; MSIE 7.0; Windows NT 5.1; .NET CLR 1.0.3705; .NET CLR 1.1.4322; Media Center PC 4.0)" "www.casitamontana.com"
66.249.72.239 - - [30/Sep/2007:19:11:39 -0700] "GET /robots.txt HTTP/1.1" 404 275 "-" "Mozilla/5.0 (compatible; Googlebot/2.1; +http://www.google.com/bot.html)" "www.casitamontana.com"
66.249.72.239 - - [30/Sep/2007:19:11:39 -0700] "GET / HTTP/1.1" 304 - "-" "Mozilla/5.0 (compatible; Googlebot/2.1; +http://www.google.com/bot.html)" "www.casitamontana.com"
76.90.96.253 - - [30/Sep/2007:20:06:04 -0700] "GET / HTTP/1.1" 200 3956 "http://travel.yahoo.com/bin/search/travel;_ylc=X3oDMTJuY203c2RxBF9TAzk2ODIzNzAzBGFnaWQDMjE2NTM4OTgwBGNpZAM1MzY3MDYwBGsDYWppamljBG10A0JST0FEBHNlYwNzZW10ZwRzZW0DZ29vZ2xlBHNsawNzZW10Zw--?sem=google&p=ajijic" "Mozilla/5.0 (Windows; U; Windows NT 6.0; en-US; rv:1.8.1.7) Gecko/20070914 Firefox/2.0.0.7" "www.casitamontana.com"
76.90.96.253 - - [30/Sep/2007:20:06:05 -0700] "GET /css/style.css HTTP/1.1" 200 515 "http://www.casitamontana.com/" "Mozilla/5.0 (Windows; U; Windows NT 6.0; en-US; rv:1.8.1.7) Gecko/20070914 Firefox/2.0.0.7" "www.casitamontana.com"
76.90.96.253 - - [30/Sep/2007:20:06:05 -0700] "GET /favicon.ico HTTP/1.1" 404 275 "-" "Mozilla/5.0 (Windows; U; Windows NT 6.0; en-US; rv:1.8.1.7) Gecko/20070914 Firefox/2.0.0.7" "www.casitamontana.com"
76.90.96.253 - - [30/Sep/2007:20:06:05 -0700] "GET /images/header.jpg HTTP/1.1" 200 126755 "http://www.casitamontana.com/" "Mozilla/5.0 (Windows; U; Windows NT 6.0; en-US; rv:1.8.1.7) Gecko/20070914 Firefox/2.0.0.7" "www.casitamontana.com"
76.90.96.253 - - [30/Sep/2007:20:06:05 -0700] "GET /images/home.png HTTP/1.1" 200 428 "http://www.casitamontana.com/" "Mozilla/5.0 (Windows; U; Windows NT 6.0; en-US; rv:1.8.1.7) Gecko/20070914 Firefox/2.0.0.7" "www.casitamontana.com"
76.90.96.253 - - [30/Sep/2007:20:06:05 -0700] "GET /images/rooms.png HTTP/1.1" 200 447 "http://www.casitamontana.com/" "Mozilla/5.0 (Windows; U; Windows NT 6.0; en-US; rv:1.8.1.7) Gecko/20070914 Firefox/2.0.0.7" "www.casitamontana.com"
76.90.96.253 - - [30/Sep/2007:20:06:05 -0700] "GET /images/reservations.png HTTP/1.1" 200 520 "http://www.casitamontana.com/" "Mozilla/5.0 (Windows; U; Windows NT 6.0; en-US; rv:1.8.1.7) Gecko/20070914 Firefox/2.0.0.7" "www.casitamontana.com"
76.90.96.253 - - [30/Sep/2007:20:06:05 -0700] "GET /images/testimonials.png HTTP/1.1" 200 6611 "http://www.casitamontana.com/" "Mozilla/5.0 (Windows; U; Windows NT 6.0; en-US; rv:1.8.1.7) Gecko/20070914 Firefox/2.0.0.7" "www.casitamontana.com"
76.90.96.253 - - [30/Sep/2007:20:06:06 -0700] "GET /images/maps.png HTTP/1.1" 200 439 "http://www.casitamontana.com/" "Mozilla/5.0 (Windows; U; Windows NT 6.0; en-US; rv:1.8.1.7) Gecko/20070914 Firefox/2.0.0.7" "www.casitamontana.com"
76.90.96.253 - - [30/Sep/2007:20:06:06 -0700] "GET /images/contact.png HTTP/1.1" 200 493 "http://www.casitamontana.com/" "Mozilla/5.0 (Windows; U; Windows NT 6.0; en-US; rv:1.8.1.7) Gecko/20070914 Firefox/2.0.0.7" "www.casitamontana.com"
76.90.96.253 - - [30/Sep/2007:20:06:06 -0700] "GET /images/about.png HTTP/1.1" 200 471 "http://www.casitamontana.com/" "Mozilla/5.0 (Windows; U; Windows NT 6.0; en-US; rv:1.8.1.7) Gecko/20070914 Firefox/2.0.0.7" "www.casitamontana.com"
76.90.96.253 - - [30/Sep/2007:20:06:06 -0700] "GET /images/privacy.png HTTP/1.1" 200 457 "http://www.casitamontana.com/" "Mozilla/5.0 (Windows; U; Windows NT 6.0; en-US; rv:1.8.1.7) Gecko/20070914 Firefox/2.0.0.7" "www.casitamontana.com"
76.90.96.253 - - [30/Sep/2007:20:06:06 -0700] "GET /favicon.ico HTTP/1.1" 404 275 "-" "Mozilla/5.0 (Windows; U; Windows NT 6.0; en-US; rv:1.8.1.7) Gecko/20070914 Firefox/2.0.0.7" "www.casitamontana.com"
24.21.187.247 - - [30/Sep/2007:20:16:40 -0700] "GET / HTTP/1.1" 200 3956 "-" "Mozilla/4.0 (compatible; MSIE 6.0; Windows NT 5.1; SV1)" "www.casitamontana.com"
24.21.187.247 - - [30/Sep/2007:20:16:40 -0700] "GET /css/style.css HTTP/1.1" 200 515 "http://www.casitamontana.com/" "Mozilla/4.0 (compatible; MSIE 6.0; Windows NT 5.1; SV1)" "www.casitamontana.com"
24.21.187.247 - - [30/Sep/2007:20:16:40 -0700] "GET /images/header.jpg HTTP/1.1" 200 126755 "http://www.casitamontana.com/" "Mozilla/4.0 (compatible; MSIE 6.0; Windows NT 5.1; SV1)" "www.casitamontana.com"
24.21.187.247 - - [30/Sep/2007:20:16:40 -0700] "GET /images/home.png HTTP/1.1" 200 428 "http://www.casitamontana.com/" "Mozilla/4.0 (compatible; MSIE 6.0; Windows NT 5.1; SV1)" "www.casitamontana.com"
24.21.187.247 - - [30/Sep/2007:20:16:40 -0700] "GET /images/rooms.png HTTP/1.1" 200 447 "http://www.casitamontana.com/" "Mozilla/4.0 (compatible; MSIE 6.0; Windows NT 5.1; SV1)" "www.casitamontana.com"
24.21.187.247 - - [30/Sep/2007:20:16:40 -0700] "GET /images/testimonials.png HTTP/1.1" 200 6611 "http://www.casitamontana.com/" "Mozilla/4.0 (compatible; MSIE 6.0; Windows NT 5.1; SV1)" "www.casitamontana.com"
24.21.187.247 - - [30/Sep/2007:20:16:41 -0700] "GET /images/reservations.png HTTP/1.1" 200 520 "http://www.casitamontana.com/" "Mozilla/4.0 (compatible; MSIE 6.0; Windows NT 5.1; SV1)" "www.casitamontana.com"
24.21.187.247 - - [30/Sep/2007:20:16:41 -0700] "GET /images/maps.png HTTP/1.1" 200 439 "http://www.casitamontana.com/" "Mozilla/4.0 (compatible; MSIE 6.0; Windows NT 5.1; SV1)" "www.casitamontana.com"
24.21.187.247 - - [30/Sep/2007:20:16:41 -0700] "GET /images/contact.png HTTP/1.1" 200 493 "http://www.casitamontana.com/" "Mozilla/4.0 (compatible; MSIE 6.0; Windows NT 5.1; SV1)" "www.casitamontana.com"
24.21.187.247 - - [30/Sep/2007:20:16:41 -0700] "GET /images/about.png HTTP/1.1" 200 471 "http://www.casitamontana.com/" "Mozilla/4.0 (compatible; MSIE 6.0; Windows NT 5.1; SV1)" "www.casitamontana.com"
24.21.187.247 - - [30/Sep/2007:20:16:41 -0700] "GET /images/privacy.png HTTP/1.1" 200 457 "http://www.casitamontana.com/" "Mozilla/4.0 (compatible; MSIE 6.0; Windows NT 5.1; SV1)" "www.casitamontana.com"
24.21.187.247 - - [30/Sep/2007:21:34:48 -0700] "GET / HTTP/1.1" 304 - "-" "Mozilla/4.0 (compatible; MSIE 6.0; Windows NT 5.1; SV1)" "www.casitamontana.com"
24.21.187.247 - - [30/Sep/2007:21:34:48 -0700] "GET /css/style.css HTTP/1.1" 304 - "http://www.casitamontana.com/" "Mozilla/4.0 (compatible; MSIE 6.0; Windows NT 5.1; SV1)" "www.casitamontana.com"
24.21.187.247 - - [30/Sep/2007:21:34:48 -0700] "GET /images/header.jpg HTTP/1.1" 304 - "http://www.casitamontana.com/" "Mozilla/4.0 (compatible; MSIE 6.0; Windows NT 5.1; SV1)" "www.casitamontana.com"
24.21.187.247 - - [30/Sep/2007:21:34:48 -0700] "GET /images/home.png HTTP/1.1" 304 - "http://www.casitamontana.com/" "Mozilla/4.0 (compatible; MSIE 6.0; Windows NT 5.1; SV1)" "www.casitamontana.com"
24.21.187.247 - - [30/Sep/2007:21:34:48 -0700] "GET /images/rooms.png HTTP/1.1" 304 - "http://www.casitamontana.com/" "Mozilla/4.0 (compatible; MSIE 6.0; Windows NT 5.1; SV1)" "www.casitamontana.com"
24.21.187.247 - - [30/Sep/2007:21:34:48 -0700] "GET /images/testimonials.png HTTP/1.1" 304 - "http://www.casitamontana.com/" "Mozilla/4.0 (compatible; MSIE 6.0; Windows NT 5.1; SV1)" "www.casitamontana.com"
24.21.187.247 - - [30/Sep/2007:21:34:48 -0700] "GET /images/reservations.png HTTP/1.1" 304 - "http://www.casitamontana.com/" "Mozilla/4.0 (compatible; MSIE 6.0; Windows NT 5.1; SV1)" "www.casitamontana.com"
24.21.187.247 - - [30/Sep/2007:21:34:49 -0700] "GET /images/maps.png HTTP/1.1" 304 - "http://www.casitamontana.com/" "Mozilla/4.0 (compatible; MSIE 6.0; Windows NT 5.1; SV1)" "www.casitamontana.com"
24.21.187.247 - - [30/Sep/2007:21:34:49 -0700] "GET /images/contact.png HTTP/1.1" 304 - "http://www.casitamontana.com/" "Mozilla/4.0 (compatible; MSIE 6.0; Windows NT 5.1; SV1)" "www.casitamontana.com"
24.21.187.247 - - [30/Sep/2007:21:34:49 -0700] "GET /images/about.png HTTP/1.1" 304 - "http://www.casitamontana.com/" "Mozilla/4.0 (compatible; MSIE 6.0; Windows NT 5.1; SV1)" "www.casitamontana.com"
24.21.187.247 - - [30/Sep/2007:21:34:49 -0700] "GET /images/privacy.png HTTP/1.1" 304 - "http://www.casitamontana.com/" "Mozilla/4.0 (compatible; MSIE 6.0; Windows NT 5.1; SV1)" "www.casitamontana.com"
74.6.19.125 - - [30/Sep/2007:22:51:36 -0700] "GET /robots.txt HTTP/1.0" 404 275 "-" "Mozilla/5.0 (compatible; Yahoo! Slurp; http://help.yahoo.com/help/us/ysearch/slurp)" "www.casitamontana.com"
74.6.23.165 - - [30/Sep/2007:22:51:36 -0700] "GET / HTTP/1.0" 200 3956 "-" "Mozilla/5.0 (compatible; Yahoo! Slurp; http://help.yahoo.com/help/us/ysearch/slurp)" "www.casitamontana.com"
74.6.25.154 - - [30/Sep/2007:22:52:52 -0700] "GET /index.html HTTP/1.0" 304 - "-" "Mozilla/5.0 (compatible; Yahoo! Slurp; http://help.yahoo.com/help/us/ysearch/slurp)" "www.casitamontana.com"
64.12.117.66 - - [30/Sep/2007:23:52:29 -0700] "GET / HTTP/1.1" 200 3956 "http://casaserena-vacation.com/default.pk?tsearch=Ajijic&search_button.x=20&search_button.y=10" "Mozilla/4.0 (compatible; MSIE 6.0; AOL 9.0; Windows NT 5.1; SV1; FunWebProducts; .NET CLR 1.1.4322)" "www.casitamontana.com"
64.12.116.195 - - [30/Sep/2007:23:52:30 -0700] "GET /css/style.css HTTP/1.1" 200 515 "http://www.casitamontana.com/" "Mozilla/4.0 (compatible; MSIE 6.0; AOL 9.0; Windows NT 5.1; SV1; FunWebProducts; .NET CLR 1.1.4322)" "www.casitamontana.com"
64.12.116.18 - - [30/Sep/2007:23:52:31 -0700] "GET /images/header.jpg HTTP/1.1" 200 126755 "http://www.casitamontana.com/" "Mozilla/4.0 (compatible; MSIE 6.0; AOL 9.0; Windows NT 5.1; SV1; FunWebProducts; .NET CLR 1.1.4322)" "www.casitamontana.com"
64.12.117.9 - - [30/Sep/2007:23:52:32 -0700] "GET /images/testimonials.png HTTP/1.1" 200 6611 "http://www.casitamontana.com/" "Mozilla/4.0 (compatible; MSIE 6.0; AOL 9.0; Windows NT 5.1; SV1; FunWebProducts; .NET CLR 1.1.4322)" "www.casitamontana.com"
64.12.117.129 - - [30/Sep/2007:23:52:32 -0700] "GET /images/rooms.png HTTP/1.1" 200 447 "http://www.casitamontana.com/" "Mozilla/4.0 (compatible; MSIE 6.0; AOL 9.0; Windows NT 5.1; SV1; FunWebProducts; .NET CLR 1.1.4322)" "www.casitamontana.com"
64.12.117.66 - - [30/Sep/2007:23:52:33 -0700] "GET /images/home.png HTTP/1.1" 200 428 "http://www.casitamontana.com/" "Mozilla/4.0 (compatible; MSIE 6.0; AOL 9.0; Windows NT 5.1; SV1; FunWebProducts; .NET CLR 1.1.4322)" "www.casitamontana.com"
64.12.117.18 - - [30/Sep/2007:23:52:34 -0700] "GET /images/reservations.png HTTP/1.1" 200 520 "http://www.casitamontana.com/" "Mozilla/4.0 (compatible; MSIE 6.0; AOL 9.0; Windows NT 5.1; SV1; FunWebProducts; .NET CLR 1.1.4322)" "www.casitamontana.com"
64.12.117.74 - - [30/Sep/2007:23:52:36 -0700] "GET /images/maps.png HTTP/1.1" 200 439 "http://www.casitamontana.com/" "Mozilla/4.0 (compatible; MSIE 6.0; AOL 9.0; Windows NT 5.1; SV1; FunWebProducts; .NET CLR 1.1.4322)" "www.casitamontana.com"
64.12.116.69 - - [30/Sep/2007:23:52:37 -0700] "GET /images/contact.png HTTP/1.1" 200 493 "http://www.casitamontana.com/" "Mozilla/4.0 (compatible; MSIE 6.0; AOL 9.0; Windows NT 5.1; SV1; FunWebProducts; .NET CLR 1.1.4322)" "www.casitamontana.com"
64.12.117.8 - - [30/Sep/2007:23:52:37 -0700] "GET /images/about.png HTTP/1.1" 200 471 "http://www.casitamontana.com/" "Mozilla/4.0 (compatible; MSIE 6.0; AOL 9.0; Windows NT 5.1; SV1; FunWebProducts; .NET CLR 1.1.4322)" "www.casitamontana.com"
64.12.116.136 - - [30/Sep/2007:23:52:39 -0700] "GET /images/privacy.png HTTP/1.1" 200 457 "http://www.casitamontana.com/" "Mozilla/4.0 (compatible; MSIE 6.0; AOL 9.0; Windows NT 5.1; SV1; FunWebProducts; .NET CLR 1.1.4322)" "www.casitamontana.com"
64.12.116.133 - - [30/Sep/2007:23:53:09 -0700] "GET /rooms.html HTTP/1.1" 200 4046 "http://www.casitamontana.com/" "Mozilla/4.0 (compatible; MSIE 6.0; AOL 9.0; Windows NT 5.1; SV1; FunWebProducts; .NET CLR 1.1.4322)" "www.casitamontana.com"
64.12.116.195 - - [30/Sep/2007:23:53:10 -0700] "GET /css/style.css HTTP/1.1" 200 515 "http://www.casitamontana.com/rooms.html" "Mozilla/4.0 (compatible; MSIE 6.0; AOL 9.0; Windows NT 5.1; SV1; FunWebProducts; .NET CLR 1.1.4322)" "www.casitamontana.com"
64.12.117.66 - - [30/Sep/2007:23:53:11 -0700] "GET /images/home.png HTTP/1.1" 200 428 "http://www.casitamontana.com/rooms.html" "Mozilla/4.0 (compatible; MSIE 6.0; AOL 9.0; Windows NT 5.1; SV1; FunWebProducts; .NET CLR 1.1.4322)" "www.casitamontana.com"
64.12.117.9 - - [30/Sep/2007:23:53:11 -0700] "GET /images/testimonials.png HTTP/1.1" 200 6611 "http://www.casitamontana.com/rooms.html" "Mozilla/4.0 (compatible; MSIE 6.0; AOL 9.0; Windows NT 5.1; SV1; FunWebProducts; .NET CLR 1.1.4322)" "www.casitamontana.com"
64.12.117.129 - - [30/Sep/2007:23:53:11 -0700] "GET /images/rooms.png HTTP/1.1" 200 447 "http://www.casitamontana.com/rooms.html" "Mozilla/4.0 (compatible; MSIE 6.0; AOL 9.0; Windows NT 5.1; SV1; FunWebProducts; .NET CLR 1.1.4322)" "www.casitamontana.com"
64.12.116.18 - - [30/Sep/2007:23:53:11 -0700] "GET /images/header.jpg HTTP/1.1" 200 126755 "http://www.casitamontana.com/rooms.html" "Mozilla/4.0 (compatible; MSIE 6.0; AOL 9.0; Windows NT 5.1; SV1; FunWebProducts; .NET CLR 1.1.4322)" "www.casitamontana.com"
64.12.117.74 - - [30/Sep/2007:23:53:11 -0700] "GET /images/maps.png HTTP/1.1" 200 439 "http://www.casitamontana.com/rooms.html" "Mozilla/4.0 (compatible; MSIE 6.0; AOL 9.0; Windows NT 5.1; SV1; FunWebProducts; .NET CLR 1.1.4322)" "www.casitamontana.com"
64.12.117.18 - - [30/Sep/2007:23:53:12 -0700] "GET /images/reservations.png HTTP/1.1" 200 520 "http://www.casitamontana.com/rooms.html" "Mozilla/4.0 (compatible; MSIE 6.0; AOL 9.0; Windows NT 5.1; SV1; FunWebProducts; .NET CLR 1.1.4322)" "www.casitamontana.com"
64.12.116.69 - - [30/Sep/2007:23:53:13 -0700] "GET /images/contact.png HTTP/1.1" 200 493 "http://www.casitamontana.com/rooms.html" "Mozilla/4.0 (compatible; MSIE 6.0; AOL 9.0; Windows NT 5.1; SV1; FunWebProducts; .NET CLR 1.1.4322)" "www.casitamontana.com"
64.12.117.8 - - [30/Sep/2007:23:53:13 -0700] "GET /images/about.png HTTP/1.1" 200 471 "http://www.casitamontana.com/rooms.html" "Mozilla/4.0 (compatible; MSIE 6.0; AOL 9.0; Windows NT 5.1; SV1; FunWebProducts; .NET CLR 1.1.4322)" "www.casitamontana.com"
64.12.116.136 - - [30/Sep/2007:23:53:15 -0700] "GET /images/privacy.png HTTP/1.1" 200 457 "http://www.casitamontana.com/rooms.html" "Mozilla/4.0 (compatible; MSIE 6.0; AOL 9.0; Windows NT 5.1; SV1; FunWebProducts; .NET CLR 1.1.4322)" "www.casitamontana.com"
64.12.116.130 - - [30/Sep/2007:23:53:15 -0700] "GET /images/buffet.jpg HTTP/1.1" 200 44272 "http://www.casitamontana.com/rooms.html" "Mozilla/4.0 (compatible; MSIE 6.0; AOL 9.0; Windows NT 5.1; SV1; FunWebProducts; .NET CLR 1.1.4322)" "www.casitamontana.com"
64.12.116.69 - - [30/Sep/2007:23:53:15 -0700] "GET /images/breakfastroom.jpg HTTP/1.1" 200 59357 "http://www.casitamontana.com/rooms.html" "Mozilla/4.0 (compatible; MSIE 6.0; AOL 9.0; Windows NT 5.1; SV1; FunWebProducts; .NET CLR 1.1.4322)" "www.casitamontana.com"
64.12.112.195 - - [30/Sep/2007:23:53:17 -0700] "GET /images/fireplace.jpg HTTP/1.1" 200 27997 "http://www.casitamontana.com/rooms.html" "Mozilla/4.0 (compatible; MSIE 6.0; AOL 9.0; Windows NT 5.1; SV1; FunWebProducts; .NET CLR 1.1.4322)" "www.casitamontana.com"
64.12.117.139 - - [30/Sep/2007:23:53:21 -0700] "GET /images/livingroom.jpg HTTP/1.1" 200 46925 "http://www.casitamontana.com/rooms.html" "Mozilla/4.0 (compatible; MSIE 6.0; AOL 9.0; Windows NT 5.1; SV1; FunWebProducts; .NET CLR 1.1.4322)" "www.casitamontana.com"
64.12.116.210 - - [30/Sep/2007:23:53:31 -0700] "GET /images/bedroom3.jpg HTTP/1.1" 200 46384 "http://www.casitamontana.com/rooms.html" "Mozilla/4.0 (compatible; MSIE 6.0; AOL 9.0; Windows NT 5.1; SV1; FunWebProducts; .NET CLR 1.1.4322)" "www.casitamontana.com"
64.12.116.208 - - [30/Sep/2007:23:53:31 -0700] "GET /images/bedroom1.jpg HTTP/1.1" 200 48743 "http://www.casitamontana.com/rooms.html" "Mozilla/4.0 (compatible; MSIE 6.0; AOL 9.0; Windows NT 5.1; SV1; FunWebProducts; .NET CLR 1.1.4322)" "www.casitamontana.com"
64.12.117.75 - - [30/Sep/2007:23:53:32 -0700] "GET /images/diningroom.jpg HTTP/1.1" 200 33898 "http://www.casitamontana.com/rooms.html" "Mozilla/4.0 (compatible; MSIE 6.0; AOL 9.0; Windows NT 5.1; SV1; FunWebProducts; .NET CLR 1.1.4322)" "www.casitamontana.com"
64.12.116.209 - - [30/Sep/2007:23:53:38 -0700] "GET /images/bedroom2.jpg HTTP/1.1" 200 36177 "http://www.casitamontana.com/rooms.html" "Mozilla/4.0 (compatible; MSIE 6.0; AOL 9.0; Windows NT 5.1; SV1; FunWebProducts; .NET CLR 1.1.4322)" "www.casitamontana.com"
64.12.117.66 - - [30/Sep/2007:23:54:00 -0700] "GET / HTTP/1.1" 200 3956 "http://casaserena-vacation.com/default.pk?tsearch=Ajijic&search_button.x=20&search_button.y=10" "Mozilla/4.0 (compatible; MSIE 6.0; AOL 9.0; Windows NT 5.1; SV1; FunWebProducts; .NET CLR 1.1.4322)" "www.casitamontana.com"
64.12.116.133 - - [30/Sep/2007:23:54:00 -0700] "HEAD /rooms.html HTTP/1.1" 200 0 "-" "Mozilla/4.0 (compatible; MSIE 6.0; AOL 9.0; Windows NT 5.1; SV1; FunWebProducts; .NET CLR 1.1.4322)" "www.casitamontana.com"
64.12.116.136 - - [30/Sep/2007:23:54:00 -0700] "HEAD /images/privacy.png HTTP/1.1" 200 0 "-" "Mozilla/4.0 (compatible; MSIE 6.0; AOL 9.0; Windows NT 5.1; SV1; FunWebProducts; .NET CLR 1.1.4322)" "www.casitamontana.com"
64.12.117.129 - - [30/Sep/2007:23:54:00 -0700] "HEAD /images/rooms.png HTTP/1.1" 200 0 "-" "Mozilla/4.0 (compatible; MSIE 6.0; AOL 9.0; Windows NT 5.1; SV1; FunWebProducts; .NET CLR 1.1.4322)" "www.casitamontana.com"
64.12.116.69 - - [30/Sep/2007:23:54:00 -0700] "HEAD /images/contact.png HTTP/1.1" 200 0 "-" "Mozilla/4.0 (compatible; MSIE 6.0; AOL 9.0; Windows NT 5.1; SV1; FunWebProducts; .NET CLR 1.1.4322)" "www.casitamontana.com"
64.12.117.18 - - [30/Sep/2007:23:54:00 -0700] "HEAD /images/reservations.png HTTP/1.1" 200 0 "-" "Mozilla/4.0 (compatible; MSIE 6.0; AOL 9.0; Windows NT 5.1; SV1; FunWebProducts; .NET CLR 1.1.4322)" "www.casitamontana.com"
64.12.117.74 - - [30/Sep/2007:23:54:00 -0700] "HEAD /images/maps.png HTTP/1.1" 200 0 "-" "Mozilla/4.0 (compatible; MSIE 6.0; AOL 9.0; Windows NT 5.1; SV1; FunWebProducts; .NET CLR 1.1.4322)" "www.casitamontana.com"
64.12.117.8 - - [30/Sep/2007:23:54:00 -0700] "HEAD /images/about.png HTTP/1.1" 200 0 "-" "Mozilla/4.0 (compatible; MSIE 6.0; AOL 9.0; Windows NT 5.1; SV1; FunWebProducts; .NET CLR 1.1.4322)" "www.casitamontana.com"
64.12.117.9 - - [30/Sep/2007:23:54:00 -0700] "HEAD /images/testimonials.png HTTP/1.1" 200 0 "-" "Mozilla/4.0 (compatible; MSIE 6.0; AOL 9.0; Windows NT 5.1; SV1; FunWebProducts; .NET CLR 1.1.4322)" "www.casitamontana.com"
64.12.116.195 - - [30/Sep/2007:23:54:00 -0700] "HEAD /css/style.css HTTP/1.1" 200 0 "-" "Mozilla/4.0 (compatible; MSIE 6.0; AOL 9.0; Windows NT 5.1; SV1; FunWebProducts; .NET CLR 1.1.4322)" "www.casitamontana.com"
64.12.116.18 - - [30/Sep/2007:23:54:00 -0700] "HEAD /images/header.jpg HTTP/1.1" 200 0 "-" "Mozilla/4.0 (compatible; MSIE 6.0; AOL 9.0; Windows NT 5.1; SV1; FunWebProducts; .NET CLR 1.1.4322)" "www.casitamontana.com"
64.12.116.136 - - [30/Sep/2007:23:54:00 -0700] "GET /images/privacy.png HTTP/1.1" 200 457 "-" "Mozilla/4.0 (compatible; MSIE 6.0; AOL 9.0; Windows NT 5.1; SV1; FunWebProducts; .NET CLR 1.1.4322)" "www.casitamontana.com"
64.12.116.69 - - [30/Sep/2007:23:54:00 -0700] "GET /images/contact.png HTTP/1.1" 200 493 "-" "Mozilla/4.0 (compatible; MSIE 6.0; AOL 9.0; Windows NT 5.1; SV1; FunWebProducts; .NET CLR 1.1.4322)" "www.casitamontana.com"
64.12.117.129 - - [30/Sep/2007:23:54:00 -0700] "GET /images/rooms.png HTTP/1.1" 200 447 "-" "Mozilla/4.0 (compatible; MSIE 6.0; AOL 9.0; Windows NT 5.1; SV1; FunWebProducts; .NET CLR 1.1.4322)" "www.casitamontana.com"
64.12.117.66 - - [30/Sep/2007:23:54:00 -0700] "HEAD /images/home.png HTTP/1.1" 200 0 "-" "Mozilla/4.0 (compatible; MSIE 6.0; AOL 9.0; Windows NT 5.1; SV1; FunWebProducts; .NET CLR 1.1.4322)" "www.casitamontana.com"
64.12.117.18 - - [30/Sep/2007:23:54:00 -0700] "GET /images/reservations.png HTTP/1.1" 200 520 "-" "Mozilla/4.0 (compatible; MSIE 6.0; AOL 9.0; Windows NT 5.1; SV1; FunWebProducts; .NET CLR 1.1.4322)" "www.casitamontana.com"
64.12.117.8 - - [30/Sep/2007:23:54:00 -0700] "GET /images/about.png HTTP/1.1" 200 471 "-" "Mozilla/4.0 (compatible; MSIE 6.0; AOL 9.0; Windows NT 5.1; SV1; FunWebProducts; .NET CLR 1.1.4322)" "www.casitamontana.com"
64.12.117.74 - - [30/Sep/2007:23:54:00 -0700] "GET /images/maps.png HTTP/1.1" 200 439 "-" "Mozilla/4.0 (compatible; MSIE 6.0; AOL 9.0; Windows NT 5.1; SV1; FunWebProducts; .NET CLR 1.1.4322)" "www.casitamontana.com"
64.12.117.9 - - [30/Sep/2007:23:54:00 -0700] "GET /images/testimonials.png HTTP/1.1" 200 6611 "-" "Mozilla/4.0 (compatible; MSIE 6.0; AOL 9.0; Windows NT 5.1; SV1; FunWebProducts; .NET CLR 1.1.4322)" "www.casitamontana.com"
64.12.117.66 - - [30/Sep/2007:23:54:00 -0700] "GET /images/home.png HTTP/1.1" 200 428 "-" "Mozilla/4.0 (compatible; MSIE 6.0; AOL 9.0; Windows NT 5.1; SV1; FunWebProducts; .NET CLR 1.1.4322)" "www.casitamontana.com"
64.12.116.18 - - [30/Sep/2007:23:54:01 -0700] "GET /images/header.jpg HTTP/1.1" 200 126755 "-" "Mozilla/4.0 (compatible; MSIE 6.0; AOL 9.0; Windows NT 5.1; SV1; FunWebProducts; .NET CLR 1.1.4322)" "www.casitamontana.com"
64.12.116.195 - - [30/Sep/2007:23:54:01 -0700] "GET /css/style.css HTTP/1.1" 200 515 "http://www.casitamontana.com/" "Mozilla/4.0 (compatible; MSIE 6.0; AOL 9.0; Windows NT 5.1; SV1; FunWebProducts; .NET CLR 1.1.4322)" "www.casitamontana.com"
64.12.116.18 - - [30/Sep/2007:23:54:03 -0700] "GET /images/header.jpg HTTP/1.1" 200 126755 "http://www.casitamontana.com/" "Mozilla/4.0 (compatible; MSIE 6.0; AOL 9.0; Windows NT 5.1; SV1; FunWebProducts; .NET CLR 1.1.4322)" "www.casitamontana.com"
64.12.117.66 - - [30/Sep/2007:23:54:05 -0700] "HEAD / HTTP/1.1" 200 0 "-" "Mozilla/4.0 (compatible; MSIE 6.0; AOL 9.0; Windows NT 5.1; SV1; FunWebProducts; .NET CLR 1.1.4322)" "www.casitamontana.com"
208.36.144.7 - - [01/Oct/2007:03:33:06 -0700] "GET /robots.txt HTTP/1.0" 404 275 "-" "Mozilla/5.0 (Twiceler-0.9 http://www.cuill.com/twiceler/robot.html)" "www.casitamontana.com"
74.6.19.125 - - [01/Oct/2007:06:39:53 -0700] "GET /robots.txt HTTP/1.0" 404 275 "-" "Mozilla/5.0 (compatible; Yahoo! Slurp; http://help.yahoo.com/help/us/ysearch/slurp)" "www.casitamontana.com"
74.6.26.140 - - [01/Oct/2007:06:39:53 -0700] "GET /about.html HTTP/1.0" 200 6091 "-" "Mozilla/5.0 (compatible; Yahoo! Slurp; http://help.yahoo.com/help/us/ysearch/slurp)" "www.casitamontana.com"
70.184.1.133 - - [01/Oct/2007:09:28:57 -0700] "GET /reservations.html HTTP/1.1" 200 5985 "http://www.casitamontana.com/rooms.html" "Mozilla/4.0 (compatible; MSIE 6.0; Windows NT 5.1; Hotbar 4.5.0.0; .NET CLR 1.0.3705; .NET CLR 1.1.4322)" "www.casitamontana.com"
70.184.1.133 - - [01/Oct/2007:09:28:57 -0700] "GET /css/style.css HTTP/1.1" 304 - "http://www.casitamontana.com/reservations.html" "Mozilla/4.0 (compatible; MSIE 6.0; Windows NT 5.1; Hotbar 4.5.0.0; .NET CLR 1.0.3705; .NET CLR 1.1.4322)" "www.casitamontana.com"
70.184.1.133 - - [01/Oct/2007:09:28:57 -0700] "GET /images/header.jpg HTTP/1.1" 304 - "http://www.casitamontana.com/reservations.html" "Mozilla/4.0 (compatible; MSIE 6.0; Windows NT 5.1; Hotbar 4.5.0.0; .NET CLR 1.0.3705; .NET CLR 1.1.4322)" "www.casitamontana.com"
70.184.1.133 - - [01/Oct/2007:09:28:57 -0700] "GET /images/home.png HTTP/1.1" 304 - "http://www.casitamontana.com/reservations.html" "Mozilla/4.0 (compatible; MSIE 6.0; Windows NT 5.1; Hotbar 4.5.0.0; .NET CLR 1.0.3705; .NET CLR 1.1.4322)" "www.casitamontana.com"
70.184.1.133 - - [01/Oct/2007:09:28:57 -0700] "GET /images/rooms.png HTTP/1.1" 304 - "http://www.casitamontana.com/reservations.html" "Mozilla/4.0 (compatible; MSIE 6.0; Windows NT 5.1; Hotbar 4.5.0.0; .NET CLR 1.0.3705; .NET CLR 1.1.4322)" "www.casitamontana.com"
70.184.1.133 - - [01/Oct/2007:09:28:57 -0700] "GET /images/testimonials.png HTTP/1.1" 304 - "http://www.casitamontana.com/reservations.html" "Mozilla/4.0 (compatible; MSIE 6.0; Windows NT 5.1; Hotbar 4.5.0.0; .NET CLR 1.0.3705; .NET CLR 1.1.4322)" "www.casitamontana.com"
70.184.1.133 - - [01/Oct/2007:09:28:57 -0700] "GET /images/reservations.png HTTP/1.1" 304 - "http://www.casitamontana.com/reservations.html" "Mozilla/4.0 (compatible; MSIE 6.0; Windows NT 5.1; Hotbar 4.5.0.0; .NET CLR 1.0.3705; .NET CLR 1.1.4322)" "www.casitamontana.com"
70.184.1.133 - - [01/Oct/2007:09:28:57 -0700] "GET /images/maps.png HTTP/1.1" 304 - "http://www.casitamontana.com/reservations.html" "Mozilla/4.0 (compatible; MSIE 6.0; Windows NT 5.1; Hotbar 4.5.0.0; .NET CLR 1.0.3705; .NET CLR 1.1.4322)" "www.casitamontana.com"
70.184.1.133 - - [01/Oct/2007:09:28:57 -0700] "GET /images/contact.png HTTP/1.1" 304 - "http://www.casitamontana.com/reservations.html" "Mozilla/4.0 (compatible; MSIE 6.0; Windows NT 5.1; Hotbar 4.5.0.0; .NET CLR 1.0.3705; .NET CLR 1.1.4322)" "www.casitamontana.com"
70.184.1.133 - - [01/Oct/2007:09:28:57 -0700] "GET /images/about.png HTTP/1.1" 304 - "http://www.casitamontana.com/reservations.html" "Mozilla/4.0 (compatible; MSIE 6.0; Windows NT 5.1; Hotbar 4.5.0.0; .NET CLR 1.0.3705; .NET CLR 1.1.4322)" "www.casitamontana.com"
70.184.1.133 - - [01/Oct/2007:09:28:57 -0700] "GET /images/privacy.png HTTP/1.1" 304 - "http://www.casitamontana.com/reservations.html" "Mozilla/4.0 (compatible; MSIE 6.0; Windows NT 5.1; Hotbar 4.5.0.0; .NET CLR 1.0.3705; .NET CLR 1.1.4322)" "www.casitamontana.com"
70.184.1.133 - - [01/Oct/2007:09:28:57 -0700] "GET /images/paypal.gif HTTP/1.1" 200 2373 "http://www.casitamontana.com/reservations.html" "Mozilla/4.0 (compatible; MSIE 6.0; Windows NT 5.1; Hotbar 4.5.0.0; .NET CLR 1.0.3705; .NET CLR 1.1.4322)" "www.casitamontana.com"
70.184.1.133 - - [01/Oct/2007:09:29:26 -0700] "GET /contact.html HTTP/1.1" 200 3430 "http://www.casitamontana.com/reservations.html" "Mozilla/4.0 (compatible; MSIE 6.0; Windows NT 5.1; Hotbar 4.5.0.0; .NET CLR 1.0.3705; .NET CLR 1.1.4322)" "www.casitamontana.com"
70.184.1.133 - - [01/Oct/2007:09:29:27 -0700] "GET /css/style.css HTTP/1.1" 304 - "http://www.casitamontana.com/contact.html" "Mozilla/4.0 (compatible; MSIE 6.0; Windows NT 5.1; Hotbar 4.5.0.0; .NET CLR 1.0.3705; .NET CLR 1.1.4322)" "www.casitamontana.com"
70.184.1.133 - - [01/Oct/2007:09:29:27 -0700] "GET /images/header.jpg HTTP/1.1" 304 - "http://www.casitamontana.com/contact.html" "Mozilla/4.0 (compatible; MSIE 6.0; Windows NT 5.1; Hotbar 4.5.0.0; .NET CLR 1.0.3705; .NET CLR 1.1.4322)" "www.casitamontana.com"
70.184.1.133 - - [01/Oct/2007:09:29:27 -0700] "GET /images/home.png HTTP/1.1" 304 - "http://www.casitamontana.com/contact.html" "Mozilla/4.0 (compatible; MSIE 6.0; Windows NT 5.1; Hotbar 4.5.0.0; .NET CLR 1.0.3705; .NET CLR 1.1.4322)" "www.casitamontana.com"
70.184.1.133 - - [01/Oct/2007:09:29:27 -0700] "GET /images/rooms.png HTTP/1.1" 304 - "http://www.casitamontana.com/contact.html" "Mozilla/4.0 (compatible; MSIE 6.0; Windows NT 5.1; Hotbar 4.5.0.0; .NET CLR 1.0.3705; .NET CLR 1.1.4322)" "www.casitamontana.com"
70.184.1.133 - - [01/Oct/2007:09:29:27 -0700] "GET /images/reservations.png HTTP/1.1" 304 - "http://www.casitamontana.com/contact.html" "Mozilla/4.0 (compatible; MSIE 6.0; Windows NT 5.1; Hotbar 4.5.0.0; .NET CLR 1.0.3705; .NET CLR 1.1.4322)" "www.casitamontana.com"
70.184.1.133 - - [01/Oct/2007:09:29:27 -0700] "GET /images/testimonials.png HTTP/1.1" 304 - "http://www.casitamontana.com/contact.html" "Mozilla/4.0 (compatible; MSIE 6.0; Windows NT 5.1; Hotbar 4.5.0.0; .NET CLR 1.0.3705; .NET CLR 1.1.4322)" "www.casitamontana.com"
70.184.1.133 - - [01/Oct/2007:09:29:27 -0700] "GET /images/maps.png HTTP/1.1" 304 - "http://www.casitamontana.com/contact.html" "Mozilla/4.0 (compatible; MSIE 6.0; Windows NT 5.1; Hotbar 4.5.0.0; .NET CLR 1.0.3705; .NET CLR 1.1.4322)" "www.casitamontana.com"
70.184.1.133 - - [01/Oct/2007:09:29:27 -0700] "GET /images/contact.png HTTP/1.1" 304 - "http://www.casitamontana.com/contact.html" "Mozilla/4.0 (compatible; MSIE 6.0; Windows NT 5.1; Hotbar 4.5.0.0; .NET CLR 1.0.3705; .NET CLR 1.1.4322)" "www.casitamontana.com"
70.184.1.133 - - [01/Oct/2007:09:29:27 -0700] "GET /images/about.png HTTP/1.1" 304 - "http://www.casitamontana.com/contact.html" "Mozilla/4.0 (compatible; MSIE 6.0; Windows NT 5.1; Hotbar 4.5.0.0; .NET CLR 1.0.3705; .NET CLR 1.1.4322)" "www.casitamontana.com"
70.184.1.133 - - [01/Oct/2007:09:29:27 -0700] "GET /images/privacy.png HTTP/1.1" 304 - "http://www.casitamontana.com/contact.html" "Mozilla/4.0 (compatible; MSIE 6.0; Windows NT 5.1; Hotbar 4.5.0.0; .NET CLR 1.0.3705; .NET CLR 1.1.4322)" "www.casitamontana.com"
70.184.1.133 - - [01/Oct/2007:09:31:46 -0700] "POST /mailForm.php HTTP/1.1" 302 5 "http://www.casitamontana.com/contact.html" "Mozilla/4.0 (compatible; MSIE 6.0; Windows NT 5.1; Hotbar 4.5.0.0; .NET CLR 1.0.3705; .NET CLR 1.1.4322)" "www.casitamontana.com"
70.184.1.133 - - [01/Oct/2007:09:31:46 -0700] "GET /formthanks.html HTTP/1.1" 200 2448 "http://www.casitamontana.com/contact.html" "Mozilla/4.0 (compatible; MSIE 6.0; Windows NT 5.1; Hotbar 4.5.0.0; .NET CLR 1.0.3705; .NET CLR 1.1.4322)" "www.casitamontana.com"
70.184.1.133 - - [01/Oct/2007:09:31:46 -0700] "GET /css/style.css HTTP/1.1" 304 - "http://www.casitamontana.com/formthanks.html" "Mozilla/4.0 (compatible; MSIE 6.0; Windows NT 5.1; Hotbar 4.5.0.0; .NET CLR 1.0.3705; .NET CLR 1.1.4322)" "www.casitamontana.com"
70.184.1.133 - - [01/Oct/2007:09:31:46 -0700] "GET /images/header.jpg HTTP/1.1" 304 - "http://www.casitamontana.com/formthanks.html" "Mozilla/4.0 (compatible; MSIE 6.0; Windows NT 5.1; Hotbar 4.5.0.0; .NET CLR 1.0.3705; .NET CLR 1.1.4322)" "www.casitamontana.com"
70.184.1.133 - - [01/Oct/2007:09:31:46 -0700] "GET /images/home.png HTTP/1.1" 304 - "http://www.casitamontana.com/formthanks.html" "Mozilla/4.0 (compatible; MSIE 6.0; Windows NT 5.1; Hotbar 4.5.0.0; .NET CLR 1.0.3705; .NET CLR 1.1.4322)" "www.casitamontana.com"
70.184.1.133 - - [01/Oct/2007:09:31:46 -0700] "GET /images/rooms.png HTTP/1.1" 304 - "http://www.casitamontana.com/formthanks.html" "Mozilla/4.0 (compatible; MSIE 6.0; Windows NT 5.1; Hotbar 4.5.0.0; .NET CLR 1.0.3705; .NET CLR 1.1.4322)" "www.casitamontana.com"
70.184.1.133 - - [01/Oct/2007:09:31:46 -0700] "GET /images/reservations.png HTTP/1.1" 304 - "http://www.casitamontana.com/formthanks.html" "Mozilla/4.0 (compatible; MSIE 6.0; Windows NT 5.1; Hotbar 4.5.0.0; .NET CLR 1.0.3705; .NET CLR 1.1.4322)" "www.casitamontana.com"
70.184.1.133 - - [01/Oct/2007:09:31:46 -0700] "GET /images/testimonials.png HTTP/1.1" 304 - "http://www.casitamontana.com/formthanks.html" "Mozilla/4.0 (compatible; MSIE 6.0; Windows NT 5.1; Hotbar 4.5.0.0; .NET CLR 1.0.3705; .NET CLR 1.1.4322)" "www.casitamontana.com"
70.184.1.133 - - [01/Oct/2007:09:31:46 -0700] "GET /images/maps.png HTTP/1.1" 304 - "http://www.casitamontana.com/formthanks.html" "Mozilla/4.0 (compatible; MSIE 6.0; Windows NT 5.1; Hotbar 4.5.0.0; .NET CLR 1.0.3705; .NET CLR 1.1.4322)" "www.casitamontana.com"
70.184.1.133 - - [01/Oct/2007:09:31:46 -0700] "GET /images/contact.png HTTP/1.1" 304 - "http://www.casitamontana.com/formthanks.html" "Mozilla/4.0 (compatible; MSIE 6.0; Windows NT 5.1; Hotbar 4.5.0.0; .NET CLR 1.0.3705; .NET CLR 1.1.4322)" "www.casitamontana.com"
70.184.1.133 - - [01/Oct/2007:09:31:46 -0700] "GET /images/about.png HTTP/1.1" 304 - "http://www.casitamontana.com/formthanks.html" "Mozilla/4.0 (compatible; MSIE 6.0; Windows NT 5.1; Hotbar 4.5.0.0; .NET CLR 1.0.3705; .NET CLR 1.1.4322)" "www.casitamontana.com"
70.184.1.133 - - [01/Oct/2007:09:31:46 -0700] "GET /images/privacy.png HTTP/1.1" 304 - "http://www.casitamontana.com/formthanks.html" "Mozilla/4.0 (compatible; MSIE 6.0; Windows NT 5.1; Hotbar 4.5.0.0; .NET CLR 1.0.3705; .NET CLR 1.1.4322)" "www.casitamontana.com"
70.184.1.133 - - [01/Oct/2007:09:31:59 -0700] "GET /maps.html HTTP/1.1" 200 2642 "http://www.casitamontana.com/formthanks.html" "Mozilla/4.0 (compatible; MSIE 6.0; Windows NT 5.1; Hotbar 4.5.0.0; .NET CLR 1.0.3705; .NET CLR 1.1.4322)" "www.casitamontana.com"
70.184.1.133 - - [01/Oct/2007:09:31:59 -0700] "GET /images/header.jpg HTTP/1.1" 304 - "http://www.casitamontana.com/maps.html" "Mozilla/4.0 (compatible; MSIE 6.0; Windows NT 5.1; Hotbar 4.5.0.0; .NET CLR 1.0.3705; .NET CLR 1.1.4322)" "www.casitamontana.com"
70.184.1.133 - - [01/Oct/2007:09:31:59 -0700] "GET /css/style.css HTTP/1.1" 304 - "http://www.casitamontana.com/maps.html" "Mozilla/4.0 (compatible; MSIE 6.0; Windows NT 5.1; Hotbar 4.5.0.0; .NET CLR 1.0.3705; .NET CLR 1.1.4322)" "www.casitamontana.com"
70.184.1.133 - - [01/Oct/2007:09:32:00 -0700] "GET /images/home.png HTTP/1.1" 304 - "http://www.casitamontana.com/maps.html" "Mozilla/4.0 (compatible; MSIE 6.0; Windows NT 5.1; Hotbar 4.5.0.0; .NET CLR 1.0.3705; .NET CLR 1.1.4322)" "www.casitamontana.com"
70.184.1.133 - - [01/Oct/2007:09:32:00 -0700] "GET /images/rooms.png HTTP/1.1" 304 - "http://www.casitamontana.com/maps.html" "Mozilla/4.0 (compatible; MSIE 6.0; Windows NT 5.1; Hotbar 4.5.0.0; .NET CLR 1.0.3705; .NET CLR 1.1.4322)" "www.casitamontana.com"
70.184.1.133 - - [01/Oct/2007:09:32:00 -0700] "GET /images/reservations.png HTTP/1.1" 304 - "http://www.casitamontana.com/maps.html" "Mozilla/4.0 (compatible; MSIE 6.0; Windows NT 5.1; Hotbar 4.5.0.0; .NET CLR 1.0.3705; .NET CLR 1.1.4322)" "www.casitamontana.com"
70.184.1.133 - - [01/Oct/2007:09:32:00 -0700] "GET /images/testimonials.png HTTP/1.1" 304 - "http://www.casitamontana.com/maps.html" "Mozilla/4.0 (compatible; MSIE 6.0; Windows NT 5.1; Hotbar 4.5.0.0; .NET CLR 1.0.3705; .NET CLR 1.1.4322)" "www.casitamontana.com"
70.184.1.133 - - [01/Oct/2007:09:32:00 -0700] "GET /images/maps.png HTTP/1.1" 304 - "http://www.casitamontana.com/maps.html" "Mozilla/4.0 (compatible; MSIE 6.0; Windows NT 5.1; Hotbar 4.5.0.0; .NET CLR 1.0.3705; .NET CLR 1.1.4322)" "www.casitamontana.com"
70.184.1.133 - - [01/Oct/2007:09:32:00 -0700] "GET /images/contact.png HTTP/1.1" 304 - "http://www.casitamontana.com/maps.html" "Mozilla/4.0 (compatible; MSIE 6.0; Windows NT 5.1; Hotbar 4.5.0.0; .NET CLR 1.0.3705; .NET CLR 1.1.4322)" "www.casitamontana.com"
70.184.1.133 - - [01/Oct/2007:09:32:00 -0700] "GET /images/privacy.png HTTP/1.1" 304 - "http://www.casitamontana.com/maps.html" "Mozilla/4.0 (compatible; MSIE 6.0; Windows NT 5.1; Hotbar 4.5.0.0; .NET CLR 1.0.3705; .NET CLR 1.1.4322)" "www.casitamontana.com"
70.184.1.133 - - [01/Oct/2007:09:32:00 -0700] "GET /images/about.png HTTP/1.1" 304 - "http://www.casitamontana.com/maps.html" "Mozilla/4.0 (compatible; MSIE 6.0; Windows NT 5.1; Hotbar 4.5.0.0; .NET CLR 1.0.3705; .NET CLR 1.1.4322)" "www.casitamontana.com"
70.184.1.133 - - [01/Oct/2007:09:32:00 -0700] "GET /images/ajijic_map.jpg HTTP/1.1" 200 223169 "http://www.casitamontana.com/maps.html" "Mozilla/4.0 (compatible; MSIE 6.0; Windows NT 5.1; Hotbar 4.5.0.0; .NET CLR 1.0.3705; .NET CLR 1.1.4322)" "www.casitamontana.com"
70.184.1.133 - - [01/Oct/2007:09:32:45 -0700] "GET /css/style.css HTTP/1.1" 304 - "-" "Mozilla/4.0 (compatible; MSIE 6.0; Windows NT 5.1; Hotbar 4.5.0.0; .NET CLR 1.0.3705; .NET CLR 1.1.4322)" "www.casitamontana.com"
70.184.1.133 - - [01/Oct/2007:09:32:45 -0700] "GET /images/header.jpg HTTP/1.1" 304 - "-" "Mozilla/4.0 (compatible; MSIE 6.0; Windows NT 5.1; Hotbar 4.5.0.0; .NET CLR 1.0.3705; .NET CLR 1.1.4322)" "www.casitamontana.com"
70.184.1.133 - - [01/Oct/2007:09:32:45 -0700] "GET /images/home.png HTTP/1.1" 304 - "-" "Mozilla/4.0 (compatible; MSIE 6.0; Windows NT 5.1; Hotbar 4.5.0.0; .NET CLR 1.0.3705; .NET CLR 1.1.4322)" "www.casitamontana.com"
70.184.1.133 - - [01/Oct/2007:09:32:45 -0700] "GET /images/rooms.png HTTP/1.1" 304 - "-" "Mozilla/4.0 (compatible; MSIE 6.0; Windows NT 5.1; Hotbar 4.5.0.0; .NET CLR 1.0.3705; .NET CLR 1.1.4322)" "www.casitamontana.com"
70.184.1.133 - - [01/Oct/2007:09:32:45 -0700] "GET /images/testimonials.png HTTP/1.1" 304 - "-" "Mozilla/4.0 (compatible; MSIE 6.0; Windows NT 5.1; Hotbar 4.5.0.0; .NET CLR 1.0.3705; .NET CLR 1.1.4322)" "www.casitamontana.com"
70.184.1.133 - - [01/Oct/2007:09:32:45 -0700] "GET /images/reservations.png HTTP/1.1" 304 - "-" "Mozilla/4.0 (compatible; MSIE 6.0; Windows NT 5.1; Hotbar 4.5.0.0; .NET CLR 1.0.3705; .NET CLR 1.1.4322)" "www.casitamontana.com"
70.184.1.133 - - [01/Oct/2007:09:32:45 -0700] "GET /images/maps.png HTTP/1.1" 304 - "-" "Mozilla/4.0 (compatible; MSIE 6.0; Windows NT 5.1; Hotbar 4.5.0.0; .NET CLR 1.0.3705; .NET CLR 1.1.4322)" "www.casitamontana.com"
70.184.1.133 - - [01/Oct/2007:09:32:45 -0700] "GET /images/contact.png HTTP/1.1" 304 - "-" "Mozilla/4.0 (compatible; MSIE 6.0; Windows NT 5.1; Hotbar 4.5.0.0; .NET CLR 1.0.3705; .NET CLR 1.1.4322)" "www.casitamontana.com"
70.184.1.133 - - [01/Oct/2007:09:32:45 -0700] "GET /images/about.png HTTP/1.1" 304 - "-" "Mozilla/4.0 (compatible; MSIE 6.0; Windows NT 5.1; Hotbar 4.5.0.0; .NET CLR 1.0.3705; .NET CLR 1.1.4322)" "www.casitamontana.com"
70.184.1.133 - - [01/Oct/2007:09:32:45 -0700] "GET /images/privacy.png HTTP/1.1" 304 - "-" "Mozilla/4.0 (compatible; MSIE 6.0; Windows NT 5.1; Hotbar 4.5.0.0; .NET CLR 1.0.3705; .NET CLR 1.1.4322)" "www.casitamontana.com"
70.184.1.133 - - [01/Oct/2007:09:32:46 -0700] "GET /images/ajijic_map.jpg HTTP/1.1" 304 - "-" "Mozilla/4.0 (compatible; MSIE 6.0; Windows NT 5.1; Hotbar 4.5.0.0; .NET CLR 1.0.3705; .NET CLR 1.1.4322)" "www.casitamontana.com"
70.184.1.133 - - [01/Oct/2007:09:33:21 -0700] "GET /map1.html HTTP/1.1" 200 2748 "http://www.casitamontana.com/maps.html" "Mozilla/4.0 (compatible; MSIE 6.0; Windows NT 5.1; Hotbar 4.5.0.0; .NET CLR 1.0.3705; .NET CLR 1.1.4322)" "www.casitamontana.com"
70.184.1.133 - - [01/Oct/2007:09:33:21 -0700] "GET /map1.html HTTP/1.1" 200 2748 "http://www.casitamontana.com/maps.html" "Mozilla/4.0 (compatible; MSIE 6.0; Windows NT 5.1; Hotbar 4.5.0.0; .NET CLR 1.0.3705; .NET CLR 1.1.4322)" "www.casitamontana.com"
70.184.1.133 - - [01/Oct/2007:09:33:21 -0700] "GET /css/style.css HTTP/1.1" 304 - "http://www.casitamontana.com/map1.html" "Mozilla/4.0 (compatible; MSIE 6.0; Windows NT 5.1; Hotbar 4.5.0.0; .NET CLR 1.0.3705; .NET CLR 1.1.4322)" "www.casitamontana.com"
70.184.1.133 - - [01/Oct/2007:09:33:21 -0700] "GET /images/header.jpg HTTP/1.1" 304 - "http://www.casitamontana.com/map1.html" "Mozilla/4.0 (compatible; MSIE 6.0; Windows NT 5.1; Hotbar 4.5.0.0; .NET CLR 1.0.3705; .NET CLR 1.1.4322)" "www.casitamontana.com"
70.184.1.133 - - [01/Oct/2007:09:33:21 -0700] "GET /images/home.png HTTP/1.1" 304 - "http://www.casitamontana.com/map1.html" "Mozilla/4.0 (compatible; MSIE 6.0; Windows NT 5.1; Hotbar 4.5.0.0; .NET CLR 1.0.3705; .NET CLR 1.1.4322)" "www.casitamontana.com"
70.184.1.133 - - [01/Oct/2007:09:33:21 -0700] "GET /images/rooms.png HTTP/1.1" 304 - "http://www.casitamontana.com/map1.html" "Mozilla/4.0 (compatible; MSIE 6.0; Windows NT 5.1; Hotbar 4.5.0.0; .NET CLR 1.0.3705; .NET CLR 1.1.4322)" "www.casitamontana.com"
70.184.1.133 - - [01/Oct/2007:09:33:21 -0700] "GET /images/testimonials.png HTTP/1.1" 304 - "http://www.casitamontana.com/map1.html" "Mozilla/4.0 (compatible; MSIE 6.0; Windows NT 5.1; Hotbar 4.5.0.0; .NET CLR 1.0.3705; .NET CLR 1.1.4322)" "www.casitamontana.com"
70.184.1.133 - - [01/Oct/2007:09:33:21 -0700] "GET /images/reservations.png HTTP/1.1" 304 - "http://www.casitamontana.com/map1.html" "Mozilla/4.0 (compatible; MSIE 6.0; Windows NT 5.1; Hotbar 4.5.0.0; .NET CLR 1.0.3705; .NET CLR 1.1.4322)" "www.casitamontana.com"
70.184.1.133 - - [01/Oct/2007:09:33:21 -0700] "GET /images/maps.png HTTP/1.1" 304 - "http://www.casitamontana.com/map1.html" "Mozilla/4.0 (compatible; MSIE 6.0; Windows NT 5.1; Hotbar 4.5.0.0; .NET CLR 1.0.3705; .NET CLR 1.1.4322)" "www.casitamontana.com"
70.184.1.133 - - [01/Oct/2007:09:33:21 -0700] "GET /images/contact.png HTTP/1.1" 304 - "http://www.casitamontana.com/map1.html" "Mozilla/4.0 (compatible; MSIE 6.0; Windows NT 5.1; Hotbar 4.5.0.0; .NET CLR 1.0.3705; .NET CLR 1.1.4322)" "www.casitamontana.com"
70.184.1.133 - - [01/Oct/2007:09:33:21 -0700] "GET /images/about.png HTTP/1.1" 304 - "http://www.casitamontana.com/map1.html" "Mozilla/4.0 (compatible; MSIE 6.0; Windows NT 5.1; Hotbar 4.5.0.0; .NET CLR 1.0.3705; .NET CLR 1.1.4322)" "www.casitamontana.com"
70.184.1.133 - - [01/Oct/2007:09:33:21 -0700] "GET /images/privacy.png HTTP/1.1" 304 - "http://www.casitamontana.com/map1.html" "Mozilla/4.0 (compatible; MSIE 6.0; Windows NT 5.1; Hotbar 4.5.0.0; .NET CLR 1.0.3705; .NET CLR 1.1.4322)" "www.casitamontana.com"
70.184.1.133 - - [01/Oct/2007:09:33:22 -0700] "GET /images/airport_map.jpg HTTP/1.1" 200 66824 "http://www.casitamontana.com/map1.html" "Mozilla/4.0 (compatible; MSIE 6.0; Windows NT 5.1; Hotbar 4.5.0.0; .NET CLR 1.0.3705; .NET CLR 1.1.4322)" "www.casitamontana.com"
70.184.1.133 - - [01/Oct/2007:09:33:29 -0700] "GET /css/style.css HTTP/1.1" 304 - "-" "Mozilla/4.0 (compatible; MSIE 6.0; Windows NT 5.1; Hotbar 4.5.0.0; .NET CLR 1.0.3705; .NET CLR 1.1.4322)" "www.casitamontana.com"
70.184.1.133 - - [01/Oct/2007:09:33:29 -0700] "GET /images/header.jpg HTTP/1.1" 304 - "-" "Mozilla/4.0 (compatible; MSIE 6.0; Windows NT 5.1; Hotbar 4.5.0.0; .NET CLR 1.0.3705; .NET CLR 1.1.4322)" "www.casitamontana.com"
70.184.1.133 - - [01/Oct/2007:09:33:29 -0700] "GET /images/home.png HTTP/1.1" 304 - "-" "Mozilla/4.0 (compatible; MSIE 6.0; Windows NT 5.1; Hotbar 4.5.0.0; .NET CLR 1.0.3705; .NET CLR 1.1.4322)" "www.casitamontana.com"
70.184.1.133 - - [01/Oct/2007:09:33:29 -0700] "GET /images/rooms.png HTTP/1.1" 304 - "-" "Mozilla/4.0 (compatible; MSIE 6.0; Windows NT 5.1; Hotbar 4.5.0.0; .NET CLR 1.0.3705; .NET CLR 1.1.4322)" "www.casitamontana.com"
70.184.1.133 - - [01/Oct/2007:09:33:29 -0700] "GET /images/testimonials.png HTTP/1.1" 304 - "-" "Mozilla/4.0 (compatible; MSIE 6.0; Windows NT 5.1; Hotbar 4.5.0.0; .NET CLR 1.0.3705; .NET CLR 1.1.4322)" "www.casitamontana.com"
70.184.1.133 - - [01/Oct/2007:09:33:29 -0700] "GET /images/reservations.png HTTP/1.1" 304 - "-" "Mozilla/4.0 (compatible; MSIE 6.0; Windows NT 5.1; Hotbar 4.5.0.0; .NET CLR 1.0.3705; .NET CLR 1.1.4322)" "www.casitamontana.com"
70.184.1.133 - - [01/Oct/2007:09:33:29 -0700] "GET /images/maps.png HTTP/1.1" 304 - "-" "Mozilla/4.0 (compatible; MSIE 6.0; Windows NT 5.1; Hotbar 4.5.0.0; .NET CLR 1.0.3705; .NET CLR 1.1.4322)" "www.casitamontana.com"
70.184.1.133 - - [01/Oct/2007:09:33:29 -0700] "GET /images/contact.png HTTP/1.1" 304 - "-" "Mozilla/4.0 (compatible; MSIE 6.0; Windows NT 5.1; Hotbar 4.5.0.0; .NET CLR 1.0.3705; .NET CLR 1.1.4322)" "www.casitamontana.com"
70.184.1.133 - - [01/Oct/2007:09:33:29 -0700] "GET /images/about.png HTTP/1.1" 304 - "-" "Mozilla/4.0 (compatible; MSIE 6.0; Windows NT 5.1; Hotbar 4.5.0.0; .NET CLR 1.0.3705; .NET CLR 1.1.4322)" "www.casitamontana.com"
70.184.1.133 - - [01/Oct/2007:09:33:29 -0700] "GET /images/privacy.png HTTP/1.1" 304 - "-" "Mozilla/4.0 (compatible; MSIE 6.0; Windows NT 5.1; Hotbar 4.5.0.0; .NET CLR 1.0.3705; .NET CLR 1.1.4322)" "www.casitamontana.com"
70.184.1.133 - - [01/Oct/2007:09:33:29 -0700] "GET /images/airport_map.jpg HTTP/1.1" 304 - "-" "Mozilla/4.0 (compatible; MSIE 6.0; Windows NT 5.1; Hotbar 4.5.0.0; .NET CLR 1.0.3705; .NET CLR 1.1.4322)" "www.casitamontana.com"
64.136.27.229 - - [01/Oct/2007:09:35:35 -0700] "GET / HTTP/1.1" 200 3956 "http://www.websearch.com/search/results.aspx?qkw=Lake%20Chapala%2C%20Mexico&tbid=50099" "Mozilla/4.0 (compatible; MSIE 6.0; Windows NT 5.1; DigExt; FunWebProducts; .NET CLR 1.1.4322)" "www.casitamontana.com"
64.136.27.229 - - [01/Oct/2007:09:35:36 -0700] "GET /favicon.ico HTTP/1.1" 404 275 "http://www.casitamontana.com/" "Mozilla/4.0 (compatible; MSIE 6.0; Windows NT 5.1; DigExt; FunWebProducts; .NET CLR 1.1.4322)" "www.casitamontana.com"
64.136.27.229 - - [01/Oct/2007:09:35:36 -0700] "GET /images/privacy.png HTTP/1.1" 200 457 "http://www.casitamontana.com/" "Mozilla/4.0 (compatible; MSIE 6.0; Windows NT 5.1; DigExt; FunWebProducts; .NET CLR 1.1.4322)" "www.casitamontana.com"
64.136.27.229 - - [01/Oct/2007:09:35:36 -0700] "GET /images/home.png HTTP/1.1" 200 428 "http://www.casitamontana.com/" "Mozilla/4.0 (compatible; MSIE 6.0; Windows NT 5.1; DigExt; FunWebProducts; .NET CLR 1.1.4322)" "www.casitamontana.com"
64.136.27.229 - - [01/Oct/2007:09:35:36 -0700] "GET /images/reservations.png HTTP/1.1" 200 520 "http://www.casitamontana.com/" "Mozilla/4.0 (compatible; MSIE 6.0; Windows NT 5.1; DigExt; FunWebProducts; .NET CLR 1.1.4322)" "www.casitamontana.com"
64.136.27.229 - - [01/Oct/2007:09:35:36 -0700] "GET /images/maps.png HTTP/1.1" 200 439 "http://www.casitamontana.com/" "Mozilla/4.0 (compatible; MSIE 6.0; Windows NT 5.1; DigExt; FunWebProducts; .NET CLR 1.1.4322)" "www.casitamontana.com"
64.136.27.229 - - [01/Oct/2007:09:35:36 -0700] "GET /images/testimonials.png HTTP/1.1" 200 6611 "http://www.casitamontana.com/" "Mozilla/4.0 (compatible; MSIE 6.0; Windows NT 5.1; DigExt; FunWebProducts; .NET CLR 1.1.4322)" "www.casitamontana.com"
64.136.27.229 - - [01/Oct/2007:09:35:36 -0700] "GET /images/rooms.png HTTP/1.1" 200 447 "http://www.casitamontana.com/" "Mozilla/4.0 (compatible; MSIE 6.0; Windows NT 5.1; DigExt; FunWebProducts; .NET CLR 1.1.4322)" "www.casitamontana.com"
64.136.27.229 - - [01/Oct/2007:09:35:36 -0700] "GET /images/about.png HTTP/1.1" 200 471 "http://www.casitamontana.com/" "Mozilla/4.0 (compatible; MSIE 6.0; Windows NT 5.1; DigExt; FunWebProducts; .NET CLR 1.1.4322)" "www.casitamontana.com"
64.136.27.229 - - [01/Oct/2007:09:35:36 -0700] "GET /images/contact.png HTTP/1.1" 200 493 "http://www.casitamontana.com/" "Mozilla/4.0 (compatible; MSIE 6.0; Windows NT 5.1; DigExt; FunWebProducts; .NET CLR 1.1.4322)" "www.casitamontana.com"
64.136.27.229 - - [01/Oct/2007:09:35:36 -0700] "GET /images/header.jpg HTTP/1.1" 200 126755 "http://www.casitamontana.com/" "Mozilla/4.0 (compatible; MSIE 6.0; Windows NT 5.1; DigExt; FunWebProducts; .NET CLR 1.1.4322)" "www.casitamontana.com"
64.136.27.229 - - [01/Oct/2007:09:35:37 -0700] "GET /css/style.css HTTP/1.1" 200 515 "-" "Mozilla/4.0 (compatible; MSIE 6.0; Windows NT 5.1; DigExt; FunWebProducts; .NET CLR 1.1.4322)" "www.casitamontana.com"
70.184.1.133 - - [01/Oct/2007:09:35:52 -0700] "GET /rooms.html HTTP/1.1" 304 - "http://www.casitamontana.com/map1.html" "Mozilla/4.0 (compatible; MSIE 6.0; Windows NT 5.1; Hotbar 4.5.0.0; .NET CLR 1.0.3705; .NET CLR 1.1.4322)" "www.casitamontana.com"
70.184.1.133 - - [01/Oct/2007:09:35:52 -0700] "GET /css/style.css HTTP/1.1" 304 - "http://www.casitamontana.com/rooms.html" "Mozilla/4.0 (compatible; MSIE 6.0; Windows NT 5.1; Hotbar 4.5.0.0; .NET CLR 1.0.3705; .NET CLR 1.1.4322)" "www.casitamontana.com"
70.184.1.133 - - [01/Oct/2007:09:35:52 -0700] "GET /images/header.jpg HTTP/1.1" 304 - "http://www.casitamontana.com/rooms.html" "Mozilla/4.0 (compatible; MSIE 6.0; Windows NT 5.1; Hotbar 4.5.0.0; .NET CLR 1.0.3705; .NET CLR 1.1.4322)" "www.casitamontana.com"
70.184.1.133 - - [01/Oct/2007:09:35:52 -0700] "GET /images/home.png HTTP/1.1" 304 - "http://www.casitamontana.com/rooms.html" "Mozilla/4.0 (compatible; MSIE 6.0; Windows NT 5.1; Hotbar 4.5.0.0; .NET CLR 1.0.3705; .NET CLR 1.1.4322)" "www.casitamontana.com"
70.184.1.133 - - [01/Oct/2007:09:35:52 -0700] "GET /images/rooms.png HTTP/1.1" 304 - "http://www.casitamontana.com/rooms.html" "Mozilla/4.0 (compatible; MSIE 6.0; Windows NT 5.1; Hotbar 4.5.0.0; .NET CLR 1.0.3705; .NET CLR 1.1.4322)" "www.casitamontana.com"
70.184.1.133 - - [01/Oct/2007:09:35:52 -0700] "GET /images/testimonials.png HTTP/1.1" 304 - "http://www.casitamontana.com/rooms.html" "Mozilla/4.0 (compatible; MSIE 6.0; Windows NT 5.1; Hotbar 4.5.0.0; .NET CLR 1.0.3705; .NET CLR 1.1.4322)" "www.casitamontana.com"
